CRAN Package Check Results for Package AquaEnv

Last updated on 2014-04-24 05:47:18.

Flavor Version Tinstall Tcheck Ttotal Status Flags
r-devel-linux-x86_64-debian-clang 1.0-3 1.15 19.72 20.86 NOTE
r-devel-linux-x86_64-debian-gcc 1.0-3 1.06 19.22 20.27 NOTE
r-devel-linux-x86_64-fedora-clang 1.0-3 66.82 NOTE
r-devel-linux-x86_64-fedora-gcc 1.0-3 64.09 NOTE
r-devel-osx-x86_64-clang 1.0-3 37.65 NOTE
r-devel-osx-x86_64-gcc 1.0-3 NOTE
r-devel-windows-ix86+x86_64 1.0-3 3.00 30.00 33.00 NOTE
r-patched-linux-x86_64 1.0-3 1.04 18.94 19.98 NOTE
r-patched-solaris-sparc 1.0-3 214.20 NOTE
r-patched-solaris-x86 1.0-3 53.10 NOTE
r-release-linux-ix86 1.0-3 2.00 35.00 37.00 NOTE
r-release-linux-x86_64 1.0-3 1.05 19.02 20.07 NOTE
r-release-osx-x86_64-mavericks 1.0-3 NOTE
r-release-windows-ix86+x86_64 1.0-3 7.00 45.00 52.00 NOTE
r-oldrel-windows-ix86+x86_64 1.0-3 3.00 33.00 36.00 NOTE

Check Details

Version: 1.0-3
Check: dependencies in R code
Result: NOTE
    Packages in Depends field not imported from:
     ‘deSolve’ ‘minpack.lm’
     These packages need to be imported from (in the NAMESPACE file)
     for when this namespace is loaded but not attached.
    See the information on DESCRIPTION files in the chapter ‘Creating R
    packages’ of the ‘Writing R Extensions’ manual.
Flavors: r-devel-linux-x86_64-debian-clang, r-devel-linux-x86_64-debian-gcc, r-devel-linux-x86_64-fedora-clang, r-devel-linux-x86_64-fedora-gcc, r-devel-osx-x86_64-clang, r-devel-osx-x86_64-gcc, r-devel-windows-ix86+x86_64, r-patched-linux-x86_64, r-patched-solaris-sparc, r-patched-solaris-x86, r-release-linux-ix86, r-release-linux-x86_64, r-release-osx-x86_64-mavericks, r-release-windows-ix86+x86_64, r-oldrel-windows-ix86+x86_64

Version: 1.0-3
Check: R code for possible problems
Result: NOTE
    Found an obsolete/platform-specific call in the following function:
     ‘opendevice’
    Found the platform-specific device:
     ‘x11’
    dev.new() is the preferred way to open a new device, in the unlikely
    event one is needed.
Flavors: r-devel-linux-x86_64-debian-clang, r-devel-linux-x86_64-debian-gcc, r-devel-linux-x86_64-fedora-clang, r-devel-linux-x86_64-fedora-gcc, r-devel-osx-x86_64-clang, r-patched-linux-x86_64, r-patched-solaris-sparc, r-patched-solaris-x86, r-release-linux-ix86, r-release-linux-x86_64

Version: 1.0-3
Check: Rd line widths
Result: NOTE
    Rd file 'aquaenv.Rd':
     \usage lines wider than 90 characters:
     k_hf=NULL, k1k2="roy", khf="dickson", khso4="dickson", fCO2atm=0.000390, fO2atm=0.20946)
    
    These lines will be truncated in the PDF manual.
Flavors: r-devel-linux-x86_64-fedora-clang, r-devel-linux-x86_64-fedora-gcc