CRAN Package Check Results for Package BHH2

Last updated on 2015-07-28 09:46:53.

Flavor Version Tinstall Tcheck Ttotal Status Flags
r-devel-linux-x86_64-debian-clang 2015.06.25 0.64 14.93 15.56 NOTE
r-devel-linux-x86_64-debian-gcc 2015.06.25 0.62 14.18 14.80 NOTE
r-devel-linux-x86_64-fedora-clang 2015.06.25 29.06 NOTE
r-devel-linux-x86_64-fedora-gcc 2015.06.25 29.80 NOTE
r-devel-osx-x86_64-clang 2015.06.25 31.08 OK
r-devel-windows-ix86+x86_64 2015.06.25 3.00 26.00 29.00 NOTE
r-patched-linux-x86_64 2015.06.25 0.69 15.46 16.15 OK
r-patched-solaris-sparc 2015.06.25 193.30 OK
r-patched-solaris-x86 2015.06.25 40.60 OK
r-release-linux-x86_64 2015.06.25 0.68 14.47 15.15 OK
r-release-osx-x86_64-mavericks 2015.06.25 OK
r-release-windows-ix86+x86_64 2015.06.25 5.00 26.00 31.00 OK
r-oldrel-windows-ix86+x86_64 2015.06.25 4.00 28.00 32.00 OK

Check Details

Version: 2015.06.25
Check: R code for possible problems
Result: NOTE
    anovaPlot: no visible global function definition for ‘par’
    anovaPlot: no visible global function definition for ‘model.tables’
    anovaPlot: no visible global function definition for ‘resid’
    anovaPlot: no visible global function definition for ‘anova’
    anovaPlot: no visible global function definition for ‘plot’
    anovaPlot: no visible global function definition for ‘text’
    anovaPlot: no visible global function definition for ‘axis’
    anovaPlot: no visible global function definition for ‘mtext’
    dotPlot: no visible global function definition for ‘par’
    dotPlot: no visible global function definition for ‘plot’
    dotPlot: no visible global function definition for ‘axis’
    dotPlot: no visible global function definition for ‘strheight’
    dots: no visible global function definition for ‘par’
    dots: no visible global function definition for ‘strwidth’
    dots: no visible global function definition for ‘strheight’
    dots: no visible global function definition for ‘text’
    dots: no visible global function definition for ‘points’
    dots: no visible global function definition for ‘segments’
    lambdaPlot: no visible global function definition for ‘par’
    lambdaPlot: no visible global function definition for ‘as.formula’
    lambdaPlot: no visible global function definition for ‘lm’
    lambdaPlot: no visible global function definition for ‘anova’
    lambdaPlot: no visible global function definition for ‘plot’
    lambdaPlot: no visible global function definition for ‘lines’
    lambdaPlot: no visible global function definition for ‘text’
    lambdaPlot: no visible global function definition for ‘coef’
    permtest: no visible global function definition for ‘var’
    permtest: no visible global function definition for ‘pt’
    permtest: no visible global function definition for ‘pf’
    Undefined global functions or variables:
     anova as.formula axis coef lines lm model.tables mtext par pf plot
     points pt resid segments strheight strwidth text var
    Consider adding
     importFrom("graphics", "axis", "lines", "mtext", "par", "plot",
     "points", "segments", "strheight", "strwidth", "text")
     importFrom("stats", "anova", "as.formula", "coef", "lm",
     "model.tables", "pf", "pt", "resid", "var")
    to your NAMESPACE.
Flavors: r-devel-linux-x86_64-debian-clang, r-devel-linux-x86_64-debian-gcc, r-devel-linux-x86_64-fedora-clang, r-devel-linux-x86_64-fedora-gcc, r-devel-windows-ix86+x86_64