CRAN Package Check Results for Package BHH2

Last updated on 2015-03-31 03:48:24.

Flavor Version Tinstall Tcheck Ttotal Status Flags
r-devel-linux-x86_64-debian-clang 2012.04-0 0.72 14.40 15.12 NOTE
r-devel-linux-x86_64-debian-gcc 2012.04-0 0.74 14.87 15.61 NOTE
r-devel-linux-x86_64-fedora-clang 2012.04-0 30.80 NOTE
r-devel-linux-x86_64-fedora-gcc 2012.04-0 29.76 NOTE
r-devel-osx-x86_64-clang 2012.04-0 40.56 NOTE
r-prerel-windows-ix86+x86_64 2012.04-0 7.00 25.00 32.00 NOTE
r-prerel-linux-x86_64 2012.04-0 0.70 15.02 15.73 NOTE
r-prerel-solaris-sparc 2012.04-0 209.50 NOTE
r-prerel-solaris-x86 2012.04-0 40.40 NOTE
r-release-linux-x86_64 2012.04-0 0.76 15.46 16.21 OK
r-release-osx-x86_64-mavericks 2012.04-0 OK
r-release-windows-ix86+x86_64 2012.04-0 3.00 27.00 30.00 OK
r-oldrel-windows-ix86+x86_64 2012.04-0 4.00 28.00 32.00 OK

Check Details

Version: 2012.04-0
Check: DESCRIPTION meta-information
Result: NOTE
    Malformed Description field: should contain one or more complete sentences.
Flavors: r-devel-linux-x86_64-debian-clang, r-devel-linux-x86_64-debian-gcc, r-devel-linux-x86_64-fedora-clang, r-devel-linux-x86_64-fedora-gcc, r-devel-osx-x86_64-clang, r-prerel-windows-ix86+x86_64, r-prerel-linux-x86_64, r-prerel-solaris-sparc, r-prerel-solaris-x86