CRAN Package Check Results for Package BHH2

Last updated on 2015-04-20 07:49:11.

Flavor Version Tinstall Tcheck Ttotal Status Flags
r-devel-linux-x86_64-debian-clang 2012.04-0 0.73 15.25 15.98 NOTE
r-devel-linux-x86_64-debian-gcc 2012.04-0 0.70 14.84 15.54 NOTE
r-devel-linux-x86_64-fedora-clang 2012.04-0 30.57 NOTE
r-devel-linux-x86_64-fedora-gcc 2012.04-0 33.66 NOTE
r-devel-osx-x86_64-clang 2012.04-0 36.71 NOTE
r-devel-windows-ix86+x86_64 2012.04-0 4.00 25.00 29.00 NOTE
r-patched-linux-x86_64 2012.04-0 0.74 14.97 15.72 NOTE
r-patched-solaris-sparc 2012.04-0 209.50 NOTE
r-patched-solaris-x86 2012.04-0 38.60 NOTE
r-release-linux-x86_64 2012.04-0 0.70 14.80 15.49 NOTE
r-release-osx-x86_64-mavericks 2012.04-0 NOTE
r-release-osx-x86_64-snowleopard 2012.04-0 NOTE
r-release-windows-ix86+x86_64 2012.04-0 2.00 21.00 23.00 NOTE
r-oldrel-windows-ix86+x86_64 2012.04-0 3.00 25.00 28.00 OK

Check Details

Version: 2012.04-0
Check: DESCRIPTION meta-information
Result: NOTE
    Malformed Description field: should contain one or more complete sentences.
Flavors: r-devel-linux-x86_64-debian-clang, r-devel-linux-x86_64-debian-gcc, r-devel-linux-x86_64-fedora-clang, r-devel-linux-x86_64-fedora-gcc, r-devel-osx-x86_64-clang, r-devel-windows-ix86+x86_64, r-patched-linux-x86_64, r-patched-solaris-sparc, r-patched-solaris-x86, r-release-linux-x86_64, r-release-osx-x86_64-mavericks, r-release-osx-x86_64-snowleopard, r-release-windows-ix86+x86_64

Version: 2012.04-0
Check: package dependencies
Result: NOTE
    Package suggested but not available for checking: ‘FrF2’
Flavor: r-release-osx-x86_64-snowleopard

Version: 2012.04-0
Check: Rd cross-references
Result: NOTE
    Package unavailable to check Rd xrefs: ‘FrF2’
Flavor: r-release-osx-x86_64-snowleopard