CRAN Package Check Results for Package BHH2

Last updated on 2015-05-28 07:48:48.

Flavor Version Tinstall Tcheck Ttotal Status Flags
r-devel-linux-x86_64-debian-clang 2012.04-0 0.72 14.54 15.26 NOTE
r-devel-linux-x86_64-debian-gcc 2012.04-0 0.70 14.39 15.10 NOTE
r-devel-linux-x86_64-fedora-clang 2012.04-0 30.61 NOTE
r-devel-linux-x86_64-fedora-gcc 2012.04-0 29.39 NOTE
r-devel-osx-x86_64-clang 2012.04-0 36.73 NOTE
r-devel-windows-ix86+x86_64 2012.04-0 3.00 25.00 28.00 NOTE
r-patched-linux-x86_64 2012.04-0 0.70 13.96 14.66 NOTE
r-patched-solaris-sparc 2012.04-0 189.00 NOTE
r-patched-solaris-x86 2012.04-0 40.20 NOTE
r-release-linux-x86_64 2012.04-0 0.78 14.56 15.34 NOTE
r-release-osx-x86_64-mavericks 2012.04-0 NOTE
r-release-osx-x86_64-snowleopard 2012.04-0 NOTE
r-release-windows-ix86+x86_64 2012.04-0 3.00 25.00 28.00 NOTE
r-oldrel-windows-ix86+x86_64 2012.04-0 4.00 27.00 31.00 OK

Check Details

Version: 2012.04-0
Check: DESCRIPTION meta-information
Result: NOTE
    Malformed Description field: should contain one or more complete sentences.
Flavors: r-devel-linux-x86_64-debian-clang, r-devel-linux-x86_64-debian-gcc, r-devel-linux-x86_64-fedora-clang, r-devel-linux-x86_64-fedora-gcc, r-devel-osx-x86_64-clang, r-devel-windows-ix86+x86_64, r-patched-linux-x86_64, r-patched-solaris-sparc, r-patched-solaris-x86, r-release-linux-x86_64, r-release-osx-x86_64-mavericks, r-release-osx-x86_64-snowleopard, r-release-windows-ix86+x86_64

Version: 2012.04-0
Check: package dependencies
Result: NOTE
    Package suggested but not available for checking: ‘FrF2’
Flavor: r-release-osx-x86_64-snowleopard

Version: 2012.04-0
Check: Rd cross-references
Result: NOTE
    Package unavailable to check Rd xrefs: ‘FrF2’
Flavor: r-release-osx-x86_64-snowleopard