CRAN Package Check Results for Package FRB

Last updated on 2014-04-23 07:54:59.

Flavor Version Tinstall Tcheck Ttotal Status Flags
r-devel-linux-x86_64-debian-clang 1.8 1.83 96.71 98.54 NOTE
r-devel-linux-x86_64-debian-gcc 1.8 1.80 96.72 98.52 NOTE
r-devel-linux-x86_64-fedora-clang 1.8 203.00 NOTE
r-devel-linux-x86_64-fedora-gcc 1.8 196.21 NOTE
r-devel-osx-x86_64-clang 1.8 149.48 NOTE
r-devel-osx-x86_64-gcc 1.8 ERROR
r-devel-windows-ix86+x86_64 1.8 6.00 129.00 135.00 NOTE
r-patched-linux-x86_64 1.8 1.82 95.74 97.56 NOTE
r-patched-solaris-sparc 1.8 1089.20 NOTE
r-patched-solaris-x86 1.8 211.90 NOTE
r-release-linux-ix86 1.8 3.00 133.00 136.00 NOTE
r-release-linux-x86_64 1.8 1.81 95.95 97.76 NOTE
r-release-osx-x86_64-mavericks 1.8 WARN
r-release-windows-ix86+x86_64 1.8 6.00 131.00 137.00 NOTE
r-oldrel-windows-ix86+x86_64 1.8 6.00 137.00 143.00 OK

Check Details

Version: 1.8
Check: R code for possible problems
Result: NOTE
    predict.FRBmultireg: no visible global function definition for
     ‘predict.mlm’
Flavors: r-devel-linux-x86_64-debian-clang, r-devel-linux-x86_64-debian-gcc, r-devel-linux-x86_64-fedora-clang, r-devel-linux-x86_64-fedora-gcc, r-devel-osx-x86_64-clang, r-devel-windows-ix86+x86_64, r-patched-linux-x86_64, r-patched-solaris-sparc, r-patched-solaris-x86, r-release-linux-ix86, r-release-linux-x86_64, r-release-osx-x86_64-mavericks, r-release-windows-ix86+x86_64

Version: 1.8
Check: package dependencies
Result: ERROR
    Package required but not available: ‘rrcov’
    
    See the information on DESCRIPTION files in the chapter ‘Creating R
    packages’ of the ‘Writing R Extensions’ manual.
Flavor: r-devel-osx-x86_64-gcc

Version: 1.8
Check: PDF version of manual
Result: WARNING
    LaTeX errors when creating PDF version.
    This typically indicates Rd problems.
    LaTeX errors found:
    ! LaTeX Error: File `upquote.sty' not found.
    
    Type X to quit or <RETURN> to proceed,
    or enter new name. (Default extension: sty)
    
    1e5dd39/Rd2.tex:8: ==> Fatal error occurred, no output PDF file produced!
Flavor: r-release-osx-x86_64-mavericks