CRAN Package Check Results for Package FRB

Last updated on 2015-05-30 06:46:42.

Flavor Version Tinstall Tcheck Ttotal Status Flags
r-devel-linux-x86_64-debian-clang 1.8 1.68 85.59 87.27 NOTE
r-devel-linux-x86_64-debian-gcc 1.8 2.14 91.85 93.99 NOTE
r-devel-linux-x86_64-fedora-clang 1.8 178.56 NOTE
r-devel-linux-x86_64-fedora-gcc 1.8 163.57 NOTE
r-devel-osx-x86_64-clang 1.8 139.31 NOTE
r-devel-windows-ix86+x86_64 1.8 5.00 122.00 127.00 NOTE
r-patched-linux-x86_64 1.8 1.53 83.57 85.10 NOTE
r-patched-solaris-sparc 1.8 1022.70 NOTE
r-patched-solaris-x86 1.8 192.50 NOTE
r-release-linux-x86_64 1.8 2.23 84.54 86.76 NOTE
r-release-osx-x86_64-mavericks 1.8 NOTE
r-release-osx-x86_64-snowleopard 1.8 NOTE
r-release-windows-ix86+x86_64 1.8 7.00 118.00 125.00 NOTE
r-oldrel-windows-ix86+x86_64 1.8 8.00 125.00 133.00 NOTE

Check Details

Version: 1.8
Check: S3 generic/method consistency
Result: NOTE
    Found the following apparent S3 methods exported but not registered:
     FRBhotellingMM.default FRBhotellingMM.formula FRBhotellingS.default
     FRBhotellingS.formula FRBmultiregGS.default FRBmultiregGS.formula
     FRBmultiregMM.default FRBmultiregMM.formula FRBmultiregS.default
     FRBmultiregS.formula FRBpcaMM.default FRBpcaMM.formula
     FRBpcaS.default FRBpcaS.formula GSest_multireg.default
     GSest_multireg.formula MMest_multireg.default MMest_multireg.formula
     Sest_multireg.default Sest_multireg.formula diagplot.FRBhot
     diagplot.FRBmultireg diagplot.FRBpca plot.FRBhot plot.FRBmultireg
     plot.FRBpca predict.FRBmultireg print.FRBmultireg print.FRBpca
     print.summary.FRBhot print.summary.FRBmultireg print.summary.FRBpca
     summary.FRBhot summary.FRBmultireg summary.FRBpca vcov.FRBmultireg
    See section ‘Registering S3 methods’ in the ‘Writing R Extensions’
    manual.
Flavors: r-devel-linux-x86_64-debian-clang, r-devel-linux-x86_64-debian-gcc, r-devel-linux-x86_64-fedora-clang, r-devel-linux-x86_64-fedora-gcc, r-devel-osx-x86_64-clang, r-patched-linux-x86_64, r-patched-solaris-sparc, r-patched-solaris-x86, r-release-linux-x86_64

Version: 1.8
Check: R code for possible problems
Result: NOTE
    predict.FRBmultireg: no visible global function definition for
     ‘predict.mlm’
Flavors: r-devel-linux-x86_64-debian-clang, r-devel-linux-x86_64-debian-gcc, r-devel-linux-x86_64-fedora-clang, r-devel-linux-x86_64-fedora-gcc, r-devel-osx-x86_64-clang, r-devel-windows-ix86+x86_64, r-patched-linux-x86_64, r-patched-solaris-sparc, r-patched-solaris-x86, r-release-linux-x86_64, r-release-osx-x86_64-mavericks, r-release-osx-x86_64-snowleopard, r-release-windows-ix86+x86_64, r-oldrel-windows-ix86+x86_64