CRAN Package Check Results for Package FRB

Last updated on 2015-01-30 03:49:02.

Flavor Version Tinstall Tcheck Ttotal Status Flags
r-devel-linux-x86_64-debian-clang 1.8 1.88 86.90 88.78 NOTE
r-devel-linux-x86_64-debian-gcc 1.8 1.83 84.00 85.83 NOTE
r-devel-linux-x86_64-fedora-clang 1.8 180.54 NOTE
r-devel-linux-x86_64-fedora-gcc 1.8 180.58 NOTE
r-devel-osx-x86_64-clang 1.8 152.41 NOTE
r-devel-windows-ix86+x86_64 1.8 8.00 116.00 124.00 NOTE
r-patched-linux-x86_64 1.8 1.94 96.69 98.64 NOTE
r-patched-solaris-sparc 1.8 1137.20 NOTE
r-patched-solaris-x86 1.8 215.50 NOTE
r-release-linux-ix86 1.8 2.38 107.19 109.57 NOTE
r-release-linux-x86_64 1.8 1.97 96.40 98.37 NOTE
r-release-osx-x86_64-mavericks 1.8 NOTE
r-release-windows-ix86+x86_64 1.8 8.00 133.00 141.00 NOTE
r-oldrel-windows-ix86+x86_64 1.8 7.00 133.00 140.00 OK

Check Details

Version: 1.8
Check: S3 generic/method consistency
Result: NOTE
    Found the following apparent S3 methods exported but not registered:
     FRBhotellingMM.default FRBhotellingMM.formula FRBhotellingS.default
     FRBhotellingS.formula FRBmultiregGS.default FRBmultiregGS.formula
     FRBmultiregMM.default FRBmultiregMM.formula FRBmultiregS.default
     FRBmultiregS.formula FRBpcaMM.default FRBpcaMM.formula
     FRBpcaS.default FRBpcaS.formula GSest_multireg.default
     GSest_multireg.formula MMest_multireg.default MMest_multireg.formula
     Sest_multireg.default Sest_multireg.formula diagplot.FRBhot
     diagplot.FRBmultireg diagplot.FRBpca print.FRBmultireg print.FRBpca
     print.summary.FRBhot print.summary.FRBmultireg print.summary.FRBpca
     summary.FRBhot summary.FRBmultireg summary.FRBpca plot.FRBhot
     plot.FRBmultireg plot.FRBpca predict.FRBmultireg vcov.FRBmultireg
    See section ‘Registering S3 methods’ in the ‘Writing R Extensions’
    manual.
Flavors: r-devel-linux-x86_64-debian-clang, r-devel-linux-x86_64-debian-gcc, r-devel-linux-x86_64-fedora-clang, r-devel-linux-x86_64-fedora-gcc, r-devel-osx-x86_64-clang

Version: 1.8
Check: R code for possible problems
Result: NOTE
    predict.FRBmultireg: no visible global function definition for
     ‘predict.mlm’
Flavors: r-devel-linux-x86_64-debian-clang, r-devel-linux-x86_64-debian-gcc, r-devel-linux-x86_64-fedora-clang, r-devel-linux-x86_64-fedora-gcc, r-devel-osx-x86_64-clang, r-devel-windows-ix86+x86_64, r-patched-linux-x86_64, r-patched-solaris-sparc, r-patched-solaris-x86, r-release-linux-ix86, r-release-linux-x86_64, r-release-osx-x86_64-mavericks, r-release-windows-ix86+x86_64