CRAN Package Check Results for Package FRB

Last updated on 2014-08-21 07:49:12.

Flavor Version Tinstall Tcheck Ttotal Status Flags
r-devel-linux-x86_64-debian-clang 1.8 1.73 91.49 93.22 NOTE
r-devel-linux-x86_64-debian-gcc 1.8 1.85 89.01 90.86 NOTE
r-devel-linux-x86_64-fedora-clang 1.8 227.85 NOTE
r-devel-linux-x86_64-fedora-gcc 1.8 186.40 NOTE
r-devel-osx-x86_64-clang 1.8 140.88 NOTE
r-devel-windows-ix86+x86_64 1.8 6.00 130.00 136.00 NOTE
r-patched-linux-x86_64 1.8 1.83 92.71 94.54 NOTE
r-patched-solaris-sparc 1.8 1108.80 NOTE
r-patched-solaris-x86 1.8 207.70 NOTE
r-release-linux-ix86 1.8 2.32 109.42 111.74 NOTE
r-release-linux-x86_64 1.8 1.96 96.84 98.80 NOTE
r-release-osx-x86_64-mavericks 1.8 NOTE
r-release-windows-ix86+x86_64 1.8 6.00 138.00 144.00 NOTE
r-oldrel-windows-ix86+x86_64 1.8 7.00 129.00 136.00 OK

Check Details

Version: 1.8
Check: R code for possible problems
Result: NOTE
    predict.FRBmultireg: no visible global function definition for
     ‘predict.mlm’
Flavors: r-devel-linux-x86_64-debian-clang, r-devel-linux-x86_64-debian-gcc, r-devel-linux-x86_64-fedora-clang, r-devel-linux-x86_64-fedora-gcc, r-devel-osx-x86_64-clang, r-devel-windows-ix86+x86_64, r-patched-linux-x86_64, r-patched-solaris-sparc, r-patched-solaris-x86, r-release-linux-ix86, r-release-linux-x86_64, r-release-osx-x86_64-mavericks, r-release-windows-ix86+x86_64