CRAN Package Check Results for Package FRB

Last updated on 2015-04-21 06:47:25.

Flavor Version Tinstall Tcheck Ttotal Status Flags
r-devel-linux-x86_64-debian-clang 1.8 1.72 86.24 87.95 NOTE
r-devel-linux-x86_64-debian-gcc 1.8 1.58 87.23 88.81 NOTE
r-devel-linux-x86_64-fedora-clang 1.8 170.14 NOTE
r-devel-linux-x86_64-fedora-gcc 1.8 185.85 NOTE
r-devel-osx-x86_64-clang 1.8 142.87 NOTE
r-devel-windows-ix86+x86_64 1.8 8.00 127.00 135.00 NOTE
r-patched-linux-x86_64 1.8 1.54 85.12 86.66 NOTE
r-patched-solaris-sparc 1.8 1039.80 NOTE
r-patched-solaris-x86 1.8 196.30 NOTE
r-release-linux-x86_64 1.8 1.56 84.87 86.43 NOTE
r-release-osx-x86_64-mavericks 1.8 NOTE
r-release-osx-x86_64-snowleopard 1.8 NOTE
r-release-windows-ix86+x86_64 1.8 4.00 112.00 116.00 NOTE
r-oldrel-windows-ix86+x86_64 1.8 6.00 118.00 124.00 NOTE

Check Details

Version: 1.8
Check: S3 generic/method consistency
Result: NOTE
    Found the following apparent S3 methods exported but not registered:
     FRBhotellingMM.default FRBhotellingMM.formula FRBhotellingS.default
     FRBhotellingS.formula FRBmultiregGS.default FRBmultiregGS.formula
     FRBmultiregMM.default FRBmultiregMM.formula FRBmultiregS.default
     FRBmultiregS.formula FRBpcaMM.default FRBpcaMM.formula
     FRBpcaS.default FRBpcaS.formula GSest_multireg.default
     GSest_multireg.formula MMest_multireg.default MMest_multireg.formula
     Sest_multireg.default Sest_multireg.formula diagplot.FRBhot
     diagplot.FRBmultireg diagplot.FRBpca plot.FRBhot plot.FRBmultireg
     plot.FRBpca predict.FRBmultireg print.FRBmultireg print.FRBpca
     print.summary.FRBhot print.summary.FRBmultireg print.summary.FRBpca
     summary.FRBhot summary.FRBmultireg summary.FRBpca vcov.FRBmultireg
    See section ‘Registering S3 methods’ in the ‘Writing R Extensions’
    manual.
Flavors: r-devel-linux-x86_64-debian-clang, r-devel-linux-x86_64-debian-gcc, r-devel-linux-x86_64-fedora-clang, r-devel-linux-x86_64-fedora-gcc, r-devel-osx-x86_64-clang, r-patched-linux-x86_64, r-release-linux-x86_64

Version: 1.8
Check: R code for possible problems
Result: NOTE
    predict.FRBmultireg: no visible global function definition for
     ‘predict.mlm’
Flavors: r-devel-linux-x86_64-debian-clang, r-devel-linux-x86_64-debian-gcc, r-devel-linux-x86_64-fedora-clang, r-devel-linux-x86_64-fedora-gcc, r-devel-osx-x86_64-clang, r-devel-windows-ix86+x86_64, r-patched-linux-x86_64, r-patched-solaris-sparc, r-patched-solaris-x86, r-release-linux-x86_64, r-release-osx-x86_64-mavericks, r-release-osx-x86_64-snowleopard, r-release-windows-ix86+x86_64, r-oldrel-windows-ix86+x86_64