CRAN Package Check Results for Package FRB

Last updated on 2015-03-01 03:48:34.

Flavor Version Tinstall Tcheck Ttotal Status Flags
r-devel-linux-x86_64-debian-clang 1.8 1.62 88.20 89.82 NOTE
r-devel-linux-x86_64-debian-gcc 1.8 1.56 90.18 91.75 NOTE
r-devel-linux-x86_64-fedora-clang 1.8 172.74 NOTE
r-devel-linux-x86_64-fedora-gcc 1.8 160.17 NOTE
r-devel-osx-x86_64-clang 1.8 142.18 NOTE
r-devel-windows-ix86+x86_64 1.8 9.00 114.00 123.00 NOTE
r-patched-linux-x86_64 1.8 2.16 95.74 97.90 NOTE
r-patched-solaris-sparc 1.8 1137.20 NOTE
r-patched-solaris-x86 1.8 212.60 NOTE
r-release-linux-ix86 1.8 2.37 109.41 111.78 NOTE
r-release-linux-x86_64 1.8 2.16 96.96 99.11 NOTE
r-release-osx-x86_64-mavericks 1.8 NOTE
r-release-windows-ix86+x86_64 1.8 7.00 151.00 158.00 NOTE
r-oldrel-windows-ix86+x86_64 1.8 8.00 137.00 145.00 OK

Check Details

Version: 1.8
Check: S3 generic/method consistency
Result: NOTE
    Found the following apparent S3 methods exported but not registered:
     FRBhotellingMM.default FRBhotellingMM.formula FRBhotellingS.default
     FRBhotellingS.formula FRBmultiregGS.default FRBmultiregGS.formula
     FRBmultiregMM.default FRBmultiregMM.formula FRBmultiregS.default
     FRBmultiregS.formula FRBpcaMM.default FRBpcaMM.formula
     FRBpcaS.default FRBpcaS.formula GSest_multireg.default
     GSest_multireg.formula MMest_multireg.default MMest_multireg.formula
     Sest_multireg.default Sest_multireg.formula diagplot.FRBhot
     diagplot.FRBmultireg diagplot.FRBpca plot.FRBhot plot.FRBmultireg
     plot.FRBpca predict.FRBmultireg print.FRBmultireg print.FRBpca
     print.summary.FRBhot print.summary.FRBmultireg print.summary.FRBpca
     summary.FRBhot summary.FRBmultireg summary.FRBpca vcov.FRBmultireg
    See section ‘Registering S3 methods’ in the ‘Writing R Extensions’
    manual.
Flavors: r-devel-linux-x86_64-debian-clang, r-devel-linux-x86_64-debian-gcc, r-devel-linux-x86_64-fedora-clang, r-devel-linux-x86_64-fedora-gcc, r-devel-osx-x86_64-clang

Version: 1.8
Check: R code for possible problems
Result: NOTE
    predict.FRBmultireg: no visible global function definition for
     ‘predict.mlm’
Flavors: r-devel-linux-x86_64-debian-clang, r-devel-linux-x86_64-debian-gcc, r-devel-linux-x86_64-fedora-clang, r-devel-linux-x86_64-fedora-gcc, r-devel-osx-x86_64-clang, r-devel-windows-ix86+x86_64, r-patched-linux-x86_64, r-patched-solaris-sparc, r-patched-solaris-x86, r-release-linux-ix86, r-release-linux-x86_64, r-release-osx-x86_64-mavericks, r-release-windows-ix86+x86_64