CRAN Package Check Results for Package Haplin

Last updated on 2014-07-24 05:48:26.

Flavor Version Tinstall Tcheck Ttotal Status Flags
r-devel-linux-x86_64-debian-clang 5.3 0.35 1.28 1.63 ERROR
r-devel-linux-x86_64-debian-gcc 5.3 0.35 1.20 1.56 ERROR
r-devel-linux-x86_64-fedora-clang 5.3 2.76 ERROR
r-devel-linux-x86_64-fedora-gcc 5.3 2.06 ERROR
r-devel-osx-x86_64-clang 5.3 2.63 ERROR
r-devel-windows-ix86+x86_64 5.3 5.00 1.00 6.00 ERROR
r-patched-linux-x86_64 5.3 5.20 64.82 70.01 NOTE
r-patched-solaris-sparc 5.3 20.30 ERROR
r-patched-solaris-x86 5.3 4.60 ERROR
r-release-linux-ix86 5.3 6.23 79.00 85.22 NOTE
r-release-linux-x86_64 5.3 0.38 1.39 1.77 ERROR
r-release-osx-x86_64-mavericks 5.3 NOTE
r-release-osx-x86_64-snowleopard 5.3 ERROR
r-release-windows-ix86+x86_64 5.3 14.00 96.00 110.00 NOTE
r-oldrel-windows-ix86+x86_64 5.3 16.00 87.00 103.00 NOTE

Check Details

Version: 5.3
Check: package dependencies
Result: ERROR
    Package required but not available: ‘DatABEL’
    
    Depends: includes the non-default packages:
     ‘MASS’ ‘mgcv’ ‘parallel’ ‘GenABEL’ ‘DatABEL’ ‘tools’ ‘filehash’
    Adding so many packages to the search path is excessive and importing
    selectively is preferable.
    
    See the information on DESCRIPTION files in the chapter ‘Creating R
    packages’ of the ‘Writing R Extensions’ manual.
Flavors: r-devel-linux-x86_64-debian-clang, r-devel-linux-x86_64-debian-gcc, r-devel-linux-x86_64-fedora-clang, r-devel-linux-x86_64-fedora-gcc, r-devel-osx-x86_64-clang, r-patched-solaris-sparc, r-patched-solaris-x86, r-release-linux-x86_64

Version: 5.3
Check: package dependencies
Result: NOTE
    Depends: includes the non-default packages:
     'MASS' 'mgcv' 'parallel' 'GenABEL' 'DatABEL' 'tools' 'filehash'
    Adding so many packages to the search path is excessive and importing
    selectively is preferable.
Flavors: r-devel-windows-ix86+x86_64, r-patched-linux-x86_64, r-release-linux-ix86, r-release-osx-x86_64-mavericks, r-release-osx-x86_64-snowleopard, r-release-windows-ix86+x86_64

Version: 5.3
Check: whether package can be installed
Result: ERROR
    Installation failed.
    See 'd:/Rcompile/CRANpkg/local/3.2/Haplin.Rcheck/00install.out' for details.
Flavor: r-devel-windows-ix86+x86_64

Version: 5.3
Check: dependencies in R code
Result: NOTE
    'library' or 'require' call to ‘filehash’ which was already attached by Depends.
     Please remove these calls from your code.
    Packages in Depends field not imported from:
     ‘DatABEL’ ‘GenABEL’ ‘MASS’ ‘filehash’ ‘mgcv’
     These packages need to be imported from (in the NAMESPACE file)
     for when this namespace is loaded but not attached.
    Unexported objects imported by ':::' calls:
     ‘parallel:::closeNode’ ‘parallel:::postNode’ ‘parallel:::recvResult’
     ‘parallel:::sendCall’
     See the note in ?`:::` about the use of this operator.
    See the information on DESCRIPTION files in the chapter ‘Creating R
    packages’ of the ‘Writing R Extensions’ manual.
Flavors: r-patched-linux-x86_64, r-release-linux-ix86, r-release-osx-x86_64-mavericks, r-release-windows-ix86+x86_64, r-oldrel-windows-ix86+x86_64

Version: 5.3
Check: whether package can be installed
Result: ERROR
    Installation failed.
    See ‘/Volumes/XT3/Builds/R-dev-web/QA/Simon/packages/snowleopard-x86_64/results/3.1/Haplin.Rcheck/00install.out’ for details.
Flavor: r-release-osx-x86_64-snowleopard