CRAN Package Check Results for Package Haplin

Last updated on 2014-10-24 03:47:34.

Flavor Version Tinstall Tcheck Ttotal Status Flags
r-devel-linux-x86_64-debian-clang 5.3 9.37 99.61 108.98 NOTE
r-devel-linux-x86_64-debian-gcc 5.3 10.04 94.85 104.89 NOTE
r-devel-linux-x86_64-fedora-clang 5.3 305.80 NOTE
r-devel-linux-x86_64-fedora-gcc 5.3 291.04 NOTE
r-devel-osx-x86_64-clang 5.3 222.42 NOTE
r-devel-windows-ix86+x86_64 5.3 21.00 126.00 147.00 NOTE
r-patched-linux-x86_64 5.3 9.52 98.63 108.15 NOTE
r-patched-solaris-sparc 5.3 1320.70 NOTE
r-patched-solaris-x86 5.3 400.80 NOTE
r-release-linux-ix86 5.3 13.51 114.24 127.76 NOTE
r-release-linux-x86_64 5.3 9.71 106.18 115.89 NOTE
r-release-osx-x86_64-mavericks 5.3 NOTE
r-release-osx-x86_64-snowleopard 5.3 ERROR
r-release-windows-ix86+x86_64 5.3 20.00 137.00 157.00 NOTE
r-oldrel-windows-ix86+x86_64 5.3 22.00 125.00 147.00 NOTE

Check Details

Version: 5.3
Check: package dependencies
Result: NOTE
    Depends: includes the non-default packages:
     ‘MASS’ ‘mgcv’ ‘parallel’ ‘GenABEL’ ‘DatABEL’ ‘tools’ ‘filehash’
    Adding so many packages to the search path is excessive and importing
    selectively is preferable.
Flavors: r-devel-linux-x86_64-debian-clang, r-devel-linux-x86_64-debian-gcc, r-devel-linux-x86_64-fedora-clang, r-devel-linux-x86_64-fedora-gcc, r-devel-osx-x86_64-clang, r-devel-windows-ix86+x86_64, r-patched-linux-x86_64, r-patched-solaris-sparc, r-patched-solaris-x86, r-release-linux-ix86, r-release-linux-x86_64, r-release-osx-x86_64-mavericks, r-release-osx-x86_64-snowleopard, r-release-windows-ix86+x86_64

Version: 5.3
Check: dependencies in R code
Result: NOTE
    'library' or 'require' call to ‘filehash’ which was already attached by Depends.
     Please remove these calls from your code.
    Packages in Depends field not imported from:
     ‘DatABEL’ ‘GenABEL’ ‘MASS’ ‘filehash’ ‘mgcv’ ‘parallel’ ‘tools’
     These packages need to be imported from (in the NAMESPACE file)
     for when this namespace is loaded but not attached.
    Unexported objects imported by ':::' calls:
     ‘parallel:::closeNode’ ‘parallel:::postNode’ ‘parallel:::recvResult’
     ‘parallel:::sendCall’
     See the note in ?`:::` about the use of this operator.
    See the information on DESCRIPTION files in the chapter ‘Creating R
    packages’ of the ‘Writing R Extensions’ manual.
Flavors: r-devel-linux-x86_64-debian-clang, r-devel-linux-x86_64-debian-gcc, r-devel-linux-x86_64-fedora-clang, r-devel-linux-x86_64-fedora-gcc, r-devel-osx-x86_64-clang, r-devel-windows-ix86+x86_64, r-patched-linux-x86_64, r-patched-solaris-sparc, r-patched-solaris-x86

Version: 5.3
Check: R code for possible problems
Result: NOTE
    f.check.pars: no visible global function definition for ‘nsnps’
    f.check.pars: no visible global function definition for ‘phdata’
    f.get.marker.names: no visible global function definition for
     ‘snpnames’
    f.load: no visible global function definition for ‘dbInit’
    f.load: no visible global function definition for ‘dbMultiFetch’
    f.save : .f.dump: no visible global function definition for ‘dumpDF’
    f.save: no visible global function definition for ‘sfInit’
    f.save: no visible global function definition for ‘sfStop’
    f.save: no visible global function definition for ‘sfLapply’
    f.suest: no visible global function definition for ‘mroot’
    f.suest: no visible global function definition for ‘mvrnorm’
    gwaaToHaplin: no visible global function definition for ‘phdata’
    haplinSlide: no visible global function definition for ‘makeCluster’
    haplinSlide: no visible global function definition for ‘parLapply’
    prepPed: no visible global function definition for ‘file_path_sans_ext’
    prepPed: no visible global function definition for
     ‘extract_text_file_columns’
    summary.tri.glm: no visible global function definition for ‘mvrnorm’
Flavors: r-devel-linux-x86_64-debian-clang, r-devel-linux-x86_64-debian-gcc, r-devel-linux-x86_64-fedora-clang, r-devel-linux-x86_64-fedora-gcc, r-devel-osx-x86_64-clang, r-devel-windows-ix86+x86_64, r-patched-linux-x86_64, r-patched-solaris-sparc, r-patched-solaris-x86

Version: 5.3
Check: dependencies in R code
Result: NOTE
    'library' or 'require' call to ‘filehash’ which was already attached by Depends.
     Please remove these calls from your code.
    Packages in Depends field not imported from:
     ‘DatABEL’ ‘GenABEL’ ‘MASS’ ‘filehash’ ‘mgcv’
     These packages need to be imported from (in the NAMESPACE file)
     for when this namespace is loaded but not attached.
    Unexported objects imported by ':::' calls:
     ‘parallel:::closeNode’ ‘parallel:::postNode’ ‘parallel:::recvResult’
     ‘parallel:::sendCall’
     See the note in ?`:::` about the use of this operator.
    See the information on DESCRIPTION files in the chapter ‘Creating R
    packages’ of the ‘Writing R Extensions’ manual.
Flavors: r-release-linux-ix86, r-release-linux-x86_64, r-release-osx-x86_64-mavericks, r-release-windows-ix86+x86_64, r-oldrel-windows-ix86+x86_64

Version: 5.3
Check: whether package can be installed
Result: ERROR
    Installation failed.
Flavor: r-release-osx-x86_64-snowleopard