CRAN Package Check Results for Package ICSNP

Last updated on 2015-03-02 05:47:41.

Flavor Version Tinstall Tcheck Ttotal Status Flags
r-devel-linux-x86_64-debian-clang 1.0-9 1.77 21.52 23.29 NOTE
r-devel-linux-x86_64-debian-gcc 1.0-9 1.62 19.56 21.18 NOTE
r-devel-linux-x86_64-fedora-clang 1.0-9 43.21 NOTE
r-devel-linux-x86_64-fedora-gcc 1.0-9 40.29 NOTE
r-devel-osx-x86_64-clang 1.0-9 42.24 NOTE
r-devel-windows-ix86+x86_64 1.0-9 15.00 57.00 72.00 NOTE
r-patched-linux-x86_64 1.0-9 2.06 22.93 24.98 NOTE
r-patched-solaris-sparc 1.0-9 304.00 NOTE
r-patched-solaris-x86 1.0-9 66.30 NOTE
r-release-linux-ix86 1.0-9 2.43 33.66 36.10 NOTE
r-release-linux-x86_64 1.0-9 2.02 23.72 25.74 NOTE
r-release-osx-x86_64-mavericks 1.0-9 NOTE
r-release-osx-x86_64-snowleopard 1.0-9 WARN
r-release-windows-ix86+x86_64 1.0-9 17.00 65.00 82.00 NOTE
r-oldrel-windows-ix86+x86_64 1.0-9 9.00 52.00 61.00 NOTE

Check Details

Version: 1.0-9
Check: DESCRIPTION meta-information
Result: NOTE
    Malformed Description field: should contain one or more complete sentences.
Flavors: r-devel-linux-x86_64-debian-clang, r-devel-linux-x86_64-debian-gcc, r-devel-linux-x86_64-fedora-clang, r-devel-linux-x86_64-fedora-gcc, r-devel-osx-x86_64-clang, r-devel-windows-ix86+x86_64

Version: 1.0-9
Check: dependencies in R code
Result: NOTE
    ':::' call which should be '::': ‘base:::norm’
     See the note in ?`:::` about the use of this operator.
    Unexported objects imported by ':::' calls:
     ‘ICS:::frobenius.norm’ ‘ICS:::mat.sqrt’
     See the note in ?`:::` about the use of this operator.
Flavors: r-devel-linux-x86_64-debian-clang, r-devel-linux-x86_64-debian-gcc, r-devel-linux-x86_64-fedora-clang, r-devel-linux-x86_64-fedora-gcc, r-devel-osx-x86_64-clang, r-devel-windows-ix86+x86_64, r-patched-linux-x86_64, r-patched-solaris-x86

Version: 1.0-9
Check: dependencies in R code
Result: NOTE
    ':::' call which should be '::': ‘base:::norm’
     See the note in ?`:::` about the use of this operator.
    Unexported objects imported by ':::' calls:
     ‘ICS:::frobenius.norm’ ‘ICS:::mat.sqrt’
     See the note in ?`:::` about the use of this operator.
    See the information on DESCRIPTION files in the chapter ‘Creating R
    packages’ of the ‘Writing R Extensions’ manual.
Flavors: r-patched-solaris-sparc, r-release-linux-ix86, r-release-linux-x86_64, r-release-osx-x86_64-mavericks, r-release-osx-x86_64-snowleopard, r-release-windows-ix86+x86_64, r-oldrel-windows-ix86+x86_64

Version: 1.0-9
Check: examples
Result: WARN
    checking a package with encoding 'latin1' in an ASCII locale
    
     OK
Flavor: r-release-osx-x86_64-snowleopard