CRAN Package Check Results for Package ICSNP

Last updated on 2014-09-01 03:46:55.

Flavor Version Tinstall Tcheck Ttotal Status Flags
r-devel-linux-x86_64-debian-clang 1.0-9 1.69 21.58 23.27 NOTE
r-devel-linux-x86_64-debian-gcc 1.0-9 1.76 21.38 23.14 NOTE
r-devel-linux-x86_64-fedora-clang 1.0-9 47.49 NOTE
r-devel-linux-x86_64-fedora-gcc 1.0-9 44.18 NOTE
r-devel-osx-x86_64-clang 1.0-9 42.37 NOTE
r-devel-windows-ix86+x86_64 1.0-9 8.00 44.00 52.00 NOTE
r-patched-linux-x86_64 1.0-9 1.81 22.37 24.18 NOTE
r-patched-solaris-sparc 1.0-9 275.20 NOTE
r-patched-solaris-x86 1.0-9 64.60 NOTE
r-release-linux-ix86 1.0-9 2.57 31.12 33.69 NOTE
r-release-linux-x86_64 1.0-9 1.87 23.05 24.92 NOTE
r-release-osx-x86_64-mavericks 1.0-9 NOTE
r-release-osx-x86_64-snowleopard 1.0-9 WARN
r-release-windows-ix86+x86_64 1.0-9 7.00 48.00 55.00 NOTE
r-oldrel-windows-ix86+x86_64 1.0-9 10.00 48.00 58.00 NOTE

Check Details

Version: 1.0-9
Check: dependencies in R code
Result: NOTE
    ':::' call which should be '::': ‘base:::norm’
     See the note in ?`:::` about the use of this operator.
    Unexported objects imported by ':::' calls:
     ‘ICS:::frobenius.norm’ ‘ICS:::mat.sqrt’
     See the note in ?`:::` about the use of this operator.
    See the information on DESCRIPTION files in the chapter ‘Creating R
    packages’ of the ‘Writing R Extensions’ manual.
Flavors: r-devel-linux-x86_64-debian-clang, r-devel-linux-x86_64-debian-gcc, r-devel-linux-x86_64-fedora-clang, r-devel-linux-x86_64-fedora-gcc, r-devel-osx-x86_64-clang, r-devel-windows-ix86+x86_64, r-patched-linux-x86_64, r-patched-solaris-sparc, r-patched-solaris-x86, r-release-linux-ix86, r-release-linux-x86_64, r-release-osx-x86_64-mavericks, r-release-osx-x86_64-snowleopard, r-release-windows-ix86+x86_64, r-oldrel-windows-ix86+x86_64

Version: 1.0-9
Check: examples
Result: WARN
    checking a package with encoding 'latin1' in an ASCII locale
    
     OK
Flavor: r-release-osx-x86_64-snowleopard