CRAN Package Check Results for Package ICSNP

Last updated on 2015-04-20 07:49:21.

Flavor Version Tinstall Tcheck Ttotal Status Flags
r-devel-linux-x86_64-debian-clang 1.0-9 1.88 20.42 22.30 NOTE
r-devel-linux-x86_64-debian-gcc 1.0-9 1.69 20.00 21.69 NOTE
r-devel-linux-x86_64-fedora-clang 1.0-9 43.23 NOTE
r-devel-linux-x86_64-fedora-gcc 1.0-9 44.17 NOTE
r-devel-osx-x86_64-clang 1.0-9 43.27 NOTE
r-devel-windows-ix86+x86_64 1.0-9 12.00 42.00 54.00 NOTE
r-patched-linux-x86_64 1.0-9 1.76 21.09 22.85 NOTE
r-patched-solaris-sparc 1.0-9 283.10 NOTE
r-patched-solaris-x86 1.0-9 57.20 NOTE
r-release-linux-x86_64 1.0-9 1.67 20.11 21.78 NOTE
r-release-osx-x86_64-mavericks 1.0-9 NOTE
r-release-osx-x86_64-snowleopard 1.0-9 ERROR
r-release-windows-ix86+x86_64 1.0-9 6.00 37.00 43.00 NOTE
r-oldrel-windows-ix86+x86_64 1.0-9 8.00 48.00 56.00 NOTE

Check Details

Version: 1.0-9
Check: DESCRIPTION meta-information
Result: NOTE
    Malformed Description field: should contain one or more complete sentences.
Flavors: r-devel-linux-x86_64-debian-clang, r-devel-linux-x86_64-debian-gcc, r-devel-linux-x86_64-fedora-clang, r-devel-linux-x86_64-fedora-gcc, r-devel-osx-x86_64-clang, r-devel-windows-ix86+x86_64, r-patched-linux-x86_64, r-patched-solaris-sparc, r-patched-solaris-x86, r-release-linux-x86_64, r-release-osx-x86_64-mavericks, r-release-windows-ix86+x86_64

Version: 1.0-9
Check: dependencies in R code
Result: NOTE
    ':::' call which should be '::': ‘base:::norm’
     See the note in ?`:::` about the use of this operator.
    Unexported objects imported by ':::' calls:
     ‘ICS:::frobenius.norm’ ‘ICS:::mat.sqrt’
     See the note in ?`:::` about the use of this operator.
Flavors: r-devel-linux-x86_64-debian-clang, r-devel-linux-x86_64-debian-gcc, r-devel-linux-x86_64-fedora-clang, r-devel-linux-x86_64-fedora-gcc, r-devel-osx-x86_64-clang, r-devel-windows-ix86+x86_64, r-patched-linux-x86_64, r-patched-solaris-sparc, r-patched-solaris-x86, r-release-linux-x86_64, r-release-osx-x86_64-mavericks, r-release-windows-ix86+x86_64, r-oldrel-windows-ix86+x86_64

Version: 1.0-9
Check: package dependencies
Result: ERROR
    Package required but not available: ‘ICS’
    
    See section ‘The DESCRIPTION file’ in the ‘Writing R Extensions’
    manual.
Flavor: r-release-osx-x86_64-snowleopard