CRAN Package Check Results for Package ICSNP

Last updated on 2014-10-31 06:47:20.

Flavor Version Tinstall Tcheck Ttotal Status Flags
r-devel-linux-x86_64-debian-clang 1.0-9 1.84 23.44 25.28 NOTE
r-devel-linux-x86_64-debian-gcc 1.0-9 1.86 22.06 23.93 NOTE
r-devel-linux-x86_64-fedora-clang 1.0-9 48.89 NOTE
r-devel-linux-x86_64-fedora-gcc 1.0-9 46.92 NOTE
r-devel-osx-x86_64-clang 1.0-9 45.00 NOTE
r-devel-windows-ix86+x86_64 1.0-9 7.00 41.00 48.00 NOTE
r-patched-linux-x86_64 1.0-9 1.84 22.61 24.45 NOTE
r-patched-solaris-sparc 1.0-9 275.20 NOTE
r-patched-solaris-x86 1.0-9 66.40 NOTE
r-release-linux-ix86 1.0-9 2.63 31.40 34.03 NOTE
r-release-linux-x86_64 1.0-9 1.97 23.20 25.17 NOTE
r-release-osx-x86_64-mavericks 1.0-9 NOTE
r-release-osx-x86_64-snowleopard 1.0-9 WARN
r-release-windows-ix86+x86_64 1.0-9 8.00 48.00 56.00 NOTE
r-oldrel-windows-ix86+x86_64 1.0-9 7.00 47.00 54.00 NOTE

Check Details

Version: 1.0-9
Check: dependencies in R code
Result: NOTE
    ':::' call which should be '::': ‘base:::norm’
     See the note in ?`:::` about the use of this operator.
    Unexported objects imported by ':::' calls:
     ‘ICS:::frobenius.norm’ ‘ICS:::mat.sqrt’
     See the note in ?`:::` about the use of this operator.
    See the information on DESCRIPTION files in the chapter ‘Creating R
    packages’ of the ‘Writing R Extensions’ manual.
Flavors: r-devel-linux-x86_64-debian-clang, r-devel-linux-x86_64-debian-gcc, r-devel-linux-x86_64-fedora-clang, r-devel-linux-x86_64-fedora-gcc, r-devel-osx-x86_64-clang, r-devel-windows-ix86+x86_64, r-patched-linux-x86_64, r-patched-solaris-sparc, r-patched-solaris-x86, r-release-linux-ix86, r-release-linux-x86_64, r-release-osx-x86_64-mavericks, r-release-osx-x86_64-snowleopard, r-release-windows-ix86+x86_64, r-oldrel-windows-ix86+x86_64

Version: 1.0-9
Check: examples
Result: WARN
    checking a package with encoding 'latin1' in an ASCII locale
    
     OK
Flavor: r-release-osx-x86_64-snowleopard