CRAN Package Check Results for Package IndependenceTests

Last updated on 2014-09-01 03:46:55.

Flavor Version Tinstall Tcheck Ttotal Status Flags
r-devel-linux-x86_64-debian-clang 0.2 1.13 11.70 12.83 NOTE
r-devel-linux-x86_64-debian-gcc 0.2 1.20 10.48 11.68 NOTE
r-devel-linux-x86_64-fedora-clang 0.2 25.02 NOTE
r-devel-linux-x86_64-fedora-gcc 0.2 22.84 NOTE
r-devel-osx-x86_64-clang 0.2 25.99 NOTE
r-devel-windows-ix86+x86_64 0.2 7.00 29.00 36.00 NOTE
r-patched-linux-x86_64 0.2 1.28 11.35 12.63 NOTE
r-patched-solaris-sparc 0.2 150.90 NOTE
r-patched-solaris-x86 0.2 38.40 NOTE
r-release-linux-ix86 0.2 2.04 19.45 21.49 NOTE
r-release-linux-x86_64 0.2 1.29 11.66 12.95 NOTE
r-release-osx-x86_64-mavericks 0.2 NOTE
r-release-osx-x86_64-snowleopard 0.2 NOTE
r-release-windows-ix86+x86_64 0.2 11.00 30.00 41.00 NOTE
r-oldrel-windows-ix86+x86_64 0.2 8.00 36.00 44.00 NOTE

Check Details

Version: 0.2
Check: dependencies in R code
Result: NOTE
    'library' or 'require' call to ‘xtable’ which was already attached by Depends.
     Please remove these calls from your code.
    See the information on DESCRIPTION files in the chapter ‘Creating R
    packages’ of the ‘Writing R Extensions’ manual.
Flavors: r-devel-linux-x86_64-debian-clang, r-devel-linux-x86_64-debian-gcc, r-devel-linux-x86_64-fedora-clang, r-devel-linux-x86_64-fedora-gcc, r-devel-osx-x86_64-clang, r-devel-windows-ix86+x86_64, r-patched-linux-x86_64, r-patched-solaris-sparc, r-patched-solaris-x86, r-release-linux-ix86, r-release-linux-x86_64, r-release-osx-x86_64-mavericks, r-release-osx-x86_64-snowleopard, r-release-windows-ix86+x86_64, r-oldrel-windows-ix86+x86_64

Version: 0.2
Check: R code for possible problems
Result: NOTE
    dependogram: no visible global function definition for ‘makeCluster’
    dependogram: no visible global function definition for
     ‘clusterSetupSPRNG’
    dependogram: no visible global function definition for ‘clusterCall’
    dependogram: no visible global function definition for ‘stopCluster’
Flavors: r-devel-linux-x86_64-debian-clang, r-devel-linux-x86_64-debian-gcc, r-devel-linux-x86_64-fedora-clang, r-devel-linux-x86_64-fedora-gcc, r-devel-osx-x86_64-clang, r-devel-windows-ix86+x86_64

Version: 0.2
Check: package dependencies
Result: NOTE
    Packages suggested but not available for checking: ‘rsprng’ ‘Rmpi’
Flavor: r-release-osx-x86_64-mavericks

Version: 0.2
Check: package dependencies
Result: NOTE
    Package suggested but not available for checking: 'rsprng'
Flavor: r-release-osx-x86_64-snowleopard