CRAN Package Check Results for Package IndependenceTests

Last updated on 2014-07-24 05:48:27.

Flavor Version Tinstall Tcheck Ttotal Status Flags
r-devel-linux-x86_64-debian-clang 0.2 1.10 12.46 13.57 NOTE
r-devel-linux-x86_64-debian-gcc 0.2 1.22 11.16 12.38 NOTE
r-devel-linux-x86_64-fedora-clang 0.2 26.15 NOTE
r-devel-linux-x86_64-fedora-gcc 0.2 23.20 NOTE
r-devel-osx-x86_64-clang 0.2 27.12 NOTE
r-devel-windows-ix86+x86_64 0.2 7.00 31.00 38.00 NOTE
r-patched-linux-x86_64 0.2 1.30 11.38 12.67 NOTE
r-patched-solaris-sparc 0.2 151.00 NOTE
r-patched-solaris-x86 0.2 38.90 NOTE
r-release-linux-ix86 0.2 1.85 18.50 20.35 NOTE
r-release-linux-x86_64 0.2 1.25 11.45 12.70 NOTE
r-release-osx-x86_64-mavericks 0.2 NOTE
r-release-osx-x86_64-snowleopard 0.2 NOTE
r-release-windows-ix86+x86_64 0.2 11.00 30.00 41.00 NOTE
r-oldrel-windows-ix86+x86_64 0.2 8.00 36.00 44.00 NOTE

Check Details

Version: 0.2
Check: dependencies in R code
Result: NOTE
    'library' or 'require' call to ‘xtable’ which was already attached by Depends.
     Please remove these calls from your code.
    See the information on DESCRIPTION files in the chapter ‘Creating R
    packages’ of the ‘Writing R Extensions’ manual.
Flavors: r-devel-linux-x86_64-debian-clang, r-devel-linux-x86_64-debian-gcc, r-devel-linux-x86_64-fedora-clang, r-devel-linux-x86_64-fedora-gcc, r-devel-osx-x86_64-clang, r-devel-windows-ix86+x86_64, r-patched-linux-x86_64, r-patched-solaris-sparc, r-patched-solaris-x86, r-release-linux-ix86, r-release-linux-x86_64, r-release-osx-x86_64-mavericks, r-release-osx-x86_64-snowleopard, r-release-windows-ix86+x86_64, r-oldrel-windows-ix86+x86_64

Version: 0.2
Check: package dependencies
Result: NOTE
    Packages suggested but not available for checking: ‘rsprng’ ‘Rmpi’
Flavor: r-release-osx-x86_64-mavericks

Version: 0.2
Check: package dependencies
Result: NOTE
    Package suggested but not available for checking: 'rsprng'
Flavor: r-release-osx-x86_64-snowleopard