CRAN Package Check Results for Package IndependenceTests

Last updated on 2015-06-30 07:47:58.

Flavor Version Tinstall Tcheck Ttotal Status Flags
r-devel-linux-x86_64-debian-clang 0.2 1.31 11.60 12.90 NOTE
r-devel-linux-x86_64-debian-gcc 0.2 1.17 10.84 12.02 NOTE
r-devel-linux-x86_64-fedora-clang 0.2 23.39 NOTE
r-devel-linux-x86_64-fedora-gcc 0.2 19.63 NOTE
r-devel-osx-x86_64-clang 0.2 25.26 NOTE
r-devel-windows-ix86+x86_64 0.2 13.00 31.00 44.00 NOTE
r-patched-linux-x86_64 0.2 1.21 10.73 11.94 NOTE
r-patched-solaris-sparc 0.2 161.10 NOTE
r-patched-solaris-x86 0.2 37.10 NOTE
r-release-linux-x86_64 0.2 1.27 10.54 11.80 NOTE
r-release-osx-x86_64-mavericks 0.2 NOTE
r-release-windows-ix86+x86_64 0.2 6.00 34.00 40.00 NOTE
r-oldrel-windows-ix86+x86_64 0.2 10.00 36.00 46.00 NOTE

Check Details

Version: 0.2
Check: package dependencies
Result: NOTE
    Package suggested but not available for checking: ‘rsprng’
Flavors: r-devel-linux-x86_64-debian-clang, r-devel-linux-x86_64-debian-gcc, r-devel-linux-x86_64-fedora-clang, r-devel-linux-x86_64-fedora-gcc, r-devel-osx-x86_64-clang, r-patched-linux-x86_64, r-patched-solaris-sparc, r-patched-solaris-x86, r-release-linux-x86_64

Version: 0.2
Check: DESCRIPTION meta-information
Result: NOTE
    Malformed Title field: should not end in a period.
Flavors: r-devel-linux-x86_64-debian-clang, r-devel-linux-x86_64-debian-gcc, r-devel-linux-x86_64-fedora-clang, r-devel-linux-x86_64-fedora-gcc, r-devel-osx-x86_64-clang, r-devel-windows-ix86+x86_64, r-patched-linux-x86_64, r-patched-solaris-sparc, r-patched-solaris-x86, r-release-linux-x86_64, r-release-osx-x86_64-mavericks, r-release-windows-ix86+x86_64

Version: 0.2
Check: dependencies in R code
Result: NOTE
    'library' or 'require' call to ‘xtable’ which was already attached by Depends.
     Please remove these calls from your code.
    'library' or 'require' calls in package code:
     ‘Rmpi’ ‘rsprng’ ‘snow’
     Please use :: or requireNamespace() instead.
     See section 'Suggested packages' in the 'Writing R Extensions' manual.
Flavors: r-devel-linux-x86_64-debian-clang, r-devel-linux-x86_64-debian-gcc, r-devel-linux-x86_64-fedora-clang, r-devel-linux-x86_64-fedora-gcc, r-devel-osx-x86_64-clang, r-devel-windows-ix86+x86_64, r-patched-linux-x86_64, r-patched-solaris-sparc, r-patched-solaris-x86, r-release-linux-x86_64, r-release-osx-x86_64-mavericks, r-release-windows-ix86+x86_64, r-oldrel-windows-ix86+x86_64

Version: 0.2
Check: R code for possible problems
Result: NOTE
    A.dep.tests: no visible global function definition for ‘combn’
    A.dep.tests: no visible global function definition for ‘pchisq’
    dependogram: no visible global function definition for ‘makeCluster’
    dependogram: no visible global function definition for
     ‘clusterSetupSPRNG’
    dependogram: no visible global function definition for ‘clusterCall’
    dependogram: no visible global function definition for ‘stopCluster’
    dependogram: no visible global function definition for ‘combn’
    dependogram: no visible global function definition for ‘plot’
    dependogram: no visible global function definition for ‘points’
    dependogram: no visible global function definition for ‘segments’
Flavors: r-devel-linux-x86_64-debian-clang, r-devel-linux-x86_64-debian-gcc

Version: 0.2
Check: R code for possible problems
Result: NOTE
    dependogram: no visible global function definition for ‘makeCluster’
    dependogram: no visible global function definition for
     ‘clusterSetupSPRNG’
    dependogram: no visible global function definition for ‘clusterCall’
    dependogram: no visible global function definition for ‘stopCluster’
Flavors: r-devel-linux-x86_64-fedora-clang, r-devel-linux-x86_64-fedora-gcc, r-devel-osx-x86_64-clang, r-devel-windows-ix86+x86_64, r-patched-linux-x86_64, r-patched-solaris-sparc, r-patched-solaris-x86, r-release-linux-x86_64, r-release-osx-x86_64-mavericks, r-release-windows-ix86+x86_64, r-oldrel-windows-ix86+x86_64

Version: 0.2
Check: package dependencies
Result: NOTE
    Packages suggested but not available for checking: ‘rsprng’ ‘Rmpi’
Flavor: r-release-osx-x86_64-mavericks