CRAN Package Check Results for Package IndependenceTests

Last updated on 2015-04-25 06:46:21.

Flavor Version Tinstall Tcheck Ttotal Status Flags
r-devel-linux-x86_64-debian-clang 0.2 1.57 11.56 13.13 NOTE
r-devel-linux-x86_64-debian-gcc 0.2 1.36 10.65 12.01 NOTE
r-devel-linux-x86_64-fedora-clang 0.2 24.35 NOTE
r-devel-linux-x86_64-fedora-gcc 0.2 22.51 NOTE
r-devel-osx-x86_64-clang 0.2 27.42 NOTE
r-devel-windows-ix86+x86_64 0.2 7.00 33.00 40.00 NOTE
r-patched-linux-x86_64 0.2 1.24 10.45 11.70 NOTE
r-patched-solaris-sparc 0.2 128.40 NOTE
r-patched-solaris-x86 0.2 35.90 NOTE
r-release-linux-x86_64 0.2 1.28 10.47 11.75 NOTE
r-release-osx-x86_64-mavericks 0.2 NOTE
r-release-osx-x86_64-snowleopard 0.2 NOTE
r-release-windows-ix86+x86_64 0.2 6.00 34.00 40.00 NOTE
r-oldrel-windows-ix86+x86_64 0.2 10.00 36.00 46.00 NOTE

Check Details

Version: 0.2
Check: DESCRIPTION meta-information
Result: NOTE
    Malformed Title field: should not end in a period.
Flavors: r-devel-windows-ix86+x86_64, r-patched-linux-x86_64, r-release-windows-ix86+x86_64

Version: 0.2
Check: dependencies in R code
Result: NOTE
    'library' or 'require' call to 'xtable' which was already attached by Depends.
     Please remove these calls from your code.
    'library' or 'require' calls in package code:
     'Rmpi' 'rsprng' 'snow'
     Please use :: or requireNamespace() instead.
     See section 'Suggested packages' in the 'Writing R Extensions' manual.
Flavors: r-devel-windows-ix86+x86_64, r-patched-linux-x86_64, r-release-windows-ix86+x86_64, r-oldrel-windows-ix86+x86_64

Version: 0.2
Check: R code for possible problems
Result: NOTE
    dependogram: no visible global function definition for 'makeCluster'
    dependogram: no visible global function definition for
     'clusterSetupSPRNG'
    dependogram: no visible global function definition for 'clusterCall'
    dependogram: no visible global function definition for 'stopCluster'
Flavors: r-devel-windows-ix86+x86_64, r-patched-linux-x86_64, r-release-windows-ix86+x86_64, r-oldrel-windows-ix86+x86_64

Version: 0.2
Check: package dependencies
Result: NOTE
    Package suggested but not available for checking: ‘rsprng’
Flavor: r-patched-linux-x86_64