CRAN Package Check Results for Package Lmoments

Last updated on 2014-04-23 07:55:02.

Flavor Version Tinstall Tcheck Ttotal Status Flags
r-devel-linux-x86_64-debian-clang 1.1-5 0.61 12.16 12.77 NOTE
r-devel-linux-x86_64-debian-gcc 1.1-5 0.56 12.26 12.82 NOTE
r-devel-linux-x86_64-fedora-clang 1.1-5 26.11 NOTE
r-devel-linux-x86_64-fedora-gcc 1.1-5 24.21 NOTE
r-devel-osx-x86_64-clang 1.1-5 26.60 NOTE
r-devel-osx-x86_64-gcc 1.1-5 NOTE
r-devel-windows-ix86+x86_64 1.1-5 2.00 20.00 22.00 NOTE
r-patched-linux-x86_64 1.1-5 0.56 12.12 12.68 NOTE
r-patched-solaris-sparc 1.1-5 135.40 NOTE
r-patched-solaris-x86 1.1-5 35.80 NOTE
r-release-linux-ix86 1.1-5 1.00 27.00 28.00 NOTE
r-release-linux-x86_64 1.1-5 0.56 12.15 12.72 NOTE
r-release-osx-x86_64-mavericks 1.1-5 NOTE
r-release-windows-ix86+x86_64 1.1-5 4.00 26.00 30.00 NOTE
r-oldrel-windows-ix86+x86_64 1.1-5 2.00 21.00 23.00 NOTE

Check Details

Version: 1.1-5
Check: Rd files
Result: NOTE
    prepare_Rd: covnormpoly4.Rd:13-14: Dropping empty section \details
    prepare_Rd: data2cauchypoly.Rd:16-17: Dropping empty section \details
Flavors: r-devel-linux-x86_64-debian-clang, r-devel-linux-x86_64-debian-gcc, r-devel-linux-x86_64-fedora-clang, r-devel-linux-x86_64-fedora-gcc, r-devel-osx-x86_64-clang, r-devel-osx-x86_64-gcc, r-devel-windows-ix86+x86_64, r-patched-linux-x86_64, r-patched-solaris-sparc, r-patched-solaris-x86, r-release-linux-ix86, r-release-linux-x86_64, r-release-osx-x86_64-mavericks, r-release-windows-ix86+x86_64, r-oldrel-windows-ix86+x86_64