CRAN Package Check Results for Package MAMSE

Last updated on 2015-02-28 06:46:50.

Flavor Version Tinstall Tcheck Ttotal Status Flags
r-devel-linux-x86_64-debian-clang 0.1-3 0.77 11.06 11.82 NOTE
r-devel-linux-x86_64-debian-gcc 0.1-3 0.79 10.35 11.14 NOTE
r-devel-linux-x86_64-fedora-clang 0.1-3 22.07 NOTE
r-devel-linux-x86_64-fedora-gcc 0.1-3 20.54 NOTE
r-devel-osx-x86_64-clang 0.1-3 25.45 NOTE
r-devel-windows-ix86+x86_64 0.1-3 6.00 23.00 29.00 NOTE
r-patched-linux-x86_64 0.1-3 0.82 11.00 11.82 OK
r-patched-solaris-sparc 0.1-3 152.10 OK
r-patched-solaris-x86 0.1-3 33.10 OK
r-release-linux-ix86 0.1-3 1.24 16.94 18.18 OK
r-release-linux-x86_64 0.1-3 0.83 11.09 11.92 OK
r-release-osx-x86_64-mavericks 0.1-3 OK
r-release-windows-ix86+x86_64 0.1-3 5.00 20.00 25.00 OK
r-oldrel-windows-ix86+x86_64 0.1-3 5.00 25.00 30.00 OK

Check Details

Version: 0.1-3
Check: DESCRIPTION meta-information
Result: NOTE
    Malformed Title field: should not end in a period.
Flavors: r-devel-linux-x86_64-debian-clang, r-devel-linux-x86_64-debian-gcc, r-devel-linux-x86_64-fedora-clang, r-devel-linux-x86_64-fedora-gcc, r-devel-osx-x86_64-clang, r-devel-windows-ix86+x86_64