CRAN Package Check Results for Package MAMSE

Last updated on 2015-04-28 06:46:38.

Flavor Version Tinstall Tcheck Ttotal Status Flags
r-devel-linux-x86_64-debian-clang 0.1-3 0.78 10.36 11.13 NOTE
r-devel-linux-x86_64-debian-gcc 0.1-3 0.78 10.44 11.22 NOTE
r-devel-linux-x86_64-fedora-clang 0.1-3 22.20 NOTE
r-devel-linux-x86_64-fedora-gcc 0.1-3 20.68 NOTE
r-devel-osx-x86_64-clang 0.1-3 24.48 NOTE
r-devel-windows-ix86+x86_64 0.1-3 5.00 20.00 25.00 NOTE
r-patched-linux-x86_64 0.1-3 0.82 10.42 11.24 NOTE
r-patched-solaris-sparc 0.1-3 144.60 NOTE
r-patched-solaris-x86 0.1-3 30.40 NOTE
r-release-linux-x86_64 0.1-3 0.81 10.17 10.98 NOTE
r-release-osx-x86_64-mavericks 0.1-3 NOTE
r-release-osx-x86_64-snowleopard 0.1-3 NOTE
r-release-windows-ix86+x86_64 0.1-3 4.00 25.00 29.00 NOTE
r-oldrel-windows-ix86+x86_64 0.1-3 7.00 25.00 32.00 OK

Check Details

Version: 0.1-3
Check: DESCRIPTION meta-information
Result: NOTE
    Malformed Title field: should not end in a period.
Flavors: r-devel-linux-x86_64-debian-clang, r-devel-linux-x86_64-debian-gcc, r-devel-linux-x86_64-fedora-clang, r-devel-linux-x86_64-fedora-gcc, r-devel-osx-x86_64-clang, r-devel-windows-ix86+x86_64, r-patched-solaris-sparc, r-patched-solaris-x86, r-release-linux-x86_64, r-release-osx-x86_64-mavericks, r-release-osx-x86_64-snowleopard, r-release-windows-ix86+x86_64