CRAN Package Check Results for Package MAMSE

Last updated on 2015-05-23 06:46:48.

Flavor Version Tinstall Tcheck Ttotal Status Flags
r-devel-linux-x86_64-debian-clang 0.1-3 0.80 10.60 11.40 NOTE
r-devel-linux-x86_64-debian-gcc 0.1-3 0.80 10.48 11.28 NOTE
r-devel-linux-x86_64-fedora-clang 0.1-3 21.64 NOTE
r-devel-linux-x86_64-fedora-gcc 0.1-3 20.28 NOTE
r-devel-osx-x86_64-clang 0.1-3 24.55 NOTE
r-devel-windows-ix86+x86_64 0.1-3 7.00 21.00 28.00 NOTE
r-patched-linux-x86_64 0.1-3 0.82 10.22 11.04 NOTE
r-patched-solaris-sparc 0.1-3 152.00 NOTE
r-patched-solaris-x86 0.1-3 29.90 NOTE
r-release-linux-x86_64 0.1-3 0.80 10.60 11.40 NOTE
r-release-osx-x86_64-mavericks 0.1-3 NOTE
r-release-osx-x86_64-snowleopard 0.1-3 NOTE
r-release-windows-ix86+x86_64 0.1-3 4.00 25.00 29.00 NOTE
r-oldrel-windows-ix86+x86_64 0.1-3 7.00 25.00 32.00 OK

Check Details

Version: 0.1-3
Check: DESCRIPTION meta-information
Result: NOTE
    Malformed Title field: should not end in a period.
Flavors: r-devel-linux-x86_64-debian-clang, r-devel-linux-x86_64-debian-gcc, r-devel-linux-x86_64-fedora-clang, r-devel-linux-x86_64-fedora-gcc, r-devel-osx-x86_64-clang, r-devel-windows-ix86+x86_64, r-patched-linux-x86_64, r-patched-solaris-sparc, r-patched-solaris-x86, r-release-linux-x86_64, r-release-osx-x86_64-mavericks, r-release-osx-x86_64-snowleopard, r-release-windows-ix86+x86_64