CRAN Package Check Results for Package MAMSE

Last updated on 2015-03-28 06:47:01.

Flavor Version Tinstall Tcheck Ttotal Status Flags
r-devel-linux-x86_64-debian-clang 0.1-3 0.78 10.39 11.17 NOTE
r-devel-linux-x86_64-debian-gcc 0.1-3 0.78 10.37 11.15 NOTE
r-devel-linux-x86_64-fedora-clang 0.1-3 21.83 NOTE
r-devel-linux-x86_64-fedora-gcc 0.1-3 20.31 NOTE
r-devel-osx-x86_64-clang 0.1-3 27.70 NOTE
r-prerel-windows-ix86+x86_64 0.1-3 5.00 22.00 27.00 NOTE
r-prerel-linux-x86_64 0.1-3 0.79 10.40 11.20 NOTE
r-prerel-solaris-sparc 0.1-3 144.60 NOTE
r-prerel-solaris-x86 0.1-3 29.20 NOTE
r-release-linux-x86_64 0.1-3 0.82 10.96 11.78 OK
r-release-osx-x86_64-mavericks 0.1-3 OK
r-release-windows-ix86+x86_64 0.1-3 7.00 25.00 32.00 OK
r-oldrel-windows-ix86+x86_64 0.1-3 5.00 25.00 30.00 OK

Check Details

Version: 0.1-3
Check: DESCRIPTION meta-information
Result: NOTE
    Malformed Title field: should not end in a period.
Flavors: r-devel-linux-x86_64-debian-clang, r-devel-linux-x86_64-debian-gcc, r-devel-linux-x86_64-fedora-clang, r-devel-linux-x86_64-fedora-gcc, r-devel-osx-x86_64-clang, r-prerel-windows-ix86+x86_64, r-prerel-linux-x86_64, r-prerel-solaris-sparc, r-prerel-solaris-x86