CRAN Package Check Results for Package ModelMap

Last updated on 2014-04-23 07:55:03.

Flavor Version Tinstall Tcheck Ttotal Status Flags
r-devel-linux-x86_64-debian-clang 3.0.15 5.40 75.05 80.45 OK --no-vignettes
r-devel-linux-x86_64-debian-gcc 3.0.15 5.37 76.58 81.96 OK --no-vignettes
r-devel-linux-x86_64-fedora-clang 3.0.15 539.13 OK
r-devel-linux-x86_64-fedora-gcc 3.0.15 529.51 OK
r-devel-osx-x86_64-clang 3.0.15 399.88 OK
r-devel-osx-x86_64-gcc 3.0.15 ERROR
r-devel-windows-ix86+x86_64 3.0.15 14.00 379.00 393.00 OK
r-patched-linux-x86_64 3.0.15 5.30 73.39 78.69 OK --no-vignettes
r-patched-solaris-sparc 3.0.15 900.30 OK --no-vignettes
r-patched-solaris-x86 3.0.15 697.20 OK
r-release-linux-ix86 3.0.15 8.00 116.00 124.00 OK --no-vignettes
r-release-linux-x86_64 3.0.15 5.32 74.24 79.56 OK --no-vignettes
r-release-osx-x86_64-mavericks 3.0.15 ERROR
r-release-osx-x86_64-snowleopard 3.0.15 OK
r-release-windows-ix86+x86_64 3.0.15 15.00 373.00 388.00 OK
r-oldrel-windows-ix86+x86_64 3.0.15 13.00 395.00 408.00 OK

Check Details

Version: 3.0.15
Check: package dependencies
Result: ERROR
    Packages required but not available: ‘raster’ ‘fields’
    
    See the information on DESCRIPTION files in the chapter ‘Creating R
    packages’ of the ‘Writing R Extensions’ manual.
Flavor: r-devel-osx-x86_64-gcc

Version: 3.0.15
Check: package dependencies
Result: ERROR
    Package required but not available: ‘rgdal’
    
    See the information on DESCRIPTION files in the chapter ‘Creating R
    packages’ of the ‘Writing R Extensions’ manual.
Flavor: r-release-osx-x86_64-mavericks