CRAN Package Check Results for Package PASWR

Last updated on 2015-04-28 06:46:41.

Flavor Version Tinstall Tcheck Ttotal Status Flags
r-devel-linux-x86_64-debian-clang 1.1 1.69 25.86 27.55 NOTE
r-devel-linux-x86_64-debian-gcc 1.1 1.77 25.08 26.84 NOTE
r-devel-linux-x86_64-fedora-clang 1.1 53.82 NOTE
r-devel-linux-x86_64-fedora-gcc 1.1 50.55 NOTE
r-devel-osx-x86_64-clang 1.1 50.16 NOTE
r-devel-windows-ix86+x86_64 1.1 8.00 42.00 50.00 NOTE
r-patched-linux-x86_64 1.1 1.64 25.72 27.36 NOTE
r-patched-solaris-sparc 1.1 320.20 NOTE
r-patched-solaris-x86 1.1 66.90 NOTE
r-release-linux-x86_64 1.1 1.68 26.62 28.30 NOTE
r-release-osx-x86_64-mavericks 1.1 NOTE
r-release-osx-x86_64-snowleopard 1.1 NOTE
r-release-windows-ix86+x86_64 1.1 12.00 56.00 68.00 NOTE
r-oldrel-windows-ix86+x86_64 1.1 9.00 47.00 56.00 NOTE

Check Details

Version: 1.1
Check: dependencies in R code
Result: NOTE
    'library' or 'require' calls to packages already attached by Depends:
     ‘MASS’ ‘e1071’
     Please remove these calls from your code.
Flavors: r-devel-linux-x86_64-debian-clang, r-devel-linux-x86_64-debian-gcc, r-devel-linux-x86_64-fedora-clang, r-devel-linux-x86_64-fedora-gcc, r-devel-osx-x86_64-clang, r-devel-windows-ix86+x86_64, r-patched-solaris-sparc, r-patched-solaris-x86, r-release-linux-x86_64, r-release-osx-x86_64-mavericks, r-release-osx-x86_64-snowleopard, r-release-windows-ix86+x86_64, r-oldrel-windows-ix86+x86_64

Version: 1.1
Check: R code for possible problems
Result: NOTE
    oneway.plots: warning in dotchart(x = Y, groups = fac1, col = COL[2],
     pch = 1, xlab = deparse(substitute(Y)), xlim = YL, gdata = tapply(Y,
     fac1, mean), gpch = 17): partial argument match of ‘col’ to ‘color’
Flavors: r-devel-linux-x86_64-debian-clang, r-devel-linux-x86_64-debian-gcc, r-devel-linux-x86_64-fedora-clang, r-devel-linux-x86_64-fedora-gcc, r-devel-osx-x86_64-clang, r-devel-windows-ix86+x86_64, r-patched-solaris-sparc, r-patched-solaris-x86, r-release-linux-x86_64, r-release-osx-x86_64-mavericks, r-release-osx-x86_64-snowleopard, r-release-windows-ix86+x86_64, r-oldrel-windows-ix86+x86_64