CRAN Package Check Results for Package PASWR

Last updated on 2014-11-22 05:48:28.

Flavor Version Tinstall Tcheck Ttotal Status Flags
r-devel-linux-x86_64-debian-clang 1.1 2.38 26.93 29.31 NOTE
r-devel-linux-x86_64-debian-gcc 1.1 2.29 27.39 29.68 NOTE
r-devel-linux-x86_64-fedora-clang 1.1 64.49 NOTE
r-devel-linux-x86_64-fedora-gcc 1.1 57.62 NOTE
r-devel-osx-x86_64-clang 1.1 56.87 NOTE
r-devel-windows-ix86+x86_64 1.1 8.00 66.00 74.00 NOTE
r-patched-linux-x86_64 1.1 2.39 28.87 31.26 NOTE
r-patched-solaris-sparc 1.1 330.40 NOTE
r-patched-solaris-x86 1.1 75.40 NOTE
r-release-linux-ix86 1.1 3.06 34.24 37.30 NOTE
r-release-linux-x86_64 1.1 2.46 27.74 30.20 NOTE
r-release-osx-x86_64-mavericks 1.1 NOTE
r-release-osx-x86_64-snowleopard 1.1 NOTE
r-release-windows-ix86+x86_64 1.1 10.00 43.00 53.00 NOTE
r-oldrel-windows-ix86+x86_64 1.1 8.00 46.00 54.00 NOTE

Check Details

Version: 1.1
Check: dependencies in R code
Result: NOTE
    'library' or 'require' calls to packages already attached by Depends:
     ‘MASS’ ‘e1071’
     Please remove these calls from your code.
    See the information on DESCRIPTION files in the chapter ‘Creating R
    packages’ of the ‘Writing R Extensions’ manual.
Flavors: r-devel-linux-x86_64-debian-clang, r-devel-linux-x86_64-debian-gcc, r-devel-linux-x86_64-fedora-clang, r-devel-linux-x86_64-fedora-gcc, r-devel-osx-x86_64-clang, r-devel-windows-ix86+x86_64, r-patched-linux-x86_64, r-patched-solaris-sparc, r-patched-solaris-x86, r-release-linux-ix86, r-release-linux-x86_64, r-release-osx-x86_64-mavericks, r-release-osx-x86_64-snowleopard, r-release-windows-ix86+x86_64, r-oldrel-windows-ix86+x86_64

Version: 1.1
Check: R code for possible problems
Result: NOTE
    oneway.plots: warning in dotchart(x = Y, groups = fac1, col = COL[2],
     pch = 1, xlab = deparse(substitute(Y)), xlim = YL, gdata = tapply(Y,
     fac1, mean), gpch = 17): partial argument match of ‘col’ to ‘color’
Flavors: r-devel-linux-x86_64-debian-clang, r-devel-linux-x86_64-debian-gcc, r-devel-linux-x86_64-fedora-clang, r-devel-linux-x86_64-fedora-gcc, r-devel-osx-x86_64-clang, r-devel-windows-ix86+x86_64, r-patched-linux-x86_64, r-patched-solaris-sparc, r-patched-solaris-x86, r-release-linux-ix86, r-release-linux-x86_64, r-release-osx-x86_64-mavericks, r-release-osx-x86_64-snowleopard, r-release-windows-ix86+x86_64, r-oldrel-windows-ix86+x86_64