CRAN Package Check Results for Package PASWR

Last updated on 2014-09-01 03:46:59.

Flavor Version Tinstall Tcheck Ttotal Status Flags
r-devel-linux-x86_64-debian-clang 1.1 2.47 26.68 29.15 NOTE
r-devel-linux-x86_64-debian-gcc 1.1 2.25 26.11 28.36 NOTE
r-devel-linux-x86_64-fedora-clang 1.1 60.52 NOTE
r-devel-linux-x86_64-fedora-gcc 1.1 55.17 NOTE
r-devel-osx-x86_64-clang 1.1 52.29 NOTE
r-devel-windows-ix86+x86_64 1.1 8.00 42.00 50.00 NOTE
r-patched-linux-x86_64 1.1 3.66 27.07 30.73 NOTE
r-patched-solaris-sparc 1.1 342.00 NOTE
r-patched-solaris-x86 1.1 74.80 NOTE
r-release-linux-ix86 1.1 3.07 35.96 39.04 NOTE
r-release-linux-x86_64 1.1 2.88 27.82 30.70 NOTE
r-release-osx-x86_64-mavericks 1.1 NOTE
r-release-osx-x86_64-snowleopard 1.1 NOTE
r-release-windows-ix86+x86_64 1.1 7.00 44.00 51.00 NOTE
r-oldrel-windows-ix86+x86_64 1.1 9.00 45.00 54.00 NOTE

Check Details

Version: 1.1
Check: dependencies in R code
Result: NOTE
    'library' or 'require' calls to packages already attached by Depends:
     ‘MASS’ ‘e1071’
     Please remove these calls from your code.
    See the information on DESCRIPTION files in the chapter ‘Creating R
    packages’ of the ‘Writing R Extensions’ manual.
Flavors: r-devel-linux-x86_64-debian-clang, r-devel-linux-x86_64-debian-gcc, r-devel-linux-x86_64-fedora-clang, r-devel-linux-x86_64-fedora-gcc, r-devel-osx-x86_64-clang, r-devel-windows-ix86+x86_64, r-patched-linux-x86_64, r-patched-solaris-sparc, r-patched-solaris-x86, r-release-linux-ix86, r-release-linux-x86_64, r-release-osx-x86_64-mavericks, r-release-osx-x86_64-snowleopard, r-release-windows-ix86+x86_64, r-oldrel-windows-ix86+x86_64

Version: 1.1
Check: R code for possible problems
Result: NOTE
    oneway.plots: warning in dotchart(x = Y, groups = fac1, col = COL[2],
     pch = 1, xlab = deparse(substitute(Y)), xlim = YL, gdata = tapply(Y,
     fac1, mean), gpch = 17): partial argument match of 'col' to 'color'
Flavors: r-devel-linux-x86_64-debian-clang, r-devel-linux-x86_64-debian-gcc, r-devel-linux-x86_64-fedora-clang, r-devel-linux-x86_64-fedora-gcc, r-devel-osx-x86_64-clang, r-devel-windows-ix86+x86_64, r-patched-linux-x86_64, r-patched-solaris-sparc, r-patched-solaris-x86, r-release-linux-ix86, r-release-linux-x86_64, r-release-osx-x86_64-mavericks, r-release-osx-x86_64-snowleopard, r-release-windows-ix86+x86_64, r-oldrel-windows-ix86+x86_64