CRAN Package Check Results for Package PTAk

Last updated on 2014-04-24 05:47:29.

Flavor Version Tinstall Tcheck Ttotal Status Flags
r-devel-linux-x86_64-debian-clang 1.2-6 1.18 23.65 24.83 NOTE
r-devel-linux-x86_64-debian-gcc 1.2-6 1.24 24.06 25.30 NOTE
r-devel-linux-x86_64-fedora-clang 1.2-6 48.74 NOTE
r-devel-linux-x86_64-fedora-gcc 1.2-6 47.04 NOTE
r-devel-osx-x86_64-clang 1.2-6 44.99 NOTE
r-devel-osx-x86_64-gcc 1.2-6 NOTE
r-devel-windows-ix86+x86_64 1.2-6 4.00 31.00 35.00 NOTE
r-patched-linux-x86_64 1.2-6 1.13 23.45 24.58 NOTE
r-patched-solaris-sparc 1.2-6 263.90 NOTE
r-patched-solaris-x86 1.2-6 63.40 NOTE
r-release-linux-ix86 1.2-6 2.00 40.00 42.00 NOTE
r-release-linux-x86_64 1.2-6 1.10 23.58 24.68 NOTE
r-release-osx-x86_64-mavericks 1.2-6 WARN
r-release-osx-x86_64-snowleopard 1.2-6 NOTE
r-release-windows-ix86+x86_64 1.2-6 6.00 48.00 54.00 NOTE
r-oldrel-windows-ix86+x86_64 1.2-6 3.00 37.00 40.00 NOTE

Check Details

Version: 1.2-6
Check: dependencies in R code
Result: NOTE
    'library' or 'require' call to ‘tensor’ which was already attached by Depends.
     Please remove these calls from your code.
    See the information on DESCRIPTION files in the chapter ‘Creating R
    packages’ of the ‘Writing R Extensions’ manual.
Flavors: r-devel-linux-x86_64-debian-clang, r-devel-linux-x86_64-debian-gcc, r-devel-linux-x86_64-fedora-clang, r-devel-linux-x86_64-fedora-gcc, r-devel-osx-x86_64-clang, r-devel-osx-x86_64-gcc, r-devel-windows-ix86+x86_64, r-patched-linux-x86_64, r-patched-solaris-sparc, r-patched-solaris-x86, r-release-linux-ix86, r-release-linux-x86_64, r-release-osx-x86_64-mavericks, r-release-osx-x86_64-snowleopard, r-release-windows-ix86+x86_64, r-oldrel-windows-ix86+x86_64

Version: 1.2-6
Check: Rd line widths
Result: NOTE
    Rd file 'COS2CTR.PTAk.Rd':
     \examples lines wider than 100 characters:
     plot(cri.FCA2, mod = c(1,2), nb1 = 2, nb2 = 3, coefi = list(rep(0.130787,50),rep(0.104359,7)) )# symmetric-map biplot
    
    Rd file 'FCA2.Rd':
     \examples lines wider than 100 characters:
     plot(cri.FCA2, mod = c(1,2), nb1 = 2, nb2 = 3, coefi = list(rep(0.130787,50),rep(0.104359,7)) )# symmetric-map biplot
    
    Rd file 'PTA3.Rd':
     \examples lines wider than 100 characters:
     # colnames(Zot) <-c(paste(rep(temp [1],12),1:12),paste(rep(temp [2],12),1:12), paste(rep(temp [3],12),1:12))
     #Zone3w<-Multcent(dat=Zone3w,bi=NULL,by=3,centre=mean, centrebyBA=c(TRUE,FALSE),scalebyBA=c(TRUE,FALSE))
    
    These lines will be truncated in the PDF manual.
Flavors: r-devel-linux-x86_64-fedora-clang, r-devel-linux-x86_64-fedora-gcc

Version: 1.2-6
Check: PDF version of manual
Result: WARNING
    LaTeX errors when creating PDF version.
    This typically indicates Rd problems.
    LaTeX errors found:
    ! LaTeX Error: File `upquote.sty' not found.
    
    Type X to quit or <RETURN> to proceed,
    or enter new name. (Default extension: sty)
    
    7a6d349/Rd2.tex:8: ==> Fatal error occurred, no output PDF file produced!
Flavor: r-release-osx-x86_64-mavericks