CRAN Package Check Results for Package PTAk

Last updated on 2015-01-26 03:52:33.

Flavor Version Tinstall Tcheck Ttotal Status Flags
r-devel-linux-x86_64-debian-clang 1.2-9 1.07 23.76 24.82 OK
r-devel-linux-x86_64-debian-gcc 1.2-9 1.08 23.06 24.14 OK
r-devel-linux-x86_64-fedora-clang 1.2-9 50.93 NOTE
r-devel-linux-x86_64-fedora-gcc 1.2-9 48.15 NOTE
r-devel-osx-x86_64-clang 1.2-9 53.59 NOTE
r-devel-windows-ix86+x86_64 1.2-9 4.00 34.00 38.00 OK
r-patched-linux-x86_64 1.2-9 1.15 23.73 24.88 OK
r-patched-solaris-sparc 1.2-9 290.70 OK
r-patched-solaris-x86 1.2-9 60.70 OK
r-release-linux-ix86 1.2-9 1.57 28.46 30.03 OK
r-release-linux-x86_64 1.2-9 1.04 24.28 25.32 OK
r-release-osx-x86_64-mavericks 1.2-9 OK
r-release-osx-x86_64-snowleopard 1.2-9 OK
r-release-windows-ix86+x86_64 1.2-9 3.00 34.00 37.00 OK
r-oldrel-windows-ix86+x86_64 1.2-9 3.00 39.00 42.00 OK

Check Details

Version: 1.2-9
Check: S3 generic/method consistency
Result: NOTE
    Found the following apparent S3 methods exported but not registered:
     summary.FCAk summary.PTAk plot.PTAk
    See section ‘Registering S3 methods’ in the ‘Writing R Extensions’
    manual.
Flavors: r-devel-linux-x86_64-fedora-clang, r-devel-linux-x86_64-fedora-gcc, r-devel-osx-x86_64-clang