CRAN Package Check Results for Package RPostgreSQL

Last updated on 2014-04-24 05:47:31.

Flavor Version Tinstall Tcheck Ttotal Status Flags
r-devel-linux-x86_64-debian-clang 0.4 3.01 23.45 26.46 OK
r-devel-linux-x86_64-debian-gcc 0.4 3.23 23.07 26.30 OK
r-devel-linux-x86_64-fedora-clang 0.4 182.04 NOTE
r-devel-linux-x86_64-fedora-gcc 0.4 176.41 NOTE
r-devel-osx-x86_64-clang 0.4 52.78 OK
r-devel-osx-x86_64-gcc 0.4 OK
r-devel-windows-ix86+x86_64 0.4 67.00 215.00 282.00 OK
r-patched-linux-x86_64 0.4 3.32 23.41 26.72 OK
r-patched-solaris-sparc 0.4 308.30 OK
r-patched-solaris-x86 0.4 72.20 OK
r-release-linux-ix86 0.4 6.00 45.00 51.00 OK
r-release-linux-x86_64 0.4 3.52 23.26 26.78 OK
r-release-osx-x86_64-mavericks 0.4 ERROR
r-release-osx-x86_64-snowleopard 0.4 OK
r-release-windows-ix86+x86_64 0.4 166.00 281.00 447.00 OK
r-oldrel-windows-ix86+x86_64 0.4 70.00 233.00 303.00 OK

Check Details

Version: 0.4
Check: top-level files
Result: NOTE
    Non-standard files/directories found at top level:
     ‘config.guess’ ‘config.sub’ ‘install-sh’
Flavors: r-devel-linux-x86_64-fedora-clang, r-devel-linux-x86_64-fedora-gcc

Version: 0.4
Check: Rd line widths
Result: NOTE
    Rd file 'postgresqlBuildTableDefinition.Rd':
     \usage lines wider than 90 characters:
     postgresqlBuildTableDefinition(dbObj, name, obj, field.types = NULL, row.names = TRUE, ...)
    
    Rd file 'postgresqlSupport.Rd':
     \usage lines wider than 90 characters:
     postgresqlNewConnection(drv, user, password, host, dbname, port, tty, options, forceISOdate = TRUE)
    
    These lines will be truncated in the PDF manual.
Flavors: r-devel-linux-x86_64-fedora-clang, r-devel-linux-x86_64-fedora-gcc

Version: 0.4
Check: whether package can be installed
Result: ERROR
    Installation failed.
    See ‘/Builds/CRAN-QA-Simon/packages/mavericks-x86_64/results/3.1/RPostgreSQL.Rcheck/00install.out’ for details.
Flavor: r-release-osx-x86_64-mavericks