CRAN Package Check Results for Package RPyGeo

Last updated on 2014-04-20 03:47:35.

Flavor Version Tinstall Tcheck Ttotal Status Flags
r-devel-macosx-x86_64-gcc 0.9-3 NOTE --install=no
r-devel-windows-ix86+x86_64 0.9-3 8.00 50.00 58.00 NOTE
r-patched-solaris-sparc 0.9-3 67.10 NOTE --install=no
r-patched-solaris-x86 0.9-3 16.60 NOTE --install=no
r-release-macosx-x86_64 0.9-3 NOTE --install=no
r-release-windows-ix86+x86_64 0.9-3 12.00 49.00 61.00 NOTE
r-oldrel-windows-ix86+x86_64 0.9-3 9.00 47.00 56.00 NOTE

Check Details

Version: 0.9-3
Check: dependencies in R code
Result: NOTE
    'library' or 'require' calls to packages already attached by Depends:
     ‘RSAGA’ ‘shapefiles’
     Please remove these calls from your code.
    See the information on DESCRIPTION files in the chapter ‘Creating R
    packages’ of the ‘Writing R Extensions’ manual.
Flavors: r-devel-macosx-x86_64-gcc, r-patched-solaris-sparc, r-patched-solaris-x86, r-release-macosx-x86_64

Version: 0.9-3
Check: dependencies in R code
Result: NOTE
    'library' or 'require' call to 'shapefiles' which was already attached by Depends.
     Please remove these calls from your code.
    See the information on DESCRIPTION files in the chapter 'Creating R
    packages' of the 'Writing R Extensions' manual.
Flavors: r-devel-windows-ix86+x86_64, r-release-windows-ix86+x86_64, r-oldrel-windows-ix86+x86_64

Version: 0.9-3
Check: R code for possible problems
Result: NOTE
    rpygeo.geoprocessor: warning in system(py.call, invisible = TRUE,
     minimize = TRUE, wait = wait): partial argument match of 'minimize'
     to 'minimized'
Flavors: r-devel-windows-ix86+x86_64, r-release-windows-ix86+x86_64, r-oldrel-windows-ix86+x86_64