CRAN Package Check Results for Package Rlab

Last updated on 2015-05-27 06:46:57.

Flavor Version Tinstall Tcheck Ttotal Status Flags
r-devel-linux-x86_64-debian-clang 2.15.1 1.37 15.83 17.20 NOTE
r-devel-linux-x86_64-debian-gcc 2.15.1 1.32 15.51 16.83 NOTE
r-devel-linux-x86_64-fedora-clang 2.15.1 32.68 NOTE
r-devel-linux-x86_64-fedora-gcc 2.15.1 30.95 NOTE
r-devel-osx-x86_64-clang 2.15.1 34.69 NOTE
r-devel-windows-ix86+x86_64 2.15.1 7.00 35.00 42.00 NOTE
r-patched-linux-x86_64 2.15.1 1.29 15.75 17.04 NOTE
r-patched-solaris-sparc 2.15.1 192.70 NOTE
r-patched-solaris-x86 2.15.1 43.60 NOTE
r-release-linux-x86_64 2.15.1 1.33 15.81 17.14 NOTE
r-release-osx-x86_64-mavericks 2.15.1 NOTE
r-release-osx-x86_64-snowleopard 2.15.1 NOTE
r-release-windows-ix86+x86_64 2.15.1 4.00 32.00 36.00 NOTE
r-oldrel-windows-ix86+x86_64 2.15.1 12.00 38.00 50.00 NOTE

Check Details

Version: 2.15.1
Check: DESCRIPTION meta-information
Result: NOTE
    Malformed Description field: should contain one or more complete sentences.
Flavors: r-devel-linux-x86_64-debian-clang, r-devel-linux-x86_64-debian-gcc, r-devel-linux-x86_64-fedora-clang, r-devel-linux-x86_64-fedora-gcc, r-devel-osx-x86_64-clang, r-devel-windows-ix86+x86_64, r-patched-linux-x86_64, r-patched-solaris-sparc, r-patched-solaris-x86, r-release-linux-x86_64, r-release-osx-x86_64-mavericks, r-release-osx-x86_64-snowleopard, r-release-windows-ix86+x86_64

Version: 2.15.1
Check: dependencies in R code
Result: NOTE
    ':::' calls which should be '::':
     ‘stats:::dexp’ ‘stats:::dgamma’ ‘stats:::dweibull’ ‘stats:::pexp’
     ‘stats:::pgamma’ ‘stats:::pweibull’ ‘stats:::qexp’ ‘stats:::qgamma’
     ‘stats:::qweibull’ ‘stats:::rexp’ ‘stats:::rgamma’ ‘stats:::rweibull’
     See the note in ?`:::` about the use of this operator.
Flavors: r-devel-linux-x86_64-debian-clang, r-devel-linux-x86_64-debian-gcc, r-devel-linux-x86_64-fedora-clang, r-devel-linux-x86_64-fedora-gcc, r-devel-osx-x86_64-clang, r-devel-windows-ix86+x86_64, r-patched-linux-x86_64, r-patched-solaris-sparc, r-patched-solaris-x86, r-release-linux-x86_64, r-release-osx-x86_64-mavericks, r-release-osx-x86_64-snowleopard, r-release-windows-ix86+x86_64, r-oldrel-windows-ix86+x86_64

Version: 2.15.1
Check: R code for possible problems
Result: NOTE
    Found the following calls to data() loading into the global environment:
    File ‘Rlab/R/US.R’:
     data(US.dat)
    File ‘Rlab/R/world.R’:
     data(world.dat)
    See section ‘Good practice’ in ‘?data’.
Flavors: r-devel-linux-x86_64-debian-clang, r-devel-linux-x86_64-debian-gcc, r-devel-linux-x86_64-fedora-clang, r-devel-osx-x86_64-clang, r-patched-linux-x86_64, r-release-linux-x86_64