CRAN Package Check Results for Package Rlab

Last updated on 2014-04-24 05:47:30.

Flavor Version Tinstall Tcheck Ttotal Status Flags
r-devel-linux-x86_64-debian-clang 2.15.1 1.58 18.41 20.00 NOTE
r-devel-linux-x86_64-debian-gcc 2.15.1 1.68 18.23 19.91 NOTE
r-devel-linux-x86_64-fedora-clang 2.15.1 38.07 NOTE
r-devel-linux-x86_64-fedora-gcc 2.15.1 36.07 NOTE
r-devel-osx-x86_64-clang 2.15.1 35.79 NOTE
r-devel-osx-x86_64-gcc 2.15.1 NOTE
r-devel-windows-ix86+x86_64 2.15.1 6.00 33.00 39.00 NOTE
r-patched-linux-x86_64 2.15.1 1.65 18.40 20.05 NOTE
r-patched-solaris-sparc 2.15.1 216.80 NOTE
r-patched-solaris-x86 2.15.1 50.50 NOTE
r-release-linux-ix86 2.15.1 3.00 36.00 39.00 NOTE
r-release-linux-x86_64 2.15.1 1.66 18.75 20.41 NOTE
r-release-osx-x86_64-mavericks 2.15.1 NOTE
r-release-windows-ix86+x86_64 2.15.1 13.00 44.00 57.00 NOTE
r-oldrel-windows-ix86+x86_64 2.15.1 8.00 34.00 42.00 NOTE

Check Details

Version: 2.15.1
Check: dependencies in R code
Result: NOTE
    ':::' calls which should be '::':
     ‘stats:::dexp’ ‘stats:::dgamma’ ‘stats:::dweibull’ ‘stats:::pexp’
     ‘stats:::pgamma’ ‘stats:::pweibull’ ‘stats:::qexp’ ‘stats:::qgamma’
     ‘stats:::qweibull’ ‘stats:::rexp’ ‘stats:::rgamma’ ‘stats:::rweibull’
     See the note in ?`:::` about the use of this operator.
    See the information on DESCRIPTION files in the chapter ‘Creating R
    packages’ of the ‘Writing R Extensions’ manual.
Flavors: r-devel-linux-x86_64-debian-clang, r-devel-linux-x86_64-debian-gcc, r-devel-linux-x86_64-fedora-clang, r-devel-linux-x86_64-fedora-gcc, r-devel-osx-x86_64-clang, r-devel-osx-x86_64-gcc, r-devel-windows-ix86+x86_64, r-patched-linux-x86_64, r-patched-solaris-sparc, r-patched-solaris-x86, r-release-linux-ix86, r-release-linux-x86_64, r-release-osx-x86_64-mavericks, r-release-windows-ix86+x86_64, r-oldrel-windows-ix86+x86_64

Version: 2.15.1
Check: R code for possible problems
Result: NOTE
    Found the following calls to data() loading into the global environment:
    File ‘Rlab/R/US.R’:
     data(US.dat)
    File ‘Rlab/R/world.R’:
     data(world.dat)
    See section ‘Good practice’ in ‘?data’.
Flavors: r-devel-linux-x86_64-debian-clang, r-devel-linux-x86_64-debian-gcc, r-devel-linux-x86_64-fedora-clang, r-devel-osx-x86_64-clang, r-patched-linux-x86_64, r-release-linux-ix86, r-release-linux-x86_64