CRAN Package Check Results for Package SPACECAP

Last updated on 2014-07-22 05:48:25.

Flavor Version Tinstall Tcheck Ttotal Status Flags
r-devel-linux-x86_64-debian-clang 1.0.6 1.00 15.67 16.67 NOTE
r-devel-linux-x86_64-debian-gcc 1.0.6 0.94 15.75 16.69 NOTE
r-devel-linux-x86_64-fedora-clang 1.0.6 33.98 NOTE
r-devel-linux-x86_64-fedora-gcc 1.0.6 33.84 NOTE
r-devel-osx-x86_64-clang 1.0.6 36.72 NOTE
r-devel-windows-ix86+x86_64 1.0.6 4.00 25.00 29.00 NOTE
r-patched-linux-x86_64 1.0.6 0.98 16.16 17.14 NOTE
r-patched-solaris-sparc 1.0.6 207.80 NOTE
r-patched-solaris-x86 1.0.6 51.30 NOTE
r-release-linux-ix86 1.0.6 1.47 24.73 26.20 NOTE
r-release-linux-x86_64 1.0.6 1.15 16.09 17.24 NOTE
r-release-osx-x86_64-mavericks 1.0.6 NOTE
r-release-osx-x86_64-snowleopard 1.0.6 NOTE
r-release-windows-ix86+x86_64 1.0.6 3.00 26.00 29.00 NOTE
r-oldrel-windows-ix86+x86_64 1.0.6 4.00 27.00 31.00 NOTE

Check Details

Version: 1.0.6
Check: dependencies in R code
Result: NOTE
    'library' or 'require' calls to packages already attached by Depends:
     ‘TeachingDemos’ ‘coda’ ‘tcltk’
     Please remove these calls from your code.
    See the information on DESCRIPTION files in the chapter ‘Creating R
    packages’ of the ‘Writing R Extensions’ manual.
Flavors: r-devel-linux-x86_64-debian-clang, r-devel-linux-x86_64-debian-gcc, r-devel-linux-x86_64-fedora-clang, r-devel-linux-x86_64-fedora-gcc, r-devel-osx-x86_64-clang, r-devel-windows-ix86+x86_64, r-patched-linux-x86_64, r-patched-solaris-sparc, r-patched-solaris-x86, r-release-linux-ix86, r-release-linux-x86_64, r-release-osx-x86_64-mavericks, r-release-osx-x86_64-snowleopard, r-release-windows-ix86+x86_64, r-oldrel-windows-ix86+x86_64