CRAN Package Check Results for Package SPACECAP

Last updated on 2015-03-26 05:47:07.

Flavor Version Tinstall Tcheck Ttotal Status Flags
r-devel-linux-x86_64-debian-clang 1.1.0 0.85 13.77 14.62 NOTE
r-devel-linux-x86_64-debian-gcc 1.1.0 1.01 13.97 14.98 NOTE
r-devel-linux-x86_64-fedora-clang 1.1.0 28.13 NOTE
r-devel-linux-x86_64-fedora-gcc 1.1.0 25.94 NOTE
r-devel-osx-x86_64-clang 1.1.0 35.16 NOTE
r-prerel-windows-ix86+x86_64 1.1.0 3.00 22.00 25.00 NOTE
r-prerel-linux-x86_64 1.1.0 0.85 14.06 14.91 NOTE
r-prerel-solaris-sparc 1.1.0 183.70 NOTE
r-prerel-solaris-x86 1.1.0 42.60 NOTE
r-release-linux-x86_64 1.1.0 1.04 15.53 16.58 NOTE
r-release-osx-x86_64-mavericks 1.1.0 NOTE
r-release-osx-x86_64-snowleopard 1.1.0 OK
r-release-windows-ix86+x86_64 1.1.0 5.00 28.00 33.00 NOTE
r-oldrel-windows-ix86+x86_64 1.1.0 5.00 27.00 32.00 OK

Check Details

Version: 1.1.0
Check: dependencies in R code
Result: NOTE
    Package in Depends field not imported from: ‘tcltk’
     These packages need to be imported from (in the NAMESPACE file)
     for when this namespace is loaded but not attached.
Flavors: r-devel-linux-x86_64-debian-clang, r-devel-linux-x86_64-debian-gcc, r-devel-linux-x86_64-fedora-clang, r-devel-linux-x86_64-fedora-gcc, r-devel-osx-x86_64-clang, r-prerel-windows-ix86+x86_64, r-prerel-linux-x86_64, r-prerel-solaris-sparc, r-prerel-solaris-x86, r-release-linux-x86_64, r-release-windows-ix86+x86_64

Version: 1.1.0
Check: R code for possible problems
Result: NOTE
    SPACECAP: no visible global function definition for ‘tclRequire’
    SPACECAP: no visible global function definition for ‘tktoplevel’
    SPACECAP: no visible global function definition for ‘tclVar’
    SPACECAP : readFile1: no visible global function definition for
     ‘tclvalue’
    SPACECAP : readFile1: no visible global function definition for
     ‘tkgetOpenFile’
    SPACECAP : readFile1: no visible global function definition for
     ‘tkconfigure’
    SPACECAP : readFile1: no visible global function definition for
     ‘tkdelete’
    SPACECAP : readFile1: no visible global function definition for
     ‘tkinsert’
    SPACECAP : readFile1: no visible global function definition for
     ‘tkfocus’
    SPACECAP : readFile2: no visible global function definition for
     ‘tclvalue’
    SPACECAP : readFile2: no visible global function definition for
     ‘tkgetOpenFile’
    SPACECAP : readFile2: no visible global function definition for
     ‘tkconfigure’
    SPACECAP : readFile2: no visible global function definition for
     ‘tkdelete’
    SPACECAP : readFile2: no visible global function definition for
     ‘tkinsert’
    SPACECAP : readFile2: no visible global function definition for
     ‘tkfocus’
    SPACECAP : readFile3: no visible global function definition for
     ‘tclvalue’
    SPACECAP : readFile3: no visible global function definition for
     ‘tkgetOpenFile’
    SPACECAP : readFile3: no visible global function definition for
     ‘tkconfigure’
    SPACECAP : readFile3: no visible global function definition for
     ‘tkdelete’
    SPACECAP : readFile3: no visible global function definition for
     ‘tkinsert’
    SPACECAP : readFile3: no visible global function definition for
     ‘tkfocus’
    SPACECAP: no visible global function definition for ‘tkframe’
    SPACECAP: no visible global function definition for ‘tkpack’
    SPACECAP: no visible global function definition for ‘tktext’
    SPACECAP: no visible global function definition for ‘tkscrollbar’
    SPACECAP : <anonymous>: no visible global function definition for
     ‘tkyview’
    SPACECAP: no visible global function definition for ‘tkconfigure’
    SPACECAP : <anonymous>: no visible global function definition for
     ‘tkset’
    SPACECAP : SCRd.fn: no visible global function definition for
     ‘tkinsert’
    SPACECAP : SCRd.fn: no visible global function definition for
     ‘tkProgressBar’
    SPACECAP : SCRd.fn: no visible global function definition for
     ‘setTkProgressBar’
    SPACECAP : SCRd.fn: no visible global function definition for
     ‘tclArray’
    SPACECAP : SCRd.fn: no visible global function definition for
     ‘tclvalue’
    SPACECAP : SCRd.fn: no visible global function definition for
     ‘tkwidget’
    SPACECAP : SCRd.fn: no visible global function definition for ‘tklabel’
    SPACECAP : SCRd.fn: no visible global function definition for ‘tkgrid’
    SPACECAP : SCRd.fn: no visible global function definition for ‘tkpack’
    SPACECAP : run: no visible global function definition for ‘tclvalue’
    SPACECAP : run: no visible global function definition for ‘tkcget’
    SPACECAP : run: no visible global function definition for
     ‘tkmessageBox’
    SPACECAP : run: no visible global function definition for ‘tkinsert’
    SPACECAP : run: no visible global function definition for ‘tkfocus’
    SPACECAP : run: no visible global function definition for ‘tkdestroy’
    SPACECAP : run: no visible global function definition for ‘tkframe’
    SPACECAP : run: no visible global function definition for ‘tkpack’
    SPACECAP : exit: no visible global function definition for ‘tkdestroy’
    SPACECAP : helpme : <anonymous>: no visible global function definition
     for ‘tkmessageBox’
    SPACECAP : helpme: no visible global function definition for
     ‘tkmessageBox’
    SPACECAP: no visible global function definition for ‘tkwm.title’
    SPACECAP: no visible global function definition for ‘tkmenu’
    SPACECAP: no visible global function definition for ‘tkadd’
    SPACECAP: no visible global function definition for ‘tklabel’
    SPACECAP: no visible global function definition for ‘tkgrid’
    SPACECAP: no visible global function definition for ‘tkentry’
    SPACECAP: no visible global function definition for ‘tkbutton’
    SPACECAP : OnOk1: no visible global function definition for ‘tkinsert’
    SPACECAP : OnOk1: no visible global function definition for
     ‘tkmessageBox’
    SPACECAP : OnOk1: no visible global function definition for ‘tclvalue’
    SPACECAP : OnOk1: no visible global function definition for ‘tkfocus’
    SPACECAP : OnOk1: no visible global function definition for
     ‘tkconfigure’
    SPACECAP : OnReset1: no visible global function definition for
     ‘tkconfigure’
    SPACECAP: no visible global function definition for ‘tkgrid.configure’
    SPACECAP: no visible global function definition for ‘tkradiobutton’
    SPACECAP : onOk2: no visible global function definition for
     ‘tkconfigure’
    SPACECAP : onOk2: no visible global function definition for ‘tkinsert’
    SPACECAP : onReset2: no visible global function definition for
     ‘tkconfigure’
    SPACECAP : OnOk3: no visible global function definition for ‘tclvalue’
    SPACECAP : OnOk3: no visible global function definition for
     ‘tkmessageBox’
    SPACECAP : OnOk3: no visible global function definition for ‘tkfocus’
    SPACECAP : OnOk3: no visible global function definition for ‘tkinsert’
    SPACECAP : OnOk3: no visible global function definition for
     ‘tkconfigure’
    SPACECAP : onReset3: no visible global function definition for
     ‘tkconfigure’
Flavors: r-devel-linux-x86_64-debian-clang, r-devel-linux-x86_64-debian-gcc, r-devel-linux-x86_64-fedora-clang, r-devel-linux-x86_64-fedora-gcc, r-devel-osx-x86_64-clang, r-prerel-windows-ix86+x86_64, r-prerel-linux-x86_64, r-prerel-solaris-sparc, r-prerel-solaris-x86, r-release-linux-x86_64, r-release-osx-x86_64-mavericks, r-release-windows-ix86+x86_64

Version: 1.1.0
Check: dependencies in R code
Result: NOTE
    Package in Depends field not imported from: ‘tcltk’
     These packages need to be imported from (in the NAMESPACE file)
     for when this namespace is loaded but not attached.
    See the information on DESCRIPTION files in the chapter ‘Creating R
    packages’ of the ‘Writing R Extensions’ manual.
Flavor: r-release-osx-x86_64-mavericks