CRAN Package Check Results for Package SpatialNP

Last updated on 2014-09-01 03:47:05.

Flavor Version Tinstall Tcheck Ttotal Status Flags
r-devel-linux-x86_64-debian-clang 1.1-1 1.27 14.04 15.31 OK
r-devel-linux-x86_64-debian-gcc 1.1-1 1.49 14.21 15.70 OK
r-devel-linux-x86_64-fedora-clang 1.1-1 33.06 OK
r-devel-linux-x86_64-fedora-gcc 1.1-1 28.00 OK
r-devel-osx-x86_64-clang 1.1-1 29.54 OK
r-devel-windows-ix86+x86_64 1.1-1 7.00 32.00 39.00 OK
r-patched-linux-x86_64 1.1-1 1.50 15.33 16.83 OK
r-patched-solaris-sparc 1.1-1 201.00 OK
r-patched-solaris-x86 1.1-1 44.80 OK
r-release-linux-ix86 1.1-1 2.04 22.00 24.05 OK
r-release-linux-x86_64 1.1-1 1.48 15.77 17.24 OK
r-release-osx-x86_64-mavericks 1.1-1 OK
r-release-osx-x86_64-snowleopard 1.1-1 NOTE
r-release-windows-ix86+x86_64 1.1-1 7.00 33.00 40.00 OK
r-oldrel-windows-ix86+x86_64 1.1-1 10.00 33.00 43.00 OK

Check Details

Version: 1.1-1
Check: package dependencies
Result: NOTE
    Packages suggested but not available for checking: 'ICSNP' 'MNM'
Flavor: r-release-osx-x86_64-snowleopard

Version: 1.1-1
Check: Rd cross-references
Result: NOTE
    Packages unavailable to check Rd xrefs: 'ICSNP', 'MNM'
Flavor: r-release-osx-x86_64-snowleopard