CRAN Package Check Results for Package SpatialNP

Last updated on 2014-04-24 05:47:33.

Flavor Version Tinstall Tcheck Ttotal Status Flags
r-devel-linux-x86_64-debian-clang 1.1-1 1.38 14.80 16.18 OK
r-devel-linux-x86_64-debian-gcc 1.1-1 1.50 15.12 16.63 OK
r-devel-linux-x86_64-fedora-clang 1.1-1 31.17 OK
r-devel-linux-x86_64-fedora-gcc 1.1-1 30.16 OK
r-devel-osx-x86_64-clang 1.1-1 28.63 OK
r-devel-osx-x86_64-gcc 1.1-1 NOTE
r-devel-windows-ix86+x86_64 1.1-1 6.00 30.00 36.00 OK
r-patched-linux-x86_64 1.1-1 1.50 15.19 16.68 OK
r-patched-solaris-sparc 1.1-1 196.40 OK
r-patched-solaris-x86 1.1-1 45.00 OK
r-release-linux-ix86 1.1-1 3.00 32.00 35.00 OK
r-release-linux-x86_64 1.1-1 1.46 15.10 16.56 OK
r-release-osx-x86_64-mavericks 1.1-1 OK
r-release-osx-x86_64-snowleopard 1.1-1 NOTE
r-release-windows-ix86+x86_64 1.1-1 6.00 30.00 36.00 OK
r-oldrel-windows-ix86+x86_64 1.1-1 7.00 32.00 39.00 OK

Check Details

Version: 1.1-1
Check: package dependencies
Result: NOTE
    Packages suggested but not available for checking: ‘ICSNP’ ‘MNM’
Flavors: r-devel-osx-x86_64-gcc, r-release-osx-x86_64-snowleopard

Version: 1.1-1
Check: Rd cross-references
Result: NOTE
    Packages unavailable to check Rd xrefs: ‘ICSNP’, ‘MNM’
Flavors: r-devel-osx-x86_64-gcc, r-release-osx-x86_64-snowleopard