CRAN Package Check Results for Package SpatialNP

Last updated on 2015-03-04 05:47:58.

Flavor Version Tinstall Tcheck Ttotal Status Flags
r-devel-linux-x86_64-debian-clang 1.1-1 1.45 14.22 15.68 OK
r-devel-linux-x86_64-debian-gcc 1.1-1 1.42 14.68 16.10 OK
r-devel-linux-x86_64-fedora-clang 1.1-1 31.57 OK
r-devel-linux-x86_64-fedora-gcc 1.1-1 27.46 OK
r-devel-osx-x86_64-clang 1.1-1 30.32 OK
r-devel-windows-ix86+x86_64 1.1-1 7.00 29.00 36.00 OK
r-patched-linux-x86_64 1.1-1 1.48 15.09 16.56 OK
r-patched-solaris-sparc 1.1-1 234.00 OK
r-patched-solaris-x86 1.1-1 47.30 OK
r-release-linux-ix86 1.1-1 2.16 21.77 23.93 OK
r-release-linux-x86_64 1.1-1 1.49 15.82 17.31 OK
r-release-osx-x86_64-mavericks 1.1-1 OK
r-release-osx-x86_64-snowleopard 1.1-1 NOTE
r-release-windows-ix86+x86_64 1.1-1 15.00 43.00 58.00 OK
r-oldrel-windows-ix86+x86_64 1.1-1 8.00 32.00 40.00 OK

Check Details

Version: 1.1-1
Check: package dependencies
Result: NOTE
    Packages suggested but not available for checking: 'ICSNP' 'MNM'
Flavor: r-release-osx-x86_64-snowleopard

Version: 1.1-1
Check: Rd cross-references
Result: NOTE
    Packages unavailable to check Rd xrefs: 'ICSNP', 'MNM'
Flavor: r-release-osx-x86_64-snowleopard