CRAN Package Check Results for Package TBSSurvival

Last updated on 2014-04-24 05:47:34.

Flavor Version Tinstall Tcheck Ttotal Status Flags
r-devel-linux-x86_64-debian-clang 1.1 1.51 38.52 40.03 NOTE
r-devel-linux-x86_64-debian-gcc 1.1 1.46 38.68 40.14 NOTE
r-devel-linux-x86_64-fedora-clang 1.1 81.93 NOTE
r-devel-linux-x86_64-fedora-gcc 1.1 78.84 NOTE
r-devel-osx-x86_64-clang 1.1 67.20 NOTE
r-devel-osx-x86_64-gcc 1.1 NOTE
r-devel-windows-ix86+x86_64 1.1 5.00 63.00 68.00 NOTE
r-patched-linux-x86_64 1.1 1.53 38.94 40.47 NOTE
r-patched-solaris-sparc 1.1 446.50 NOTE
r-patched-solaris-x86 1.1 105.20 NOTE
r-release-linux-ix86 1.1 3.00 69.00 72.00 NOTE
r-release-linux-x86_64 1.1 1.46 38.81 40.27 NOTE
r-release-osx-x86_64-mavericks 1.1 WARN
r-release-osx-x86_64-snowleopard 1.1 NOTE
r-release-windows-ix86+x86_64 1.1 6.00 61.00 67.00 NOTE
r-oldrel-windows-ix86+x86_64 1.1 7.00 68.00 75.00 NOTE

Check Details

Version: 1.1
Check: package dependencies
Result: NOTE
    Depends: includes the non-default packages:
     ‘mcmc’ ‘coda’ ‘survival’ ‘normalp’ ‘R.utils’ ‘BMS’
    Adding so many packages to the search path is excessive and importing
    selectively is preferable.
Flavors: r-devel-linux-x86_64-debian-clang, r-devel-linux-x86_64-debian-gcc, r-devel-linux-x86_64-fedora-clang, r-devel-linux-x86_64-fedora-gcc, r-devel-osx-x86_64-clang, r-devel-osx-x86_64-gcc, r-devel-windows-ix86+x86_64, r-patched-linux-x86_64, r-patched-solaris-sparc, r-patched-solaris-x86, r-release-linux-ix86, r-release-linux-x86_64, r-release-osx-x86_64-mavericks, r-release-osx-x86_64-snowleopard, r-release-windows-ix86+x86_64

Version: 1.1
Check: dependencies in R code
Result: NOTE
    Packages in Depends field not imported from:
     ‘BMS’ ‘R.utils’ ‘coda’ ‘mcmc’ ‘normalp’ ‘survival’
     These packages need to be imported from (in the NAMESPACE file)
     for when this namespace is loaded but not attached.
    See the information on DESCRIPTION files in the chapter ‘Creating R
    packages’ of the ‘Writing R Extensions’ manual.
Flavors: r-devel-linux-x86_64-debian-clang, r-devel-linux-x86_64-debian-gcc, r-devel-linux-x86_64-fedora-clang, r-devel-linux-x86_64-fedora-gcc, r-devel-osx-x86_64-clang, r-devel-osx-x86_64-gcc, r-devel-windows-ix86+x86_64, r-patched-linux-x86_64, r-patched-solaris-sparc, r-patched-solaris-x86, r-release-linux-ix86, r-release-linux-x86_64, r-release-osx-x86_64-mavericks, r-release-windows-ix86+x86_64, r-oldrel-windows-ix86+x86_64

Version: 1.1
Check: top-level files
Result: NOTE
    Non-standard file/directory found at top level:
     ‘AUTHORS’
    Authors information should be in file inst/AUTHORS
Flavors: r-devel-linux-x86_64-fedora-clang, r-devel-linux-x86_64-fedora-gcc

Version: 1.1
Check: Rd line widths
Result: NOTE
    Rd file 'tbs.survreg.be.Rd':
     \usage lines wider than 90 characters:
     tbs.survreg.be(formula, dist=dist.error("norm"),max.time = -1, guess.beta = NULL, guess.lambda = 1,
    
    These lines will be truncated in the PDF manual.
Flavors: r-devel-linux-x86_64-fedora-clang, r-devel-linux-x86_64-fedora-gcc

Version: 1.1
Check: PDF version of manual
Result: WARNING
    LaTeX errors when creating PDF version.
    This typically indicates Rd problems.
    LaTeX errors found:
    ! LaTeX Error: File `upquote.sty' not found.
    
    Type X to quit or <RETURN> to proceed,
    or enter new name. (Default extension: sty)
    
    f749a8e/Rd2.tex:8: ==> Fatal error occurred, no output PDF file produced!
Flavor: r-release-osx-x86_64-mavericks