CRAN Package Check Results for Package TBSSurvival

Last updated on 2014-10-20 05:47:28.

Flavor Version Tinstall Tcheck Ttotal Status Flags
r-devel-linux-x86_64-debian-clang 1.1 1.41 37.15 38.56 NOTE
r-devel-linux-x86_64-debian-gcc 1.1 1.38 37.30 38.68 NOTE
r-devel-linux-x86_64-fedora-clang 1.1 84.46 NOTE
r-devel-linux-x86_64-fedora-gcc 1.1 77.03 NOTE
r-devel-osx-x86_64-clang 1.1 71.43 NOTE
r-devel-windows-ix86+x86_64 1.1 6.00 60.00 66.00 NOTE
r-patched-linux-x86_64 1.1 1.47 38.85 40.32 NOTE
r-patched-solaris-sparc 1.1 439.50 NOTE
r-patched-solaris-x86 1.1 102.10 NOTE
r-release-linux-ix86 1.1 2.17 50.26 52.43 NOTE
r-release-linux-x86_64 1.1 1.48 38.95 40.44 NOTE
r-release-osx-x86_64-mavericks 1.1 NOTE
r-release-osx-x86_64-snowleopard 1.1 NOTE
r-release-windows-ix86+x86_64 1.1 7.00 69.00 76.00 NOTE
r-oldrel-windows-ix86+x86_64 1.1 7.00 65.00 72.00 NOTE

Check Details

Version: 1.1
Check: package dependencies
Result: NOTE
    Depends: includes the non-default packages:
     ‘mcmc’ ‘coda’ ‘survival’ ‘normalp’ ‘R.utils’ ‘BMS’
    Adding so many packages to the search path is excessive and importing
    selectively is preferable.
Flavors: r-devel-linux-x86_64-debian-clang, r-devel-linux-x86_64-debian-gcc, r-devel-linux-x86_64-fedora-clang, r-devel-linux-x86_64-fedora-gcc, r-devel-osx-x86_64-clang, r-devel-windows-ix86+x86_64, r-patched-linux-x86_64, r-patched-solaris-sparc, r-patched-solaris-x86, r-release-linux-ix86, r-release-linux-x86_64, r-release-osx-x86_64-mavericks, r-release-osx-x86_64-snowleopard, r-release-windows-ix86+x86_64

Version: 1.1
Check: top-level files
Result: NOTE
    Non-standard file/directory found at top level:
     ‘AUTHORS’
    Authors information should be in file inst/AUTHORS
Flavors: r-devel-linux-x86_64-debian-clang, r-devel-linux-x86_64-debian-gcc, r-devel-linux-x86_64-fedora-clang, r-devel-linux-x86_64-fedora-gcc, r-patched-linux-x86_64, r-release-linux-x86_64

Version: 1.1
Check: dependencies in R code
Result: NOTE
    Packages in Depends field not imported from:
     ‘BMS’ ‘R.utils’ ‘coda’ ‘mcmc’ ‘normalp’ ‘survival’
     These packages need to be imported from (in the NAMESPACE file)
     for when this namespace is loaded but not attached.
    See the information on DESCRIPTION files in the chapter ‘Creating R
    packages’ of the ‘Writing R Extensions’ manual.
Flavors: r-devel-linux-x86_64-debian-clang, r-devel-linux-x86_64-debian-gcc, r-devel-linux-x86_64-fedora-clang, r-devel-linux-x86_64-fedora-gcc, r-devel-osx-x86_64-clang, r-devel-windows-ix86+x86_64, r-patched-linux-x86_64, r-patched-solaris-sparc, r-patched-solaris-x86, r-release-linux-ix86, r-release-linux-x86_64, r-release-osx-x86_64-mavericks, r-release-windows-ix86+x86_64, r-oldrel-windows-ix86+x86_64

Version: 1.1
Check: R code for possible problems
Result: NOTE
    .deriv.tbs: no visible global function definition for ‘f21hyper’
    .tbs.survreg: no visible global function definition for
     ‘evalWithTimeout’
    .tbs.survreg: no visible global function definition for ‘gosolnp’
    dist.error : <anonymous>: no visible global function definition for
     ‘dnormp’
    dist.error : <anonymous>: no visible global function definition for
     ‘pnormp’
    dist.error : <anonymous>: no visible global function definition for
     ‘qnormp’
    dist.error : <anonymous>: no visible global function definition for
     ‘rnormp’
    tbs.survreg.be: no visible global function definition for
     ‘evalWithTimeout’
    tbs.survreg.be: no visible global function definition for ‘metrop’
    tbs.survreg.be: no visible global function definition for ‘HPDinterval’
    tbs.survreg.be: no visible global function definition for ‘as.mcmc’
Flavors: r-devel-linux-x86_64-debian-clang, r-devel-linux-x86_64-debian-gcc, r-devel-linux-x86_64-fedora-clang, r-devel-linux-x86_64-fedora-gcc, r-devel-osx-x86_64-clang, r-devel-windows-ix86+x86_64, r-patched-linux-x86_64, r-patched-solaris-sparc, r-patched-solaris-x86

Version: 1.1
Check: Rd line widths
Result: NOTE
    Rd file 'tbs.survreg.be.Rd':
     \usage lines wider than 90 characters:
     tbs.survreg.be(formula, dist=dist.error("norm"),max.time = -1, guess.beta = NULL, guess.lambda = 1,
    
    These lines will be truncated in the PDF manual.
Flavors: r-devel-linux-x86_64-debian-clang, r-devel-linux-x86_64-debian-gcc, r-devel-linux-x86_64-fedora-clang, r-devel-linux-x86_64-fedora-gcc, r-patched-linux-x86_64, r-release-linux-x86_64