CRAN Package Check Results for Package TBSSurvival

Last updated on 2014-07-31 03:48:42.

Flavor Version Tinstall Tcheck Ttotal Status Flags
r-devel-linux-x86_64-debian-clang 1.1 1.32 36.24 37.56 NOTE
r-devel-linux-x86_64-debian-gcc 1.1 1.34 36.39 37.72 NOTE
r-devel-linux-x86_64-fedora-clang 1.1 81.29 NOTE
r-devel-linux-x86_64-fedora-gcc 1.1 75.46 NOTE
r-devel-osx-x86_64-clang 1.1 71.00 NOTE
r-devel-windows-ix86+x86_64 1.1 6.00 62.00 68.00 NOTE
r-patched-linux-x86_64 1.1 1.35 38.80 40.15 NOTE
r-patched-solaris-sparc 1.1 477.20 NOTE
r-patched-solaris-x86 1.1 101.90 NOTE
r-release-linux-ix86 1.1 2.04 50.05 52.09 NOTE
r-release-linux-x86_64 1.1 1.42 37.83 39.25 NOTE
r-release-osx-x86_64-mavericks 1.1 NOTE
r-release-osx-x86_64-snowleopard 1.1 NOTE
r-release-windows-ix86+x86_64 1.1 11.00 89.00 100.00 NOTE
r-oldrel-windows-ix86+x86_64 1.1 11.00 89.00 100.00 NOTE

Check Details

Version: 1.1
Check: package dependencies
Result: NOTE
    Depends: includes the non-default packages:
     mcmc coda survival normalp R.utils BMS
    Adding so many packages to the search path is excessive and importing
    selectively is preferable.
Flavors: r-devel-linux-x86_64-debian-clang, r-devel-linux-x86_64-debian-gcc, r-devel-linux-x86_64-fedora-clang, r-devel-linux-x86_64-fedora-gcc, r-devel-osx-x86_64-clang, r-devel-windows-ix86+x86_64, r-patched-linux-x86_64, r-patched-solaris-sparc, r-patched-solaris-x86, r-release-linux-ix86, r-release-linux-x86_64, r-release-osx-x86_64-mavericks, r-release-osx-x86_64-snowleopard, r-release-windows-ix86+x86_64

Version: 1.1
Check: dependencies in R code
Result: NOTE
    Packages in Depends field not imported from:
     BMS R.utils coda mcmc normalp survival
     These packages need to be imported from (in the NAMESPACE file)
     for when this namespace is loaded but not attached.
    See the information on DESCRIPTION files in the chapter Creating R
    packages of the Writing R Extensions manual.
Flavors: r-devel-linux-x86_64-debian-clang, r-devel-linux-x86_64-debian-gcc, r-devel-linux-x86_64-fedora-clang, r-devel-linux-x86_64-fedora-gcc, r-devel-osx-x86_64-clang, r-devel-windows-ix86+x86_64, r-patched-linux-x86_64, r-patched-solaris-sparc, r-patched-solaris-x86, r-release-linux-ix86, r-release-linux-x86_64, r-release-osx-x86_64-mavericks, r-release-windows-ix86+x86_64, r-oldrel-windows-ix86+x86_64

Version: 1.1
Check: top-level files
Result: NOTE
    Non-standard file/directory found at top level:
     AUTHORS
    Authors information should be in file inst/AUTHORS
Flavors: r-devel-linux-x86_64-fedora-clang, r-devel-linux-x86_64-fedora-gcc

Version: 1.1
Check: Rd line widths
Result: NOTE
    Rd file 'tbs.survreg.be.Rd':
     \usage lines wider than 90 characters:
     tbs.survreg.be(formula, dist=dist.error("norm"),max.time = -1, guess.beta = NULL, guess.lambda = 1,
    
    These lines will be truncated in the PDF manual.
Flavors: r-devel-linux-x86_64-fedora-clang, r-devel-linux-x86_64-fedora-gcc