CRAN Package Check Results for Package TBSSurvival

Last updated on 2015-02-26 08:48:26.

Flavor Version Tinstall Tcheck Ttotal Status Flags
r-devel-linux-x86_64-debian-clang 1.2 0.93 31.67 32.60 OK
r-devel-linux-x86_64-debian-gcc 1.2 0.92 30.75 31.68 OK
r-devel-linux-x86_64-fedora-clang 1.2 63.45 OK
r-devel-linux-x86_64-fedora-gcc 1.2 60.33 OK
r-devel-osx-x86_64-clang 1.2 60.58 OK
r-devel-windows-ix86+x86_64 1.2 7.00 52.00 59.00 OK
r-patched-linux-x86_64 1.2 1.42 38.14 39.56 OK
r-patched-solaris-sparc 1.2 413.60 OK
r-patched-solaris-x86 1.2 99.00 OK
r-release-linux-ix86 1.2 1.94 49.68 51.62 OK
r-release-linux-x86_64 1.2 1.42 37.40 38.83 OK
r-release-osx-x86_64-mavericks 1.2 OK
r-release-osx-x86_64-snowleopard 1.2 OK
r-release-windows-ix86+x86_64 1.2 8.00 62.00 70.00 OK
r-oldrel-windows-ix86+x86_64 1.1 6.00 68.00 74.00 NOTE

Check Details

Version: 1.1
Check: dependencies in R code
Result: NOTE
    Packages in Depends field not imported from:
     'BMS' 'R.utils' 'coda' 'mcmc' 'normalp' 'survival'
     These packages need to be imported from (in the NAMESPACE file)
     for when this namespace is loaded but not attached.
    See the information on DESCRIPTION files in the chapter 'Creating R
    packages' of the 'Writing R Extensions' manual.
Flavor: r-oldrel-windows-ix86+x86_64