CRAN Package Check Results for Package ade4

Last updated on 2014-10-21 05:47:52.

Flavor Version Tinstall Tcheck Ttotal Status Flags
r-devel-linux-x86_64-debian-clang 1.6-2 8.28 133.23 141.51 NOTE
r-devel-linux-x86_64-debian-gcc 1.6-2 9.74 132.61 142.35 NOTE
r-devel-linux-x86_64-fedora-clang 1.6-2 280.55 NOTE
r-devel-linux-x86_64-fedora-gcc 1.6-2 264.78 NOTE
r-devel-osx-x86_64-clang 1.6-2 235.60 NOTE
r-devel-windows-ix86+x86_64 1.6-2 31.00 217.00 248.00 NOTE
r-patched-linux-x86_64 1.6-2 9.76 143.32 153.08 NOTE
r-patched-solaris-sparc 1.6-2 1718.30 NOTE
r-patched-solaris-x86 1.6-2 338.30 NOTE
r-release-linux-ix86 1.6-2 9.89 178.30 188.19 NOTE
r-release-linux-x86_64 1.6-2 10.61 148.63 159.24 NOTE
r-release-osx-x86_64-mavericks 1.6-2 NOTE
r-release-osx-x86_64-snowleopard 1.6-2 WARN
r-release-windows-ix86+x86_64 1.6-2 26.00 249.00 275.00 NOTE
r-oldrel-windows-ix86+x86_64 1.6-2 29.00 259.00 288.00 NOTE

Check Details

Version: 1.6-2
Check: installed package size
Result: NOTE
     installed size is 5.4Mb
     sub-directories of 1Mb or more:
     data 1.5Mb
     pictures 2.1Mb
Flavors: r-devel-linux-x86_64-debian-clang, r-devel-linux-x86_64-debian-gcc, r-devel-linux-x86_64-fedora-clang, r-devel-linux-x86_64-fedora-gcc, r-devel-osx-x86_64-clang, r-devel-windows-ix86+x86_64, r-patched-linux-x86_64, r-patched-solaris-sparc, r-patched-solaris-x86, r-release-linux-ix86, r-release-linux-x86_64, r-release-osx-x86_64-mavericks, r-release-osx-x86_64-snowleopard, r-release-windows-ix86+x86_64, r-oldrel-windows-ix86+x86_64

Version: 1.6-2
Check: R code for possible problems
Result: NOTE
    prep.mdpcoa : fun1: no visible global function definition for
     ‘dist.dna’
Flavors: r-devel-linux-x86_64-debian-clang, r-devel-linux-x86_64-debian-gcc, r-devel-linux-x86_64-fedora-clang, r-devel-linux-x86_64-fedora-gcc, r-devel-osx-x86_64-clang, r-devel-windows-ix86+x86_64, r-patched-linux-x86_64, r-patched-solaris-sparc, r-patched-solaris-x86

Version: 1.6-2
Check: compiled code
Result: NOTE
    File ‘ade4/libs/ade4.so’:
     Found ‘rand’, possibly from ‘rand’ (C)
     Object: ‘adesub.o’
     Found ‘srand’, possibly from ‘srand’ (C)
     Object: ‘adesub.o’
    
    Compiled code should not call entry points which might terminate R nor
    write to stdout/stderr instead of to the console, nor the C RNG.
    
    See ‘Writing portable packages’ in the ‘Writing R Extensions’ manual.
Flavors: r-devel-linux-x86_64-debian-clang, r-devel-linux-x86_64-debian-gcc, r-devel-linux-x86_64-fedora-clang, r-devel-linux-x86_64-fedora-gcc, r-patched-linux-x86_64, r-patched-solaris-sparc, r-patched-solaris-x86

Version: 1.6-2
Check: compiled code
Result: NOTE
    File ‘ade4/libs/ade4.so’:
     Found ‘_rand’, possibly from ‘rand’ (C)
     Object: ‘adesub.o’
     Found ‘_srand’, possibly from ‘srand’ (C)
     Object: ‘adesub.o’
    
    Compiled code should not call entry points which might terminate R nor
    write to stdout/stderr instead of to the console, nor the C RNG.
    
    See ‘Writing portable packages’ in the ‘Writing R Extensions’ manual.
Flavor: r-devel-osx-x86_64-clang

Version: 1.6-2
Check: compiled code
Result: NOTE
    File 'ade4/libs/i386/ade4.dll':
     Found 'rand', possibly from 'rand' (C)
     Object: 'adesub.o'
     Found 'srand', possibly from 'srand' (C)
     Object: 'adesub.o'
    File 'ade4/libs/x64/ade4.dll':
     Found 'rand', possibly from 'rand' (C)
     Object: 'adesub.o'
     Found 'srand', possibly from 'srand' (C)
     Object: 'adesub.o'
    
    Compiled code should not call entry points which might terminate R nor
    write to stdout/stderr instead of to the console, nor the C RNG.
    
    See 'Writing portable packages' in the 'Writing R Extensions' manual.
Flavor: r-devel-windows-ix86+x86_64

Version: 1.6-2
Check: package dependencies
Result: NOTE
    Packages suggested but not available for checking: ‘maptools’ ‘spdep’
Flavor: r-release-osx-x86_64-mavericks

Version: 1.6-2
Check: Rd cross-references
Result: NOTE
    Package unavailable to check Rd xrefs: ‘spdep’
Flavor: r-release-osx-x86_64-mavericks

Version: 1.6-2
Check: examples
Result: WARN
    checking a package with encoding 'UTF-8' in an ASCII locale
    
     OK
Flavor: r-release-osx-x86_64-snowleopard