CRAN Package Check Results for Package ade4

Last updated on 2014-04-24 05:47:18.

Flavor Version Tinstall Tcheck Ttotal Status Flags
r-devel-linux-x86_64-debian-clang 1.6-2 7.55 153.10 160.65 NOTE
r-devel-linux-x86_64-debian-gcc 1.6-2 8.61 150.20 158.81 NOTE
r-devel-linux-x86_64-fedora-clang 1.6-2 305.51 NOTE
r-devel-linux-x86_64-fedora-gcc 1.6-2 297.90 NOTE
r-devel-osx-x86_64-clang 1.6-2 221.26 NOTE
r-devel-osx-x86_64-gcc 1.6-2 NOTE
r-devel-windows-ix86+x86_64 1.6-2 26.00 257.00 283.00 NOTE
r-patched-linux-x86_64 1.6-2 8.76 152.04 160.80 NOTE
r-patched-solaris-sparc 1.6-2 1684.10 NOTE
r-patched-solaris-x86 1.6-2 359.80 NOTE
r-release-linux-ix86 1.6-2 13.00 238.00 251.00 NOTE
r-release-linux-x86_64 1.6-2 8.61 142.00 150.61 NOTE
r-release-osx-x86_64-mavericks 1.6-2 WARN
r-release-osx-x86_64-snowleopard 1.6-2 WARN
r-release-windows-ix86+x86_64 1.6-2 27.00 252.00 279.00 NOTE
r-oldrel-windows-ix86+x86_64 1.6-2 27.00 265.00 292.00 NOTE

Check Details

Version: 1.6-2
Check: installed package size
Result: NOTE
     installed size is 5.3Mb
     sub-directories of 1Mb or more:
     data 1.5Mb
     pictures 2.1Mb
Flavors: r-devel-linux-x86_64-debian-clang, r-devel-linux-x86_64-debian-gcc, r-devel-linux-x86_64-fedora-clang, r-devel-linux-x86_64-fedora-gcc, r-devel-osx-x86_64-clang, r-devel-osx-x86_64-gcc, r-devel-windows-ix86+x86_64, r-patched-linux-x86_64, r-patched-solaris-sparc, r-patched-solaris-x86, r-release-linux-ix86, r-release-linux-x86_64, r-release-osx-x86_64-mavericks, r-release-osx-x86_64-snowleopard, r-release-windows-ix86+x86_64, r-oldrel-windows-ix86+x86_64

Version: 1.6-2
Check: package dependencies
Result: NOTE
    Packages suggested but not available for checking:
     ‘maptools’ ‘spdep’ ‘ade4TkGUI’
Flavor: r-devel-osx-x86_64-gcc

Version: 1.6-2
Check: Rd cross-references
Result: NOTE
    Packages unavailable to check Rd xrefs: ‘CircStats’, ‘spdep’
Flavor: r-devel-osx-x86_64-gcc

Version: 1.6-2
Check: package dependencies
Result: NOTE
    Packages suggested but not available for checking: ‘maptools’ ‘spdep’
Flavor: r-release-osx-x86_64-mavericks

Version: 1.6-2
Check: Rd cross-references
Result: NOTE
    Package unavailable to check Rd xrefs: ‘spdep’
Flavor: r-release-osx-x86_64-mavericks

Version: 1.6-2
Check: PDF version of manual
Result: WARNING
    LaTeX errors when creating PDF version.
    This typically indicates Rd problems.
    LaTeX errors found:
    ! LaTeX Error: File `upquote.sty' not found.
    
    Type X to quit or <RETURN> to proceed,
    or enter new name. (Default extension: sty)
    
    11bbb06/Rd2.tex:8: ==> Fatal error occurred, no output PDF file produced!
Flavor: r-release-osx-x86_64-mavericks

Version: 1.6-2
Check: examples
Result: WARNING
    checking a package with encoding 'UTF-8' in an ASCII locale
    
     OK
Flavor: r-release-osx-x86_64-snowleopard