CRAN Package Check Results for Package ade4

Last updated on 2015-07-29 06:47:34.

Flavor Version Tinstall Tcheck Ttotal Status Flags
r-devel-linux-x86_64-debian-clang 1.7-2 8.48 139.29 147.77 NOTE
r-devel-linux-x86_64-debian-gcc 1.7-2 10.76 144.50 155.25 NOTE
r-devel-linux-x86_64-fedora-clang 1.7-2 277.42 NOTE
r-devel-linux-x86_64-fedora-gcc 1.7-2 258.73 NOTE
r-devel-osx-x86_64-clang 1.7-2 237.31 NOTE
r-devel-windows-ix86+x86_64 1.7-2 35.00 266.00 301.00 NOTE
r-patched-linux-x86_64 1.7-2 9.49 137.12 146.60 NOTE
r-patched-solaris-sparc 1.7-2 1752.70 NOTE
r-patched-solaris-x86 1.7-2 325.90 NOTE
r-release-linux-x86_64 1.7-2 10.47 138.91 149.38 NOTE
r-release-osx-x86_64-mavericks 1.7-2 NOTE
r-release-windows-ix86+x86_64 1.7-2 52.00 275.00 327.00 NOTE
r-oldrel-windows-ix86+x86_64 1.7-2 51.00 316.00 367.00 NOTE

Check Details

Version: 1.7-2
Check: installed package size
Result: NOTE
     installed size is 5.8Mb
     sub-directories of 1Mb or more:
     data 1.9Mb
     pictures 2.1Mb
Flavors: r-devel-linux-x86_64-debian-clang, r-devel-linux-x86_64-debian-gcc, r-devel-linux-x86_64-fedora-clang, r-devel-linux-x86_64-fedora-gcc, r-devel-osx-x86_64-clang, r-devel-windows-ix86+x86_64, r-patched-linux-x86_64, r-patched-solaris-sparc, r-patched-solaris-x86, r-release-linux-x86_64, r-release-osx-x86_64-mavericks, r-release-windows-ix86+x86_64, r-oldrel-windows-ix86+x86_64

Version: 1.7-2
Check: R code for possible problems
Result: NOTE
    RVkdist : kdistelem2dist: no visible global function definition for
     ‘as.dist’
    Rtoade4: no visible global function definition for ‘write.table’
    add.position.triangle: no visible global function definition for ‘par’
    add.position.triangle: no visible global function definition for
     ‘polygon’
    add.position.triangle: no visible global function definition for ‘grey’
    add.scatter: no visible global function definition for ‘par’
    add.scatter: no visible global function definition for ‘plot.new’
    add.scatter: no visible global function definition for ‘polygon’
    add.scatter.eig: no visible global function definition for ‘par’
    ade4toR: no visible global function definition for ‘read.table’
    amova : Ssd.util: no visible global function definition for
     ‘model.matrix’
    amova: no visible global function definition for ‘as.dist’
    apqe : Ssd.util: no visible global function definition for
     ‘model.matrix’
    apqe: no visible global function definition for ‘as.dist’
    area.plot: no visible global function definition for ‘dev.cur’
    area.plot: no visible global function definition for ‘plot.new’
    area.plot: no visible global function definition for ‘par’
    area.plot: no visible global function definition for ‘points’
    area.plot: no visible global function definition for ‘polygon’
    area.plot: no visible global function definition for ‘grey’
    area.plot: no visible global function definition for ‘segments’
    as.dudi: no visible global function definition for ‘barplot’
    as.krandboot : <anonymous>: no visible global function definition for
     ‘na.omit’
    as.krandboot : <anonymous>: no visible global function definition for
     ‘quantile’
    as.krandtest : <anonymous>: no visible global function definition for
     ‘na.omit’
    as.krandtest: no visible global function definition for ‘na.omit’
    as.krandtest: no visible global function definition for ‘sd’
    as.krandtest: no visible binding for global variable ‘p.adjust.methods’
    as.krandtest: no visible global function definition for ‘p.adjust’
    as.krandxval: no visible binding for global variable ‘quantile’
    as.randboot: no visible global function definition for ‘na.omit’
    as.randboot: no visible global function definition for ‘quantile’
    as.randtest: no visible global function definition for ‘sd’
    as.randtest: no visible global function definition for ‘var’
    as.randxval: no visible global function definition for ‘na.omit’
    as.randxval: no visible global function definition for ‘quantile’
    boxplot.acm: no visible global function definition for ‘par’
    bwca.dpcoa: no visible global function definition for ‘model.matrix’
    bwca.dpcoa: no visible global function definition for ‘lm.wfit’
    cailliez: no visible global function definition for ‘as.dist’
    char2genet : sommer : <anonymous>: no visible global function
     definition for ‘na.omit’
    coinertia: no visible global function definition for ‘barplot’
    covfacwt: no visible global function definition for ‘cov’
    covfacwt : <anonymous>: no visible global function definition for ‘cov’
    covwt: no visible global function definition for ‘na.omit’
    disc : Structutil: no visible global function definition for
     ‘model.matrix’
    disc : Diss: no visible global function definition for ‘as.dist’
    disc : Diss : <anonymous>: no visible global function definition for
     ‘as.dist’
    dist.binary: no visible global function definition for ‘as.dist’
    dist.dudi: no visible global function definition for ‘as.dist’
    dist.genet: no visible global function definition for ‘as.dist’
    dist.ktab : treatment : FUN: no visible global function definition for
     ‘model.matrix’
    dist.ktab : treatment : FUN: no visible global function definition for
     ‘dist’
    dist.ktab : treatment : fun1.FNA: no visible global function definition
     for ‘as.dist’
    dist.ktab : treatment : fun1.BNA: no visible global function definition
     for ‘as.dist’
    dist.ktab: no visible global function definition for ‘as.dist’
    dist.neig: no visible global function definition for ‘as.dist’
    dist.quant: no visible global function definition for ‘cov’
    dist.taxo: no visible global function definition for ‘as.dist’
    divc: no visible global function definition for ‘as.dist’
    dotchart.phylog: no visible global function definition for ‘par’
    dotchart.phylog: no visible global function definition for ‘segments’
    dotchart.phylog: no visible global function definition for ‘grey’
    dotchart.phylog: no visible global function definition for ‘points’
    dotchart.phylog: no visible global function definition for ‘text’
    dotcircle: no visible global function definition for ‘par’
    dotcircle: no visible global function definition for ‘symbols’
    dotcircle: no visible global function definition for ‘grey’
    dotcircle: no visible global function definition for ‘points’
    dotcircle: no visible global function definition for ‘segments’
    dotcircle: no visible global function definition for ‘text’
    dpcoa: no visible global function definition for ‘as.dist’
    dudi.mix: no visible global function definition for ‘poly’
    dudi.pco: no visible global function definition for ‘barplot’
    dudi.type: no visible global function definition for ‘modifyList’
    fourthcorner: no visible binding for global variable ‘p.adjust.methods’
    fourthcorner: no visible global function definition for ‘p.adjust’
    fourthcorner.rlq: no visible binding for global variable
     ‘p.adjust.methods’
    fourthcorner.rlq: no visible global function definition for ‘p.adjust’
    fourthcorner2: no visible binding for global variable
     ‘p.adjust.methods’
    fuzzygenet : <anonymous>: no visible global function definition for
     ‘na.omit’
    is.euclid: no visible global function definition for ‘barplot’
    is.orthobasis: no visible binding for global variable ‘weighted.mean’
    kdist : as.kdist.matrix: no visible binding for global variable
     ‘as.dist’
    kdist : as.kdist.vector: no visible global function definition for
     ‘as.dist’
    kdist.cor : ldist.ktab2 : treatment : fun1.F: no visible global
     function definition for ‘as.dist’
    kdist.cor : ldist.ktab2 : treatment : fun1.B: no visible global
     function definition for ‘as.dist’
    kdist.cor : dist.ktab2 : treatment : FUN: no visible global function
     definition for ‘model.matrix’
    kdist.cor : dist.ktab2 : treatment : FUN: no visible global function
     definition for ‘dist’
    kdist.cor : dist.ktab2 : treatment : fun1.F: no visible global function
     definition for ‘as.dist’
    kdist.cor : dist.ktab2 : treatment : fun1.BNA: no visible global
     function definition for ‘as.dist’
    kdist.cor : dist.ktab2: no visible global function definition for
     ‘as.dist’
    kdist.cor: no visible global function definition for ‘cov’
    kdist.cor: no visible global function definition for ‘cor’
    kplot.foucart: no visible global function definition for ‘par’
    kplot.foucart: no visible global function definition for ‘n2mfrow’
    kplot.mcoa: no visible global function definition for ‘par’
    kplot.mcoa: no visible global function definition for ‘n2mfrow’
    kplot.mfa: no visible global function definition for ‘par’
    kplot.mfa: no visible global function definition for ‘n2mfrow’
    kplot.pta: no visible global function definition for ‘par’
    kplot.sepan: no visible global function definition for ‘par’
    kplot.sepan: no visible global function definition for ‘n2mfrow’
    kplot.statis: no visible global function definition for ‘par’
    kplot.statis: no visible global function definition for ‘n2mfrow’
    kplotX.mdpcoa: no visible global function definition for ‘par’
    kplotX.mdpcoa: no visible global function definition for ‘n2mfrow’
    kplotsepan.coa: no visible global function definition for ‘par’
    kplotsepan.coa: no visible global function definition for ‘n2mfrow’
    ldist.ktab : treatment : fun1.F: no visible global function definition
     for ‘as.dist’
    ldist.ktab : treatment : fun1.B: no visible global function definition
     for ‘as.dist’
    lingoes: no visible global function definition for ‘as.dist’
    mantel.rtest : permutedist: no visible global function definition for
     ‘as.dist’
    mantel.rtest : mantelnoneuclid: no visible global function definition
     for ‘cor’
    mantel.rtest : mantelnoneuclid : <anonymous>: no visible global
     function definition for ‘cor’
    mantel.rtest: no visible global function definition for ‘cor’
    mantel.rtest : <anonymous>: no visible global function definition for
     ‘cor’
    mantel.rtest : <anonymous>: no visible global function definition for
     ‘dist’
    mantelkdist : kdistelem2dist: no visible global function definition for
     ‘as.dist’
    mbpcaiv : f1: no visible global function definition for ‘lm.wfit’
    mbpcaiv: no visible global function definition for ‘lm.wfit’
    mbpcaiv : <anonymous>: no visible global function definition for
     ‘lm.wfit’
    mbpcaiv: no visible global function definition for ‘barplot’
    mbpcaiv: no visible global function definition for ‘modifyList’
    mbpls : <anonymous>: no visible global function definition for
     ‘lm.wfit’
    mbpls: no visible global function definition for ‘barplot’
    mbpls: no visible global function definition for ‘modifyList’
    mcoa: no visible global function definition for ‘barplot’
    meanfacwt: no visible binding for global variable ‘weighted.mean’
    meanfacwt : <anonymous>: no visible binding for global variable
     ‘weighted.mean’
    mld: no visible global function definition for ‘na.omit’
    mld: no visible global function definition for ‘is.ts’
    mld: no visible global function definition for ‘ts’
    mld: no visible global function definition for ‘ts.union’
    mld: no visible global function definition for ‘par’
    mld: no visible global function definition for ‘n2mfrow’
    mld: no visible global function definition for ‘plot.ts’
    mld: no visible global function definition for ‘axis’
    multispati: no visible global function definition for ‘barplot’
    newick2phylog.addtools: no visible global function definition for
     ‘as.dist’
    nipals: no visible binding for global variable ‘sd’
    optimEH: no visible global function definition for ‘hclust’
    optimEH: no visible global function definition for ‘cutree’
    orisaved: no visible global function definition for ‘hclust’
    orisaved : OrigCalc: no visible global function definition for ‘cutree’
    orthogram: no visible global function definition for ‘na.omit’
    orthogram: no visible global function definition for ‘par’
    orthogram: no visible global function definition for ‘layout’
    orthogram : fun: no visible global function definition for ‘segments’
    orthogram: no visible global function definition for ‘barplot’
    orthogram: no visible global function definition for ‘grey’
    orthogram: no visible global function definition for ‘abline’
    orthogram: no visible global function definition for ‘title’
    orthogram: no visible global function definition for ‘box’
    orthogram: no visible global function definition for ‘points’
    orthogram: no visible global function definition for ‘segments’
    orthogram: no visible global function definition for ‘arrows’
    p.adjust.4thcorner: no visible binding for global variable
     ‘p.adjust.methods’
    p.adjust.4thcorner: no visible global function definition for
     ‘p.adjust’
    pcaiv : lm.pcaiv: no visible global function definition for
     ‘as.formula’
    pcaiv : lm.pcaiv: no visible global function definition for ‘lm’
    pcaiv : lm.pcaiv: no visible global function definition for ‘predict’
    pcaiv : lm.pcaiv: no visible global function definition for ‘residuals’
    pcaiv : <anonymous>: no visible global function definition for
     ‘coefficients’
    pcaiv: no visible global function definition for ‘as.formula’
    pcaiv: no visible global function definition for ‘model.matrix’
    pcaivortho : lm.pcaiv: no visible global function definition for
     ‘as.formula’
    pcaivortho : lm.pcaiv: no visible global function definition for ‘lm’
    pcaivortho : lm.pcaiv: no visible global function definition for
     ‘predict’
    pcaivortho : lm.pcaiv: no visible global function definition for
     ‘residuals’
    plot.4thcorner : table4thcorner: no visible global function definition
     for ‘par’
    plot.4thcorner : table4thcorner: no visible global function definition
     for ‘rect’
    plot.4thcorner : table4thcorner: no visible global function definition
     for ‘segments’
    plot.4thcorner : biplot.rlq4thcorner: no visible global function
     definition for ‘par’
    plot.4thcorner : biplot.rlq4thcorner: no visible global function
     definition for ‘segments’
    plot.4thcorner : biplot.rlq4thcorner: no visible global function
     definition for ‘points’
    plot.4thcorner : biplot.axesrlq4thcorner: no visible global function
     definition for ‘par’
    plot.betcoi: no visible global function definition for ‘par’
    plot.betcoi: no visible global function definition for ‘layout’
    plot.betrlq: no visible global function definition for ‘par’
    plot.betrlq: no visible global function definition for ‘layout’
    plot.between: no visible global function definition for ‘par’
    plot.between: no visible global function definition for ‘layout’
    plot.coinertia: no visible global function definition for ‘par’
    plot.coinertia: no visible global function definition for ‘layout’
    plot.corkdist : hist.simul.util: no visible global function definition
     for ‘hist’
    plot.corkdist : hist.simul.util: no visible global function definition
     for ‘grey’
    plot.corkdist : hist.simul.util: no visible global function definition
     for ‘lines’
    plot.corkdist : hist.simul.util: no visible global function definition
     for ‘points’
    plot.corkdist: no visible global function definition for ‘par’
    plot.corkdist: no visible global function definition for ‘plot.default’
    plot.corkdist: no visible global function definition for ‘strwidth’
    plot.corkdist: no visible global function definition for ‘text’
    plot.discrimin: no visible global function definition for ‘par’
    plot.discrimin: no visible global function definition for ‘layout’
    plot.dpcoa: no visible global function definition for ‘par’
    plot.foucart: no visible global function definition for ‘par’
    plot.krandtest: no visible global function definition for ‘n2mfrow’
    plot.krandtest: no visible global function definition for ‘par’
    plot.mcoa: no visible global function definition for ‘par’
    plot.mcoa : valpr: no visible global function definition for ‘par’
    plot.mcoa : valpr: no visible global function definition for ‘grey’
    plot.mcoa : valpr: no visible global function definition for ‘rect’
    plot.mcoa: no visible global function definition for ‘title’
    plot.mfa: no visible global function definition for ‘par’
    plot.mfa: no visible global function definition for ‘n2mfrow’
    plot.mfa: no visible global function definition for ‘title’
    plot.multispati : f1: no visible global function definition for ‘par’
    plot.multispati : f1: no visible global function definition for ‘grey’
    plot.multispati : f1: no visible global function definition for
     ‘barplot’
    plot.multispati: no visible global function definition for ‘par’
    plot.multispati: no visible global function definition for ‘layout’
    plot.niche: no visible global function definition for ‘par’
    plot.niche: no visible global function definition for ‘layout’
    plot.pcaiv: no visible global function definition for ‘par’
    plot.pcaiv: no visible global function definition for ‘layout’
    plot.pcaiv: no visible global function definition for ‘na.omit’
    plot.phylog: no visible global function definition for ‘par’
    plot.phylog: no visible global function definition for ‘plot.default’
    plot.phylog: no visible global function definition for ‘text’
    plot.phylog: no visible global function definition for ‘segments’
    plot.phylog: no visible global function definition for ‘grey’
    plot.phylog: no visible global function definition for ‘points’
    plot.phylog: no visible global function definition for ‘box’
    plot.procuste: no visible global function definition for ‘par’
    plot.procuste: no visible global function definition for ‘layout’
    plot.pta: no visible global function definition for ‘par’
    plot.pta: no visible global function definition for ‘n2mfrow’
    plot.pta: no visible global function definition for ‘title’
    plot.randtest: no visible global function definition for ‘hist’
    plot.randtest: no visible global function definition for ‘grey’
    plot.randtest: no visible global function definition for ‘lines’
    plot.randtest: no visible global function definition for ‘points’
    plot.rlq: no visible global function definition for ‘par’
    plot.rlq: no visible global function definition for ‘layout’
    plot.rtest: no visible global function definition for ‘hist’
    plot.rtest: no visible global function definition for ‘grey’
    plot.rtest: no visible global function definition for ‘lines’
    plot.rtest: no visible global function definition for ‘points’
    plot.sepan: no visible global function definition for ‘par’
    plot.sepan: no visible global function definition for ‘n2mfrow’
    plot.statis: no visible global function definition for ‘par’
    plot.statis: no visible global function definition for ‘n2mfrow’
    plot.statis: no visible global function definition for ‘title’
    plot.witcoi: no visible global function definition for ‘par’
    plot.witcoi: no visible global function definition for ‘layout’
    plot.within: no visible global function definition for ‘par’
    plot.within: no visible global function definition for ‘layout’
    plot.witrlq: no visible global function definition for ‘par’
    plot.witrlq: no visible global function definition for ‘layout’
    prep.mdpcoa : fun1: no visible global function definition for
     ‘model.matrix’
    prep.mdpcoa : fun1: no visible global function definition for ‘as.dist’
    print.4thcorner: no visible global function definition for ‘symnum’
    quasieuclid: no visible global function definition for ‘dist’
    radial.phylog: no visible global function definition for ‘par’
    radial.phylog: no visible global function definition for ‘plot.default’
    radial.phylog: no visible global function definition for ‘segments’
    radial.phylog: no visible global function definition for ‘grey’
    radial.phylog: no visible global function definition for ‘text’
    radial.phylog: no visible global function definition for ‘points’
    radial.phylog: no visible global function definition for ‘lines’
    radial.phylog: no visible global function definition for ‘strwidth’
    radial.phylog: no visible global function definition for ‘symbols’
    radial.phylog: no visible global function definition for ‘box’
    randtest.betwit: no visible global function definition for
     ‘model.matrix’
    randtest.betwit: no visible global function definition for ‘lm.wfit’
    randtest.cca: no visible global function definition for ‘as.formula’
    randtest.cca: no visible global function definition for ‘model.frame’
    randtest.cca: no visible global function definition for ‘model.matrix’
    randtest.cca: no visible global function definition for ‘lm.wfit’
    randtest.pcaiv: no visible global function definition for ‘as.formula’
    randtest.pcaiv: no visible global function definition for ‘model.frame’
    randtest.pcaiv: no visible global function definition for
     ‘model.matrix’
    randtest.pcaiv: no visible global function definition for ‘lm.wfit’
    randtest.pcaivortho: no visible global function definition for
     ‘as.formula’
    randtest.pcaivortho: no visible global function definition for
     ‘model.frame’
    randtest.pcaivortho: no visible global function definition for
     ‘model.matrix’
    randtest.pcaivortho: no visible global function definition for
     ‘lm.wfit’
    s.arrow : arrow1: no visible global function definition for ‘segments’
    s.arrow : arrow1: no visible global function definition for ‘strheight’
    s.arrow : arrow1: no visible global function definition for ‘par’
    s.arrow : arrow1: no visible global function definition for ‘arrows’
    s.arrow: no visible global function definition for ‘par’
    s.arrow: no visible global function definition for ‘abline’
    s.arrow: no visible global function definition for ‘points’
    s.arrow: no visible global function definition for ‘box’
    s.chull: no visible global function definition for ‘par’
    s.chull: no visible global function definition for ‘points’
    s.chull: no visible global function definition for ‘box’
    s.class: no visible global function definition for ‘par’
    s.class: no visible global function definition for ‘points’
    s.class: no visible global function definition for ‘box’
    s.corcircle : arrow1: no visible global function definition for
     ‘segments’
    s.corcircle : arrow1: no visible global function definition for
     ‘strheight’
    s.corcircle : arrow1: no visible global function definition for ‘par’
    s.corcircle : arrow1: no visible global function definition for
     ‘arrows’
    s.corcircle : scatterutil.circ: no visible global function definition
     for ‘segments’
    s.corcircle : scatterutil.circ: no visible global function definition
     for ‘symbols’
    s.corcircle : scatterutil.circ: no visible global function definition
     for ‘par’
    s.corcircle : scatterutil.circ: no visible global function definition
     for ‘strwidth’
    s.corcircle : scatterutil.circ: no visible global function definition
     for ‘strheight’
    s.corcircle : scatterutil.circ: no visible global function definition
     for ‘rect’
    s.corcircle : scatterutil.circ: no visible global function definition
     for ‘text’
    s.corcircle: no visible global function definition for ‘par’
    s.distri: no visible global function definition for ‘par’
    s.distri: no visible global function definition for ‘points’
    s.distri: no visible global function definition for ‘box’
    s.hist: no visible global function definition for ‘par’
    s.hist: no visible global function definition for ‘layout’
    s.hist: no visible global function definition for ‘abline’
    s.hist: no visible global function definition for ‘strwidth’
    s.hist: no visible global function definition for ‘strheight’
    s.hist: no visible global function definition for ‘rect’
    s.hist: no visible global function definition for ‘text’
    s.hist: no visible global function definition for ‘box’
    s.hist: no visible global function definition for ‘hist’
    s.hist: no visible global function definition for ‘density’
    s.hist: no visible global function definition for ‘plot.default’
    s.hist: no visible global function definition for ‘grey’
    s.hist: no visible global function definition for ‘lines’
    s.hist: no visible global function definition for ‘symbols’
    s.image: no visible global function definition for ‘par’
    s.image: no visible global function definition for ‘loess’
    s.image: no visible global function definition for ‘predict’
    s.image: no visible global function definition for ‘chull’
    s.image: no visible global function definition for ‘image’
    s.image: no visible global function definition for ‘gray’
    s.kde2d: no visible global function definition for ‘par’
    s.label: no visible global function definition for ‘par’
    s.label : fun: no visible global function definition for ‘segments’
    s.label : fun: no visible global function definition for ‘par’
    s.label: no visible global function definition for ‘points’
    s.label: no visible global function definition for ‘box’
    s.logo: no visible global function definition for ‘par’
    s.logo : fun: no visible global function definition for ‘segments’
    s.logo : fun: no visible global function definition for ‘par’
    s.logo: no visible global function definition for ‘box’
    s.match : arrow1: no visible global function definition for ‘segments’
    s.match : arrow1: no visible global function definition for ‘strheight’
    s.match : arrow1: no visible global function definition for ‘par’
    s.match : arrow1: no visible global function definition for ‘arrows’
    s.match: no visible global function definition for ‘par’
    s.match: no visible global function definition for ‘points’
    s.match: no visible global function definition for ‘box’
    s.match.class: no visible global function definition for ‘par’
    s.match.class: no visible global function definition for ‘points’
    s.match.class: no visible global function definition for ‘segments’
    s.match.class: no visible global function definition for ‘box’
    s.multinom: no visible global function definition for ‘grey’
    s.multinom : draw.rowprof: no visible global function definition for
     ‘polygon’
    s.multinom : draw.rowprof: no visible global function definition for
     ‘segments’
    s.multinom: no visible global function definition for ‘par’
    s.multinom: no visible global function definition for ‘points’
    s.multinom: no visible global function definition for ‘box’
    s.traject: no visible global function definition for ‘par’
    s.traject : arrow1: no visible global function definition for
     ‘segments’
    s.traject : arrow1: no visible global function definition for
     ‘strheight’
    s.traject : arrow1: no visible global function definition for ‘par’
    s.traject : arrow1: no visible global function definition for ‘arrows’
    s.traject : trajec: no visible global function definition for ‘points’
    s.traject : trajec: no visible global function definition for ‘par’
    s.traject: no visible global function definition for ‘box’
    s.value: no visible global function definition for ‘par’
    s.value : fun: no visible global function definition for ‘segments’
    s.value : fun: no visible global function definition for ‘par’
    s.value: no visible global function definition for ‘symbols’
    s.value: no visible global function definition for ‘gray’
    s.value: no visible global function definition for ‘points’
    s.value: no visible global function definition for ‘box’
    scalewt: no visible binding for global variable ‘weighted.mean’
    scatter.acm: no visible global function definition for ‘par’
    scatter.acm: no visible global function definition for ‘n2mfrow’
    scatter.dudi: no visible global function definition for ‘par’
    scatter.fca: no visible global function definition for ‘par’
    scatter.fca: no visible global function definition for ‘n2mfrow’
    scatter.nipals: no visible global function definition for ‘par’
    scatter.pco: no visible global function definition for ‘par’
    scatterutil.base: no visible global function definition for
     ‘plot.default’
    scatterutil.base : <anonymous>: no visible global function definition
     for ‘segments’
    scatterutil.base: no visible global function definition for ‘abline’
    scatterutil.base: no visible global function definition for ‘polygon’
    scatterutil.chull: no visible global function definition for ‘chull’
    scatterutil.chull: no visible global function definition for ‘polygon’
    scatterutil.convrot90: no visible global function definition for ‘par’
    scatterutil.eigen: no visible global function definition for ‘par’
    scatterutil.eigen: no visible global function definition for ‘barplot’
    scatterutil.ellipse: no visible global function definition for
     ‘polygon’
    scatterutil.ellipse: no visible global function definition for
     ‘segments’
    scatterutil.eti: no visible global function definition for ‘par’
    scatterutil.eti: no visible global function definition for ‘strwidth’
    scatterutil.eti: no visible global function definition for ‘strheight’
    scatterutil.eti: no visible global function definition for ‘rect’
    scatterutil.eti: no visible global function definition for ‘text’
    scatterutil.eti.circ: no visible global function definition for ‘par’
    scatterutil.eti.circ: no visible global function definition for
     ‘strwidth’
    scatterutil.eti.circ: no visible global function definition for
     ‘strheight’
    scatterutil.eti.circ: no visible global function definition for ‘rect’
    scatterutil.eti.circ: no visible global function definition for ‘text’
    scatterutil.grid: no visible global function definition for ‘par’
    scatterutil.grid: no visible global function definition for ‘abline’
    scatterutil.grid: no visible global function definition for ‘strwidth’
    scatterutil.grid: no visible global function definition for ‘strheight’
    scatterutil.grid: no visible global function definition for ‘rect’
    scatterutil.grid: no visible global function definition for ‘text’
    scatterutil.legend.bw.square: no visible global function definition for
     ‘par’
    scatterutil.legend.bw.square: no visible global function definition for
     ‘strheight’
    scatterutil.legend.bw.square: no visible global function definition for
     ‘strwidth’
    scatterutil.legend.bw.square: no visible global function definition for
     ‘rect’
    scatterutil.legend.bw.square: no visible global function definition for
     ‘text’
    scatterutil.legend.bw.square: no visible global function definition for
     ‘symbols’
    scatterutil.legend.square.grey: no visible global function definition
     for ‘par’
    scatterutil.legend.square.grey: no visible global function definition
     for ‘strwidth’
    scatterutil.legend.square.grey: no visible global function definition
     for ‘strheight’
    scatterutil.legend.square.grey: no visible global function definition
     for ‘rect’
    scatterutil.legend.square.grey: no visible global function definition
     for ‘symbols’
    scatterutil.legend.square.grey: no visible global function definition
     for ‘gray’
    scatterutil.legend.square.grey: no visible global function definition
     for ‘text’
    scatterutil.legendgris: no visible global function definition for
     ‘quantile’
    scatterutil.legendgris: no visible global function definition for ‘par’
    scatterutil.legendgris: no visible global function definition for
     ‘rect’
    scatterutil.legendgris: no visible global function definition for
     ‘gray’
    scatterutil.legendgris: no visible global function definition for
     ‘text’
    scatterutil.legendgris: no visible global function definition for ‘box’
    scatterutil.logo : drawlogo: no visible global function definition for
     ‘par’
    scatterutil.logo : drawlogo: no visible global function definition for
     ‘rect’
    scatterutil.sco: no visible global function definition for
     ‘plot.default’
    scatterutil.sco: no visible global function definition for ‘par’
    scatterutil.sco: no visible global function definition for ‘segments’
    scatterutil.sco: no visible global function definition for ‘gray’
    scatterutil.sco: no visible global function definition for ‘strwidth’
    scatterutil.sco: no visible global function definition for ‘strheight’
    scatterutil.sco: no visible global function definition for ‘rect’
    scatterutil.sco: no visible global function definition for ‘text’
    scatterutil.sco: no visible global function definition for ‘box’
    scatterutil.sco: no visible global function definition for ‘abline’
    scatterutil.star: no visible global function definition for ‘segments’
    scatterutil.sub: no visible global function definition for ‘par’
    scatterutil.sub: no visible global function definition for ‘strwidth’
    scatterutil.sub: no visible global function definition for ‘strheight’
    scatterutil.sub: no visible global function definition for ‘rect’
    scatterutil.sub: no visible global function definition for ‘text’
    sco.boxplot: no visible global function definition for ‘par’
    sco.boxplot: no visible global function definition for ‘strheight’
    sco.boxplot: no visible global function definition for ‘rect’
    sco.boxplot: no visible global function definition for ‘text’
    sco.boxplot : <anonymous>: no visible global function definition for
     ‘quantile’
    sco.boxplot: no visible global function definition for ‘ppoints’
    sco.boxplot: no visible global function definition for ‘segments’
    sco.boxplot: no visible global function definition for ‘gray’
    sco.boxplot: no visible global function definition for ‘points’
    sco.class: no visible global function definition for ‘par’
    sco.class: no visible global function definition for ‘points’
    sco.class: no visible global function definition for ‘strwidth’
    sco.class: no visible global function definition for ‘segments’
    sco.distri: no visible global function definition for ‘par’
    sco.distri: no visible global function definition for ‘strheight’
    sco.distri: no visible global function definition for ‘segments’
    sco.distri: no visible global function definition for ‘gray’
    sco.distri: no visible global function definition for ‘rect’
    sco.distri: no visible global function definition for ‘strwidth’
    sco.distri: no visible global function definition for ‘text’
    sco.distri: no visible global function definition for ‘points’
    sco.gauss: no visible global function definition for ‘par’
    sco.gauss: no visible global function definition for ‘n2mfrow’
    sco.gauss: no visible binding for global variable ‘sd’
    sco.gauss : <anonymous>: no visible global function definition for
     ‘dnorm’
    sco.gauss: no visible global function definition for ‘lines’
    sco.gauss: no visible global function definition for ‘text’
    sco.label: no visible global function definition for ‘par’
    sco.label: no visible global function definition for ‘points’
    sco.label: no visible global function definition for ‘strwidth’
    sco.label: no visible global function definition for ‘segments’
    sco.match: no visible global function definition for ‘par’
    sco.match: no visible global function definition for ‘points’
    sco.match: no visible global function definition for ‘abline’
    sco.match: no visible global function definition for ‘segments’
    sco.match: no visible global function definition for ‘strwidth’
    sco.quant: no visible global function definition for ‘par’
    sco.quant: no visible global function definition for ‘n2mfrow’
    sco.quant: no visible global function definition for ‘points’
    sco.quant: no visible global function definition for ‘lm’
    score.acm: no visible global function definition for ‘par’
    score.acm: no visible global function definition for ‘n2mfrow’
    score.acm: no visible global function definition for ‘abline’
    score.acm: no visible global function definition for ‘segments’
    score.coa: no visible global function definition for ‘par’
    score.coa : sco.distri.class.2g: no visible global function definition
     for ‘par’
    score.coa : sco.distri.class.2g: no visible global function definition
     for ‘strheight’
    score.coa : sco.distri.class.2g: no visible global function definition
     for ‘segments’
    score.coa : sco.distri.class.2g: no visible global function definition
     for ‘gray’
    score.coa : sco.distri.class.2g: no visible global function definition
     for ‘rect’
    score.coa : sco.distri.class.2g: no visible global function definition
     for ‘strwidth’
    score.coa : sco.distri.class.2g: no visible global function definition
     for ‘text’
    score.coa : sco.distri.class.2g: no visible global function definition
     for ‘points’
    score.mix : lm.pcaiv: no visible global function definition for
     ‘as.formula’
    score.mix : lm.pcaiv: no visible global function definition for ‘lm’
    score.mix : lm.pcaiv: no visible global function definition for
     ‘predict’
    score.mix : lm.pcaiv: no visible global function definition for
     ‘residuals’
    score.mix: no visible global function definition for ‘par’
    score.mix: no visible global function definition for ‘n2mfrow’
    score.mix: no visible global function definition for ‘points’
    score.mix: no visible global function definition for ‘abline’
    score.mix: no visible global function definition for ‘lm’
    score.mix: no visible global function definition for ‘lines’
    score.mix: no visible global function definition for ‘segments’
    score.pca: no visible global function definition for ‘par’
    score.pca: no visible global function definition for ‘n2mfrow’
    score.pca: no visible global function definition for ‘points’
    score.pca: no visible global function definition for ‘lm’
    scoreutil.base: no visible global function definition for
     ‘plot.default’
    scoreutil.base: no visible global function definition for ‘strheight’
    scoreutil.base: no visible global function definition for ‘par’
    scoreutil.base: no visible global function definition for ‘segments’
    scoreutil.base: no visible global function definition for ‘gray’
    scoreutil.base: no visible global function definition for ‘strwidth’
    scoreutil.base: no visible global function definition for ‘rect’
    scoreutil.base: no visible global function definition for ‘text’
    screeplot.dudi: no visible global function definition for ‘barplot’
    screeplot.dudi: no visible global function definition for ‘axis’
    statis: no visible global function definition for ‘barplot’
    summary.4thcorner: no visible global function definition for ‘symnum’
    symbols.phylog: no visible global function definition for ‘par’
    symbols.phylog: no visible global function definition for
     ‘plot.default’
    symbols.phylog : legender: no visible global function definition for
     ‘par’
    symbols.phylog : legender: no visible global function definition for
     ‘strheight’
    symbols.phylog : legender: no visible global function definition for
     ‘strwidth’
    symbols.phylog : legender: no visible global function definition for
     ‘text’
    symbols.phylog : legender: no visible global function definition for
     ‘symbols’
    symbols.phylog: no visible global function definition for ‘segments’
    symbols.phylog: no visible global function definition for ‘symbols’
    table.cont: no visible global function definition for ‘par’
    table.cont: no visible global function definition for ‘symbols’
    table.cont : f1: no visible global function definition for
     ‘weighted.mean’
    table.cont: no visible global function definition for ‘points’
    table.cont: no visible global function definition for ‘segments’
    table.cont: no visible global function definition for ‘abline’
    table.cont: no visible global function definition for ‘lm’
    table.cont: no visible global function definition for ‘coefficients’
    table.dist: no visible global function definition for ‘par’
    table.dist: no visible global function definition for ‘symbols’
    table.dist: no visible global function definition for ‘grey’
    table.paint: no visible global function definition for ‘par’
    table.paint: no visible global function definition for ‘rect’
    table.paint: no visible global function definition for ‘gray’
    table.phylog: no visible global function definition for ‘par’
    table.phylog: no visible global function definition for ‘frame’
    table.phylog: no visible global function definition for ‘strwidth’
    table.phylog: no visible global function definition for ‘plot.default’
    table.phylog: no visible global function definition for ‘text’
    table.phylog: no visible global function definition for ‘segments’
    table.phylog: no visible global function definition for ‘rect’
    table.phylog: no visible global function definition for ‘symbols’
    table.phylog: no visible global function definition for ‘grey’
    table.phylog: no visible global function definition for ‘points’
    table.prepare: no visible global function definition for ‘par’
    table.prepare: no visible global function definition for ‘strwidth’
    table.prepare: no visible global function definition for ‘plot.default’
    table.prepare: no visible global function definition for ‘text’
    table.prepare: no visible global function definition for ‘segments’
    table.prepare: no visible global function definition for ‘rect’
    table.prepare: no visible global function definition for ‘mtext’
    table.value: no visible global function definition for ‘par’
    table.value: no visible global function definition for ‘symbols’
    triangle.biplot : seg: no visible global function definition for
     ‘segments’
    triangle.biplot: no visible global function definition for ‘par’
    triangle.biplot: no visible global function definition for ‘text’
    triangle.biplot: no visible global function definition for ‘arrows’
    triangle.biplot: no visible global function definition for ‘points’
    triangle.class : seg: no visible global function definition for ‘par’
    triangle.class : seg: no visible global function definition for
     ‘segments’
    triangle.class: no visible global function definition for ‘par’
    triangle.class: no visible global function definition for ‘text’
    triangle.class: no visible global function definition for ‘points’
    triangle.plot : seg: no visible global function definition for ‘par’
    triangle.plot : seg: no visible global function definition for
     ‘segments’
    triangle.plot: no visible global function definition for ‘par’
    triangle.plot: no visible global function definition for ‘text’
    triangle.plot: no visible global function definition for ‘points’
    varfacwt: no visible binding for global variable ‘var’
    varfacwt : <anonymous> : <anonymous>: no visible global function
     definition for ‘var’
    variance.phylog: no visible global function definition for ‘na.omit’
    variance.phylog: no visible global function definition for ‘var’
    variance.phylog: no visible global function definition for ‘as.formula’
    variance.phylog: no visible global function definition for ‘lm’
    variance.phylog: no visible global function definition for ‘anova’
    variance.phylog: no visible global function definition for ‘pf’
    witwitsepan: no visible global function definition for ‘par’
    witwitsepan: no visible global function definition for ‘n2mfrow’
    Undefined global functions or variables:
     abline anova arrows as.dist as.formula axis barplot box chull
     coefficients cor cov cutree density dev.cur dist dnorm frame gray
     grey hclust hist image is.ts layout lines lm lm.wfit loess
     model.frame model.matrix modifyList mtext n2mfrow na.omit p.adjust
     p.adjust.methods par pf plot.default plot.new plot.ts points poly
     polygon ppoints predict quantile read.table rect residuals sd
     segments strheight strwidth symbols symnum text title ts ts.union var
     weighted.mean write.table
    Consider adding
     importFrom("grDevices", "chull", "dev.cur", "gray", "grey", "n2mfrow")
     importFrom("graphics", "abline", "arrows", "axis", "barplot", "box",
     "frame", "hist", "image", "layout", "lines", "mtext", "par",
     "plot.default", "plot.new", "points", "polygon", "rect",
     "segments", "strheight", "strwidth", "symbols", "text",
     "title")
     importFrom("stats", "anova", "as.dist", "as.formula", "coefficients",
     "cor", "cov", "cutree", "density", "dist", "dnorm",
     "hclust", "is.ts", "lm", "lm.wfit", "loess", "model.frame",
     "model.matrix", "na.omit", "p.adjust", "p.adjust.methods",
     "pf", "plot.ts", "poly", "ppoints", "predict", "quantile",
     "residuals", "sd", "symnum", "ts", "ts.union", "var",
     "weighted.mean")
     importFrom("utils", "modifyList", "read.table", "write.table")
    to your NAMESPACE.
Flavors: r-devel-linux-x86_64-debian-clang, r-devel-linux-x86_64-debian-gcc, r-devel-linux-x86_64-fedora-clang, r-devel-linux-x86_64-fedora-gcc, r-devel-windows-ix86+x86_64