CRAN Package Check Results for Package ade4

Last updated on 2015-03-04 05:47:38.

Flavor Version Tinstall Tcheck Ttotal Status Flags
r-devel-linux-x86_64-debian-clang 1.6-2 8.99 132.34 141.32 NOTE
r-devel-linux-x86_64-debian-gcc 1.6-2 9.38 130.95 140.34 NOTE
r-devel-linux-x86_64-fedora-clang 1.6-2 275.08 NOTE
r-devel-linux-x86_64-fedora-gcc 1.6-2 251.54 NOTE
r-devel-osx-x86_64-clang 1.6-2 230.51 NOTE
r-devel-windows-ix86+x86_64 1.6-2 35.00 244.00 279.00 NOTE
r-patched-linux-x86_64 1.6-2 9.78 144.30 154.08 NOTE
r-patched-solaris-sparc 1.6-2 1752.50 NOTE
r-patched-solaris-x86 1.6-2 336.70 NOTE
r-release-linux-ix86 1.6-2 12.85 162.45 175.30 NOTE
r-release-linux-x86_64 1.6-2 11.62 143.64 155.26 NOTE
r-release-osx-x86_64-mavericks 1.6-2 NOTE
r-release-osx-x86_64-snowleopard 1.6-2 WARN
r-release-windows-ix86+x86_64 1.6-2 37.00 359.00 396.00 NOTE
r-oldrel-windows-ix86+x86_64 1.6-2 31.00 278.00 309.00 NOTE

Check Details

Version: 1.6-2
Check: installed package size
Result: NOTE
     installed size is 5.4Mb
     sub-directories of 1Mb or more:
     data 1.5Mb
     pictures 2.1Mb
Flavors: r-devel-linux-x86_64-debian-clang, r-devel-linux-x86_64-debian-gcc, r-devel-linux-x86_64-fedora-clang, r-devel-linux-x86_64-fedora-gcc, r-devel-osx-x86_64-clang, r-devel-windows-ix86+x86_64, r-patched-linux-x86_64, r-patched-solaris-sparc, r-patched-solaris-x86, r-release-linux-ix86, r-release-linux-x86_64, r-release-osx-x86_64-mavericks, r-release-osx-x86_64-snowleopard, r-release-windows-ix86+x86_64, r-oldrel-windows-ix86+x86_64

Version: 1.6-2
Check: dependencies in R code
Result: NOTE
    'library' or 'require' calls in package code:
     ‘MASS’ ‘pixmap’ ‘spdep’ ‘splancs’ ‘waveslim’
     Please use :: or requireNamespace() instead.
     See section 'Suggested packages' in the 'Writing R Extensions' manual.
Flavors: r-devel-linux-x86_64-debian-clang, r-devel-linux-x86_64-debian-gcc, r-devel-linux-x86_64-fedora-clang, r-devel-linux-x86_64-fedora-gcc, r-devel-osx-x86_64-clang, r-devel-windows-ix86+x86_64, r-patched-linux-x86_64, r-patched-solaris-sparc, r-patched-solaris-x86

Version: 1.6-2
Check: S3 generic/method consistency
Result: NOTE
    Found the following apparent S3 methods exported but not registered:
     kplot.sepan.coa
    See section ‘Registering S3 methods’ in the ‘Writing R Extensions’
    manual.
Flavors: r-devel-linux-x86_64-debian-clang, r-devel-linux-x86_64-debian-gcc, r-devel-linux-x86_64-fedora-clang, r-devel-linux-x86_64-fedora-gcc, r-devel-osx-x86_64-clang

Version: 1.6-2
Check: R code for possible problems
Result: NOTE
    prep.mdpcoa : fun1: no visible global function definition for
     ‘dist.dna’
Flavors: r-devel-linux-x86_64-debian-clang, r-devel-linux-x86_64-debian-gcc, r-devel-linux-x86_64-fedora-clang, r-devel-linux-x86_64-fedora-gcc, r-devel-osx-x86_64-clang, r-devel-windows-ix86+x86_64, r-patched-linux-x86_64, r-patched-solaris-sparc, r-patched-solaris-x86, r-release-linux-ix86, r-release-linux-x86_64, r-release-osx-x86_64-mavericks, r-release-windows-ix86+x86_64

Version: 1.6-2
Check: compiled code
Result: NOTE
    File ‘ade4/libs/ade4.so’:
     Found ‘rand’, possibly from ‘rand’ (C)
     Object: ‘adesub.o’
     Found ‘srand’, possibly from ‘srand’ (C)
     Object: ‘adesub.o’
    
    Compiled code should not call entry points which might terminate R nor
    write to stdout/stderr instead of to the console, nor the system RNG.
    
    See ‘Writing portable packages’ in the ‘Writing R Extensions’ manual.
Flavors: r-devel-linux-x86_64-debian-clang, r-devel-linux-x86_64-debian-gcc, r-devel-linux-x86_64-fedora-clang, r-devel-linux-x86_64-fedora-gcc, r-patched-linux-x86_64, r-patched-solaris-sparc, r-patched-solaris-x86

Version: 1.6-2
Check: compiled code
Result: NOTE
    File ‘ade4/libs/ade4.so’:
     Found ‘_rand’, possibly from ‘rand’ (C)
     Object: ‘adesub.o’
     Found ‘_srand’, possibly from ‘srand’ (C)
     Object: ‘adesub.o’
    
    Compiled code should not call entry points which might terminate R nor
    write to stdout/stderr instead of to the console, nor the system RNG.
    
    See ‘Writing portable packages’ in the ‘Writing R Extensions’ manual.
Flavors: r-devel-osx-x86_64-clang, r-release-osx-x86_64-mavericks

Version: 1.6-2
Check: compiled code
Result: NOTE
    File 'ade4/libs/i386/ade4.dll':
     Found 'rand', possibly from 'rand' (C)
     Object: 'adesub.o'
     Found 'srand', possibly from 'srand' (C)
     Object: 'adesub.o'
    File 'ade4/libs/x64/ade4.dll':
     Found 'rand', possibly from 'rand' (C)
     Object: 'adesub.o'
     Found 'srand', possibly from 'srand' (C)
     Object: 'adesub.o'
    
    Compiled code should not call entry points which might terminate R nor
    write to stdout/stderr instead of to the console, nor the system RNG.
    
    See 'Writing portable packages' in the 'Writing R Extensions' manual.
Flavor: r-devel-windows-ix86+x86_64

Version: 1.6-2
Check: compiled code
Result: NOTE
    File ‘ade4/libs/ade4.so’:
     Found ‘rand’, possibly from ‘rand’ (C)
     Object: ‘adesub.o’
     Found ‘srand’, possibly from ‘srand’ (C)
     Object: ‘adesub.o’
    
    Compiled code should not call entry points which might terminate R nor
    write to stdout/stderr instead of to the console, nor the C RNG.
    
    See ‘Writing portable packages’ in the ‘Writing R Extensions’ manual.
Flavors: r-release-linux-ix86, r-release-linux-x86_64

Version: 1.6-2
Check: examples
Result: WARN
    checking a package with encoding 'UTF-8' in an ASCII locale
    
     OK
Flavor: r-release-osx-x86_64-snowleopard

Version: 1.6-2
Check: compiled code
Result: NOTE
    File 'ade4/libs/i386/ade4.dll':
     Found 'rand', possibly from 'rand' (C)
     Object: 'adesub.o'
     Found 'srand', possibly from 'srand' (C)
     Object: 'adesub.o'
    File 'ade4/libs/x64/ade4.dll':
     Found 'rand', possibly from 'rand' (C)
     Object: 'adesub.o'
     Found 'srand', possibly from 'srand' (C)
     Object: 'adesub.o'
    
    Compiled code should not call entry points which might terminate R nor
    write to stdout/stderr instead of to the console, nor the C RNG.
    
    See 'Writing portable packages' in the 'Writing R Extensions' manual.
Flavor: r-release-windows-ix86+x86_64