CRAN Package Check Results for Package ade4

Last updated on 2015-05-06 06:46:26.

Flavor Version Tinstall Tcheck Ttotal Status Flags
r-devel-linux-x86_64-debian-clang 1.7-2 8.81 141.99 150.80 NOTE
r-devel-linux-x86_64-debian-gcc 1.7-2 9.61 142.00 151.62 NOTE
r-devel-linux-x86_64-fedora-clang 1.7-2 285.51 NOTE
r-devel-linux-x86_64-fedora-gcc 1.7-2 263.30 NOTE
r-devel-osx-x86_64-clang 1.7-2 231.64 NOTE
r-devel-windows-ix86+x86_64 1.7-2 38.00 249.00 287.00 NOTE
r-patched-linux-x86_64 1.7-2 10.03 137.65 147.68 NOTE
r-patched-solaris-sparc 1.7-2 1615.30 NOTE
r-patched-solaris-x86 1.7-2 338.00 NOTE
r-release-linux-x86_64 1.7-2 9.83 137.54 147.36 NOTE
r-release-osx-x86_64-mavericks 1.7-2 NOTE
r-release-osx-x86_64-snowleopard 1.7-2 NOTE
r-release-windows-ix86+x86_64 1.7-2 40.00 343.00 383.00 NOTE
r-oldrel-windows-ix86+x86_64 1.7-2 32.00 304.00 336.00 NOTE

Check Details

Version: 1.7-2
Check: installed package size
Result: NOTE
     installed size is 5.8Mb
     sub-directories of 1Mb or more:
     data 1.9Mb
     pictures 2.1Mb
Flavors: r-devel-linux-x86_64-debian-clang, r-devel-linux-x86_64-debian-gcc, r-devel-linux-x86_64-fedora-clang, r-devel-linux-x86_64-fedora-gcc, r-devel-osx-x86_64-clang, r-devel-windows-ix86+x86_64, r-patched-linux-x86_64, r-patched-solaris-sparc, r-patched-solaris-x86, r-release-linux-x86_64, r-release-osx-x86_64-mavericks, r-release-osx-x86_64-snowleopard, r-release-windows-ix86+x86_64, r-oldrel-windows-ix86+x86_64

Version: 1.7-2
Check: package dependencies
Result: NOTE
    Packages suggested but not available for checking: ‘spdep’ ‘adegraphics’
Flavor: r-release-osx-x86_64-snowleopard

Version: 1.7-2
Check: Rd cross-references
Result: NOTE
    Package unavailable to check Rd xrefs: ‘spdep’
Flavor: r-release-osx-x86_64-snowleopard