CRAN Package Check Results for Package adehabitatHR

Last updated on 2015-03-27 06:46:34.

Flavor Version Tinstall Tcheck Ttotal Status Flags
r-devel-linux-x86_64-debian-clang 0.4.12 2.92 62.94 65.86 NOTE
r-devel-linux-x86_64-debian-gcc 0.4.12 3.51 62.44 65.96 NOTE
r-devel-linux-x86_64-fedora-clang 0.4.12 135.85 NOTE
r-devel-linux-x86_64-fedora-gcc 0.4.12 129.18 NOTE
r-devel-osx-x86_64-clang 0.4.12 133.37 NOTE
r-prerel-windows-ix86+x86_64 0.4.12 12.00 110.00 122.00 NOTE
r-prerel-linux-x86_64 0.4.12 3.58 62.58 66.16 NOTE
r-prerel-solaris-sparc 0.4.12 879.30 NOTE
r-prerel-solaris-x86 0.4.12 170.10 NOTE
r-release-linux-x86_64 0.4.12 3.93 72.10 76.03 NOTE
r-release-osx-x86_64-mavericks 0.4.12 ERROR
r-release-osx-x86_64-snowleopard 0.4.12 OK
r-release-windows-ix86+x86_64 0.4.12 13.00 123.00 136.00 NOTE
r-oldrel-windows-ix86+x86_64 0.4.12 12.00 160.00 172.00 OK

Check Details

Version: 0.4.12
Check: DESCRIPTION meta-information
Result: NOTE
    Malformed Description field: should contain one or more complete sentences.
Flavors: r-devel-linux-x86_64-debian-clang, r-devel-linux-x86_64-debian-gcc, r-devel-linux-x86_64-fedora-clang, r-devel-linux-x86_64-fedora-gcc, r-devel-osx-x86_64-clang, r-prerel-windows-ix86+x86_64, r-prerel-linux-x86_64, r-prerel-solaris-sparc, r-prerel-solaris-x86

Version: 0.4.12
Check: dependencies in R code
Result: NOTE
    'library' or 'require' calls in package code:
     ‘maptools’ ‘rgeos’
     Please use :: or requireNamespace() instead.
     See section 'Suggested packages' in the 'Writing R Extensions' manual.
Flavors: r-devel-linux-x86_64-debian-clang, r-devel-linux-x86_64-debian-gcc, r-devel-linux-x86_64-fedora-clang, r-devel-linux-x86_64-fedora-gcc, r-devel-osx-x86_64-clang, r-prerel-windows-ix86+x86_64, r-prerel-linux-x86_64, r-prerel-solaris-sparc, r-prerel-solaris-x86, r-release-linux-x86_64, r-release-osx-x86_64-mavericks, r-release-windows-ix86+x86_64

Version: 0.4.12
Check: package dependencies
Result: NOTE
    Package suggested but not available for checking: ‘rgeos’
Flavor: r-release-osx-x86_64-mavericks

Version: 0.4.12
Check: running R code from vignettes
Result: ERROR
    Errors in running code in vignettes:
    when running code in ‘adehabitatHR.Rnw’
     ...
    + "}\n\n", sep = "")
    \includegraphics[height=7cm,width=7cm]{Fig-bitmap-41.png}
    
    
    > res <- CharHull(puechabonsp$relocs[, 1])
    Loading required package: rgeos
    
     When sourcing ‘adehabitatHR.R’:
    Error: the package rgeos is required for this function
    Execution halted
Flavor: r-release-osx-x86_64-mavericks