CRAN Package Check Results for Package adehabitatLT

Last updated on 2014-04-24 05:47:18.

Flavor Version Tinstall Tcheck Ttotal Status Flags
r-devel-linux-x86_64-debian-clang 0.3.14 3.98 56.64 60.63 OK
r-devel-linux-x86_64-debian-gcc 0.3.14 5.17 57.88 63.05 OK
r-devel-linux-x86_64-fedora-clang 0.3.14 126.40 OK
r-devel-linux-x86_64-fedora-gcc 0.3.14 126.27 OK
r-devel-osx-x86_64-clang 0.3.14 105.21 OK
r-devel-osx-x86_64-gcc 0.3.14 NOTE
r-devel-windows-ix86+x86_64 0.3.14 14.00 92.00 106.00 OK
r-patched-linux-x86_64 0.3.14 5.17 57.37 62.54 OK
r-patched-solaris-sparc 0.3.14 441.80 OK --no-examples --no-vignettes
r-patched-solaris-x86 0.3.14 177.90 OK
r-release-linux-ix86 0.3.14 8.00 95.00 103.00 OK
r-release-linux-x86_64 0.3.14 5.23 45.99 51.22 OK
r-release-osx-x86_64-mavericks 0.3.14 WARN
r-release-windows-ix86+x86_64 0.3.14 15.00 92.00 107.00 OK
r-oldrel-windows-ix86+x86_64 0.3.14 15.00 99.00 114.00 OK

Memtest notes: UBSAN UBSAN

Check Details

Version: 0.3.14
Check: package dependencies
Result: NOTE
    Package suggested but not available for checking: ‘maptools’
Flavors: r-devel-osx-x86_64-gcc, r-release-osx-x86_64-mavericks

Version: 0.3.14
Check: PDF version of manual
Result: WARNING
    LaTeX errors when creating PDF version.
    This typically indicates Rd problems.
    LaTeX errors found:
    ! LaTeX Error: File `upquote.sty' not found.
    
    Type X to quit or <RETURN> to proceed,
    or enter new name. (Default extension: sty)
    
    24fd3b50/Rd2.tex:8: ==> Fatal error occurred, no output PDF file produced!
Flavor: r-release-osx-x86_64-mavericks