CRAN Package Check Results for Package adehabitatLT

Last updated on 2014-09-01 03:46:48.

Flavor Version Tinstall Tcheck Ttotal Status Flags
r-devel-linux-x86_64-debian-clang 0.3.16 3.75 51.01 54.76 NOTE
r-devel-linux-x86_64-debian-gcc 0.3.16 5.28 50.43 55.71 NOTE
r-devel-linux-x86_64-fedora-clang 0.3.16 123.41 NOTE
r-devel-linux-x86_64-fedora-gcc 0.3.16 119.73 NOTE
r-devel-osx-x86_64-clang 0.3.16 101.00 NOTE
r-devel-windows-ix86+x86_64 0.3.16 17.00 87.00 104.00 NOTE
r-patched-linux-x86_64 0.3.16 5.34 52.98 58.32 OK
r-patched-solaris-sparc 0.3.16 449.30 OK --no-examples --no-vignettes
r-patched-solaris-x86 0.3.16 182.60 OK
r-release-linux-ix86 0.3.16 6.29 71.05 77.34 OK
r-release-linux-x86_64 0.3.16 5.30 54.02 59.32 OK
r-release-osx-x86_64-mavericks 0.3.16 NOTE
r-release-osx-x86_64-snowleopard 0.3.16 OK
r-release-windows-ix86+x86_64 0.3.16 14.00 98.00 112.00 OK
r-oldrel-windows-ix86+x86_64 0.3.16 16.00 92.00 108.00 OK

Check Details

Version: 0.3.16
Check: compiled code
Result: NOTE
    File ‘/home/hornik/tmp/R.check/r-devel-clang/Work/build/Packages/adehabitatLT/libs/adehabitatLT.so’:
     Found ‘rand’, possibly from ‘rand’ (C)
     Object: ‘tests.o’
     Found ‘srand’, possibly from ‘srand’ (C)
     Object: ‘tests.o’
    
    Compiled code should not call entry points which might terminate R nor
    write to stdout/stderr instead of to the console, nor the C RNG.
    
    See ‘Writing portable packages’ in the ‘Writing R Extensions’ manual.
Flavor: r-devel-linux-x86_64-debian-clang

Version: 0.3.16
Check: compiled code
Result: NOTE
    File ‘/home/hornik/tmp/R.check/r-devel-gcc/Work/build/Packages/adehabitatLT/libs/adehabitatLT.so’:
     Found ‘rand’, possibly from ‘rand’ (C)
     Object: ‘tests.o’
     Found ‘srand’, possibly from ‘srand’ (C)
     Object: ‘tests.o’
    
    Compiled code should not call entry points which might terminate R nor
    write to stdout/stderr instead of to the console, nor the C RNG.
    
    See ‘Writing portable packages’ in the ‘Writing R Extensions’ manual.
Flavor: r-devel-linux-x86_64-debian-gcc

Version: 0.3.16
Check: compiled code
Result: NOTE
    File ‘/data/gannet/ripley/R/packages/tests-clang/adehabitatLT.Rcheck/adehabitatLT/libs/adehabitatLT.so’:
     Found ‘rand’, possibly from ‘rand’ (C)
     Object: ‘tests.o’
     Found ‘srand’, possibly from ‘srand’ (C)
     Object: ‘tests.o’
    
    Compiled code should not call entry points which might terminate R nor
    write to stdout/stderr instead of to the console, nor the C RNG.
    
    See ‘Writing portable packages’ in the ‘Writing R Extensions’ manual.
Flavor: r-devel-linux-x86_64-fedora-clang

Version: 0.3.16
Check: compiled code
Result: NOTE
    File ‘/data/gannet/ripley/R/packages/tests-devel/adehabitatLT.Rcheck/adehabitatLT/libs/adehabitatLT.so’:
     Found ‘rand’, possibly from ‘rand’ (C)
     Object: ‘tests.o’
     Found ‘srand’, possibly from ‘srand’ (C)
     Object: ‘tests.o’
    
    Compiled code should not call entry points which might terminate R nor
    write to stdout/stderr instead of to the console, nor the C RNG.
    
    See ‘Writing portable packages’ in the ‘Writing R Extensions’ manual.
Flavor: r-devel-linux-x86_64-fedora-gcc

Version: 0.3.16
Check: compiled code
Result: NOTE
    File ‘/Users/ripley/R/packages/tests-devel/adehabitatLT.Rcheck/adehabitatLT/libs/adehabitatLT.so’:
     Found ‘_rand’, possibly from ‘rand’ (C)
     Object: ‘tests.o’
     Found ‘_srand’, possibly from ‘srand’ (C)
     Object: ‘tests.o’
    
    Compiled code should not call entry points which might terminate R nor
    write to stdout/stderr instead of to the console, nor the C RNG.
    
    See ‘Writing portable packages’ in the ‘Writing R Extensions’ manual.
Flavor: r-devel-osx-x86_64-clang

Version: 0.3.16
Check: compiled code
Result: NOTE
    File 'd:/Rcompile/CRANpkg/lib/3.2/adehabitatLT/libs/i386/adehabitatLT.dll':
     Found 'rand', possibly from 'rand' (C)
     Object: 'tests.o'
     Found 'srand', possibly from 'srand' (C)
     Object: 'tests.o'
    File 'd:/Rcompile/CRANpkg/lib/3.2/adehabitatLT/libs/x64/adehabitatLT.dll':
     Found 'rand', possibly from 'rand' (C)
     Object: 'tests.o'
     Found 'srand', possibly from 'srand' (C)
     Object: 'tests.o'
    
    Compiled code should not call entry points which might terminate R nor
    write to stdout/stderr instead of to the console, nor the C RNG.
    
    See 'Writing portable packages' in the 'Writing R Extensions' manual.
Flavor: r-devel-windows-ix86+x86_64

Version: 0.3.16
Check: package dependencies
Result: NOTE
    Package suggested but not available for checking: ‘maptools’
Flavor: r-release-osx-x86_64-mavericks