CRAN Package Check Results for Package adehabitatLT

Last updated on 2014-08-22 03:47:52.

Flavor Version Tinstall Tcheck Ttotal Status Flags
r-devel-linux-x86_64-debian-clang 0.3.16 4.11 52.09 56.20 OK
r-devel-linux-x86_64-debian-gcc 0.3.16 5.18 52.56 57.74 OK
r-devel-linux-x86_64-fedora-clang 0.3.16 122.98 OK
r-devel-linux-x86_64-fedora-gcc 0.3.16 117.88 OK
r-devel-osx-x86_64-clang 0.3.16 102.87 OK
r-devel-windows-ix86+x86_64 0.3.16 15.00 88.00 103.00 OK
r-patched-linux-x86_64 0.3.16 5.39 54.02 59.42 OK
r-patched-solaris-sparc 0.3.16 449.30 OK --no-examples --no-vignettes
r-patched-solaris-x86 0.3.16 181.20 OK
r-release-linux-ix86 0.3.16 6.20 71.44 77.64 OK
r-release-linux-x86_64 0.3.16 5.32 54.00 59.31 OK
r-release-osx-x86_64-mavericks 0.3.16 NOTE
r-release-osx-x86_64-snowleopard 0.3.16 OK
r-release-windows-ix86+x86_64 0.3.16 14.00 93.00 107.00 OK
r-oldrel-windows-ix86+x86_64 0.3.16 15.00 94.00 109.00 OK

Check Details

Version: 0.3.16
Check: package dependencies
Result: NOTE
    Package suggested but not available for checking: ‘maptools’
Flavor: r-release-osx-x86_64-mavericks