CRAN Package Check Results for Package adehabitatLT

Last updated on 2015-01-30 03:48:56.

Flavor Version Tinstall Tcheck Ttotal Status Flags
r-devel-linux-x86_64-debian-clang 0.3.17 4.21 97.65 101.86 NOTE
r-devel-linux-x86_64-debian-gcc 0.3.17 4.98 94.45 99.43 NOTE
r-devel-linux-x86_64-fedora-clang 0.3.17 225.06 NOTE
r-devel-linux-x86_64-fedora-gcc 0.3.17 205.77 NOTE
r-devel-osx-x86_64-clang 0.3.17 193.10 NOTE
r-devel-windows-ix86+x86_64 0.3.17 19.00 128.00 147.00 NOTE
r-patched-linux-x86_64 0.3.17 5.52 99.90 105.43 OK
r-patched-solaris-sparc 0.3.17 468.70 OK --no-examples --no-vignettes
r-patched-solaris-x86 0.3.17 350.40 OK
r-release-linux-ix86 0.3.17 5.98 108.73 114.71 OK
r-release-linux-x86_64 0.3.17 5.24 100.32 105.56 OK
r-release-osx-x86_64-mavericks 0.3.17 OK
r-release-osx-x86_64-snowleopard 0.3.17 OK
r-release-windows-ix86+x86_64 0.3.17 18.00 149.00 167.00 OK
r-oldrel-windows-ix86+x86_64 0.3.17 16.00 158.00 174.00 OK

Check Details

Version: 0.3.17
Check: dependencies in R code
Result: NOTE
    'library' or 'require' call to ‘tkrplot’ in package code.
     Please use :: or requireNamespace() instead.
     See section 'Suggested packages' in the 'Writing R Extensions' manual.
Flavors: r-devel-linux-x86_64-debian-clang, r-devel-linux-x86_64-debian-gcc, r-devel-linux-x86_64-fedora-clang, r-devel-linux-x86_64-fedora-gcc, r-devel-osx-x86_64-clang, r-devel-windows-ix86+x86_64

Version: 0.3.17
Check: S3 generic/method consistency
Result: NOTE
    Found the following apparent S3 methods exported but not registered:
     lavielle.default lavielle.ltraj print.NMm print.NMs print.lavielle
     print.resiti plot.resiti na.omit.ltraj
    See section ‘Registering S3 methods’ in the ‘Writing R Extensions’
    manual.
Flavors: r-devel-linux-x86_64-debian-clang, r-devel-linux-x86_64-debian-gcc, r-devel-linux-x86_64-fedora-clang, r-devel-linux-x86_64-fedora-gcc, r-devel-osx-x86_64-clang