CRAN Package Check Results for Package bayesSurv

Last updated on 2014-04-23 07:54:55.

Flavor Version Tinstall Tcheck Ttotal Status Flags
r-devel-linux-x86_64-debian-clang 2.1-1 28.81 41.95 70.76 OK
r-devel-linux-x86_64-debian-gcc 2.1-1 36.20 40.46 76.67 NOTE
r-devel-linux-x86_64-fedora-clang 2.1-1 165.63 OK
r-devel-linux-x86_64-fedora-gcc 2.1-1 140.22 NOTE
r-devel-osx-x86_64-clang 2.1-1 119.69 OK
r-devel-osx-x86_64-gcc 2.1-1 OK
r-devel-windows-ix86+x86_64 2.1-1 148.00 74.00 222.00 OK
r-patched-linux-x86_64 2.1-1 36.32 40.64 76.96 NOTE
r-patched-solaris-sparc 2.1-1 906.00 NOTE
r-patched-solaris-x86 2.1-1 173.80 NOTE
r-release-linux-ix86 2.1-1 63.00 65.00 128.00 OK
r-release-linux-x86_64 2.1-1 36.32 40.26 76.58 NOTE
r-release-osx-x86_64-mavericks 2.1-1 WARN
r-release-osx-x86_64-snowleopard 2.1-1 WARN
r-release-windows-ix86+x86_64 2.1-1 155.00 81.00 236.00 OK
r-oldrel-windows-ix86+x86_64 2.1-1 150.00 87.00 237.00 OK

Check Details

Version: 2.1-1
Check: installed package size
Result: NOTE
     installed size is 5.8Mb
     sub-directories of 1Mb or more:
     libs 4.9Mb
Flavors: r-devel-linux-x86_64-debian-gcc, r-devel-linux-x86_64-fedora-gcc, r-patched-linux-x86_64, r-patched-solaris-sparc, r-patched-solaris-x86, r-release-linux-x86_64

Version: 2.1-1
Check: PDF version of manual
Result: WARNING
    LaTeX errors when creating PDF version.
    This typically indicates Rd problems.
    LaTeX errors found:
    ! LaTeX Error: File `upquote.sty' not found.
    
    Type X to quit or <RETURN> to proceed,
    or enter new name. (Default extension: sty)
    
    5ee34fe/Rd2.tex:8: ==> Fatal error occurred, no output PDF file produced!
Flavor: r-release-osx-x86_64-mavericks

Version: 2.1-1
Check: examples
Result: WARNING
    checking a package with encoding 'UTF-8' in an ASCII locale
    
     OK
Flavor: r-release-osx-x86_64-snowleopard