CRAN Package Check Results for Package censReg

Last updated on 2014-04-24 05:47:19.

Flavor Version Tinstall Tcheck Ttotal Status Flags
r-devel-linux-x86_64-debian-clang 0.5-20 1.11 86.78 87.89 OK
r-devel-linux-x86_64-debian-gcc 0.5-20 1.09 83.60 84.68 OK
r-devel-linux-x86_64-fedora-clang 0.5-20 177.23 OK
r-devel-linux-x86_64-fedora-gcc 0.5-20 173.70 OK
r-devel-osx-x86_64-clang 0.5-20 122.18 OK
r-devel-osx-x86_64-gcc 0.5-20 ERROR
r-devel-windows-ix86+x86_64 0.5-20 4.00 121.00 125.00 OK
r-patched-linux-x86_64 0.5-20 1.19 82.83 84.02 OK
r-patched-solaris-sparc 0.5-20 952.20 OK
r-patched-solaris-x86 0.5-20 171.20 OK
r-release-linux-ix86 0.5-20 2.00 117.00 119.00 OK
r-release-linux-x86_64 0.5-20 1.23 83.22 84.45 OK
r-release-osx-x86_64-mavericks 0.5-20 WARN
r-release-osx-x86_64-snowleopard 0.5-20 NOTE
r-release-windows-ix86+x86_64 0.5-20 5.00 130.00 135.00 OK
r-oldrel-windows-ix86+x86_64 0.5-20 4.00 122.00 126.00 OK

Check Details

Version: 0.5-20
Check: package dependencies
Result: ERROR
    Packages required but not available: ‘maxLik’ ‘sandwich’ ‘miscTools’
    
    Packages suggested but not available for checking: ‘plm’ ‘AER’ ‘lmtest’
    
    See the information on DESCRIPTION files in the chapter ‘Creating R
    packages’ of the ‘Writing R Extensions’ manual.
Flavor: r-devel-osx-x86_64-gcc

Version: 0.5-20
Check: re-building of vignette outputs
Result: NOTE
    Error in re-building vignettes:
     ...
    Loading required package: maxLik
    Loading required package: miscTools
    
    Please cite the 'maxLik' package as:
    Henningsen, Arne and Toomet, Ott (2011). maxLik: A package for maximum likelihood estimation in R. Computational Statistics 26(3), 443-458. DOI 10.1007/s00180-010-0217-1.
    
    If you have questions, suggestions, or comments regarding the 'maxLik' package, please use a forum or 'tracker' at maxLik's R-Forge site:
    https://r-forge.r-project.org/projects/maxlik/
    Loading required package: Formula
    Error in texi2dvi(file = file, pdf = TRUE, clean = clean, quiet = quiet, :
     Running 'texi2dvi' on 'censReg.tex' failed.
    LaTeX errors:
    ! LaTeX Error: File `bbm.sty' not found.
    
    Type X to quit or <RETURN> to proceed,
    or enter new name. (Default extension: sty)
    
    _test/censReg/vignettes/censReg.tex:5: ==> Fatal error occurred, no output PDF
     file produced!
    Calls: buildVignettes -> texi2pdf -> texi2dvi
    Execution halted
Flavor: r-release-osx-x86_64-mavericks

Version: 0.5-20
Check: PDF version of manual
Result: WARNING
    LaTeX errors when creating PDF version.
    This typically indicates Rd problems.
    LaTeX errors found:
    ! LaTeX Error: File `upquote.sty' not found.
    
    Type X to quit or <RETURN> to proceed,
    or enter new name. (Default extension: sty)
    
    3d07974/Rd2.tex:8: ==> Fatal error occurred, no output PDF file produced!
Flavor: r-release-osx-x86_64-mavericks

Version: 0.5-20
Check: re-building of vignette outputs
Result: NOTE
    Error in re-building vignettes:
     ...
    
    Loading required package: nlme
    Loading required package: Formula
    Loading required package: MASS
    Loading required package: sandwich
    Loading required package: zoo
    
    Attaching package: 'zoo'
    
    The following objects are masked from 'package:base':
    
     as.Date, as.Date.numeric
    
    Error in texi2dvi(file = file, pdf = TRUE, clean = clean, quiet = quiet, :
     Running 'texi2dvi' on 'censReg.tex' failed.
    LaTeX errors:
    ! LaTeX Error: File `bbm.sty' not found.
    
    Type X to quit or <RETURN> to proceed,
    or enter new name. (Default extension: sty)
    
    censReg.Rcheck/vign_test/censReg/vignettes/censReg.tex:5: ==> Fatal error occu
    rred, no output PDF file produced!
    Calls: buildVignettes -> texi2pdf -> texi2dvi
    Execution halted
Flavor: r-release-osx-x86_64-snowleopard