CRAN Package Check Results for Package cmprsk

Last updated on 2015-07-28 09:46:55.

Flavor Version Tinstall Tcheck Ttotal Status Flags
r-devel-linux-x86_64-debian-clang 2.2-7 2.04 11.91 13.95 NOTE
r-devel-linux-x86_64-debian-gcc 2.2-7 2.01 11.82 13.83 NOTE
r-devel-linux-x86_64-fedora-clang 2.2-7 26.42 NOTE
r-devel-linux-x86_64-fedora-gcc 2.2-7 24.38 NOTE
r-devel-osx-x86_64-clang 2.2-7 25.42 OK
r-devel-windows-ix86+x86_64 2.2-7 8.00 27.00 35.00 NOTE
r-patched-linux-x86_64 2.2-7 2.13 12.38 14.50 OK
r-patched-solaris-sparc 2.2-7 170.60 OK
r-patched-solaris-x86 2.2-7 39.10 OK
r-release-linux-x86_64 2.2-7 2.06 12.02 14.08 OK
r-release-osx-x86_64-mavericks 2.2-7 OK
r-release-windows-ix86+x86_64 2.2-7 15.00 27.00 42.00 OK
r-oldrel-windows-ix86+x86_64 2.2-7 11.00 29.00 40.00 OK

Check Details

Version: 2.2-7
Check: R code for possible problems
Result: NOTE
    crr: no visible binding for global variable ‘na.omit’
    crr: no visible global function definition for ‘approx’
    cuminc: no visible binding for global variable ‘na.omit’
    cuminc: no visible global function definition for ‘pchisq’
    plot.cuminc: no visible global function definition for ‘par’
    plot.cuminc: no visible global function definition for ‘plot’
    plot.cuminc: no visible binding for global variable ‘legend’
    plot.cuminc: no visible global function definition for ‘lines’
    plot.predict.crr: no visible global function definition for ‘plot’
    plot.predict.crr: no visible global function definition for ‘lines’
    print.crr: no visible global function definition for ‘pnorm’
    summary.crr: no visible global function definition for ‘pnorm’
    summary.crr: no visible global function definition for ‘qnorm’
    Undefined global functions or variables:
     approx legend lines na.omit par pchisq plot pnorm qnorm
    Consider adding
     importFrom("graphics", "legend", "lines", "par", "plot")
     importFrom("stats", "approx", "na.omit", "pchisq", "pnorm", "qnorm")
    to your NAMESPACE.
Flavors: r-devel-linux-x86_64-debian-clang, r-devel-linux-x86_64-debian-gcc, r-devel-linux-x86_64-fedora-clang, r-devel-linux-x86_64-fedora-gcc, r-devel-windows-ix86+x86_64