CRAN Package Check Results for Package crossmatch

Last updated on 2015-04-25 06:46:16.

Flavor Version Tinstall Tcheck Ttotal Status Flags
r-devel-linux-x86_64-debian-clang 1.3-1 1.71 22.40 24.11 NOTE
r-devel-linux-x86_64-debian-gcc 1.3-1 1.67 22.48 24.16 NOTE
r-devel-linux-x86_64-fedora-clang 1.3-1 48.46 NOTE
r-devel-linux-x86_64-fedora-gcc 1.3-1 47.63 NOTE
r-devel-osx-x86_64-clang 1.3-1 46.56 NOTE
r-devel-windows-ix86+x86_64 1.3-1 5.00 37.00 42.00 NOTE
r-patched-linux-x86_64 1.3-1 1.68 21.77 23.45 NOTE
r-patched-solaris-sparc 1.3-1 321.10 NOTE
r-patched-solaris-x86 1.3-1 63.10 NOTE
r-release-linux-x86_64 1.3-1 1.68 21.62 23.30 NOTE
r-release-osx-x86_64-mavericks 1.3-1 NOTE
r-release-osx-x86_64-snowleopard 1.3-1 ERROR
r-release-windows-ix86+x86_64 1.3-1 6.00 38.00 44.00 NOTE
r-oldrel-windows-ix86+x86_64 1.3-1 14.00 72.00 86.00 NOTE

Check Details

Version: 1.3-1
Check: dependencies in R code
Result: NOTE
    Package in Depends field not imported from: 'survival'
     These packages need to be imported from (in the NAMESPACE file)
     for when this namespace is loaded but not attached.
Flavors: r-devel-windows-ix86+x86_64, r-patched-linux-x86_64, r-release-windows-ix86+x86_64, r-oldrel-windows-ix86+x86_64

Version: 1.3-1
Check: Rd line widths
Result: NOTE
    Rd file 'crossmatch-package.Rd':
     \examples lines wider than 100 characters:
     c(0.03,0.11,0.16,-0.1,-0.05,0.16,0.12,0.4,0.04,0.71,0.01,0.21,-0.18,-0.08 ,-0.35,0.26,-0.6,-1.0))
    
    Rd file 'crossmatchtest.Rd':
     \examples lines wider than 100 characters:
     c(0.03,0.11,0.16,-0.1,-0.05,0.16,0.12,0.4,0.04,0.71,0.01,0.21,-0.18,-0.08 ,-0.35,0.26,-0.6,-1.0))
    
    These lines will be truncated in the PDF manual.
Flavor: r-patched-linux-x86_64