CRAN Package Check Results for Package crossmatch

Last updated on 2014-04-25 05:47:13.

Flavor Version Tinstall Tcheck Ttotal Status Flags
r-devel-linux-x86_64-debian-clang 1.3-1 2.20 27.19 29.39 NOTE
r-devel-linux-x86_64-debian-gcc 1.3-1 2.10 26.64 28.74 NOTE
r-devel-linux-x86_64-fedora-clang 1.3-1 56.69 NOTE
r-devel-linux-x86_64-fedora-gcc 1.3-1 54.25 NOTE
r-devel-osx-x86_64-clang 1.3-1 50.13 NOTE
r-devel-osx-x86_64-gcc 1.3-1 ERROR
r-devel-windows-ix86+x86_64 1.3-1 8.00 38.00 46.00 NOTE
r-patched-linux-x86_64 1.3-1 2.00 26.13 28.14 NOTE
r-patched-solaris-sparc 1.3-1 313.30 NOTE
r-patched-solaris-x86 1.3-1 72.10 NOTE
r-release-linux-ix86 1.3-1 4.00 46.00 50.00 NOTE
r-release-linux-x86_64 1.3-1 2.00 26.32 28.31 NOTE
r-release-osx-x86_64-mavericks 1.3-1 WARN
r-release-osx-x86_64-snowleopard 1.3-1 ERROR
r-release-windows-ix86+x86_64 1.3-1 8.00 41.00 49.00 NOTE
r-oldrel-windows-ix86+x86_64 1.3-1 7.00 39.00 46.00 NOTE

Check Details

Version: 1.3-1
Check: dependencies in R code
Result: NOTE
    Package in Depends field not imported from: ‘survival’
     These packages need to be imported from (in the NAMESPACE file)
     for when this namespace is loaded but not attached.
    See the information on DESCRIPTION files in the chapter ‘Creating R
    packages’ of the ‘Writing R Extensions’ manual.
Flavors: r-devel-linux-x86_64-debian-clang, r-devel-linux-x86_64-debian-gcc, r-devel-linux-x86_64-fedora-clang, r-devel-linux-x86_64-fedora-gcc, r-devel-osx-x86_64-clang, r-devel-windows-ix86+x86_64, r-patched-linux-x86_64, r-patched-solaris-sparc, r-patched-solaris-x86, r-release-linux-ix86, r-release-linux-x86_64, r-release-osx-x86_64-mavericks, r-release-windows-ix86+x86_64, r-oldrel-windows-ix86+x86_64

Version: 1.3-1
Check: Rd line widths
Result: NOTE
    Rd file 'crossmatch-package.Rd':
     \examples lines wider than 100 characters:
     c(0.03,0.11,0.16,-0.1,-0.05,0.16,0.12,0.4,0.04,0.71,0.01,0.21,-0.18,-0.08 ,-0.35,0.26,-0.6,-1.0))
    
    Rd file 'crossmatchtest.Rd':
     \examples lines wider than 100 characters:
     c(0.03,0.11,0.16,-0.1,-0.05,0.16,0.12,0.4,0.04,0.71,0.01,0.21,-0.18,-0.08 ,-0.35,0.26,-0.6,-1.0))
    
    These lines will be truncated in the PDF manual.
Flavors: r-devel-linux-x86_64-fedora-clang, r-devel-linux-x86_64-fedora-gcc

Version: 1.3-1
Check: package dependencies
Result: ERROR
    Package required but not available: ‘nbpMatching’
    
    See the information on DESCRIPTION files in the chapter ‘Creating R
    packages’ of the ‘Writing R Extensions’ manual.
Flavor: r-devel-osx-x86_64-gcc

Version: 1.3-1
Check: PDF version of manual
Result: WARNING
    LaTeX errors when creating PDF version.
    This typically indicates Rd problems.
    LaTeX errors found:
    ! LaTeX Error: File `upquote.sty' not found.
    
    Type X to quit or <RETURN> to proceed,
    or enter new name. (Default extension: sty)
    
    0e011a4/Rd2.tex:8: ==> Fatal error occurred, no output PDF file produced!
Flavor: r-release-osx-x86_64-mavericks

Version: 1.3-1
Check: whether package can be installed
Result: ERROR
    Installation failed.
    See ‘/Volumes/XT3/Builds/R-dev-web/QA/Simon/packages/snowleopard-x86_64/results/3.1/crossmatch.Rcheck/00install.out’ for details.
Flavor: r-release-osx-x86_64-snowleopard