CRAN Package Check Results for Package fractalrock

Last updated on 2014-04-21 05:48:14.

Flavor Version Tinstall Tcheck Ttotal Status Flags
r-devel-linux-x86_64-debian-clang 1.1.0 1.66 22.90 24.56 NOTE
r-devel-linux-x86_64-debian-gcc 1.1.0 1.79 24.06 25.86 NOTE
r-devel-linux-x86_64-fedora-clang 1.1.0 52.86 NOTE
r-devel-linux-x86_64-fedora-gcc 1.1.0 49.33 NOTE
r-devel-macosx-x86_64-clang 1.1.0 48.45 NOTE
r-devel-macosx-x86_64-gcc 1.1.0 ERROR
r-devel-windows-ix86+x86_64 1.1.0 5.00 36.00 41.00 NOTE
r-patched-linux-x86_64 1.1.0 1.69 23.65 25.34 NOTE
r-patched-solaris-sparc 1.1.0 285.10 NOTE
r-patched-solaris-x86 1.1.0 72.40 NOTE
r-release-linux-ix86 NOTE
r-release-linux-x86_64 1.1.0 1.67 22.97 24.64 NOTE
r-release-macosx-x86_64 1.1.0 ERROR
r-release-windows-ix86+x86_64 1.1.0 10.00 37.00 47.00 NOTE
r-oldrel-windows-ix86+x86_64 1.1.0 6.00 38.00 44.00 NOTE

Check Details

Version: 1.1.0
Check: dependencies in R code
Result: NOTE
    Packages in Depends field not imported from:
     ‘futile.any’ ‘futile.logger’ ‘quantmod’ ‘timeDate’
     These packages need to be imported from (in the NAMESPACE file)
     for when this namespace is loaded but not attached.
    See the information on DESCRIPTION files in the chapter ‘Creating R
    packages’ of the ‘Writing R Extensions’ manual.
Flavors: r-devel-linux-x86_64-debian-clang, r-devel-linux-x86_64-debian-gcc, r-devel-linux-x86_64-fedora-clang, r-devel-linux-x86_64-fedora-gcc, r-devel-macosx-x86_64-clang, r-devel-windows-ix86+x86_64, r-patched-linux-x86_64, r-patched-solaris-sparc, r-patched-solaris-x86, r-release-linux-ix86, r-release-linux-x86_64, r-release-windows-ix86+x86_64, r-oldrel-windows-ix86+x86_64

Version: 1.1.0
Check: R code for possible problems
Result: NOTE
    getPortfolioPrices: no visible binding for global variable
     ‘sampleInitiators’
    getPortfolioPrices: no visible binding for global variable
     ‘sampleGenerators’
    
    Found the following calls to data() loading into the global environment:
    File ‘fractalrock/R/framework.R’:
     data(generators)
     data(generators)
    See section ‘Good practice’ in ‘?data’.
Flavors: r-devel-linux-x86_64-debian-clang, r-devel-linux-x86_64-debian-gcc, r-devel-linux-x86_64-fedora-clang, r-devel-macosx-x86_64-clang, r-patched-linux-x86_64, r-release-linux-ix86, r-release-linux-x86_64

Version: 1.1.0
Check: Rd line widths
Result: NOTE
    Rd file 'fractal.Rd':
     \usage lines wider than 90 characters:
     fractal.uniform(seed, patterns, count = NULL, epochs = NULL, origin = '1970-01-01', date.fun = as.Date, only = NULL)
     fractal.random(seed, patterns, count = NULL, epochs = NULL, origin = '1970-01-01', date.fun = as.Date, only = NULL)
    
    Rd file 'getPortfolioPrices.Rd':
     \usage lines wider than 90 characters:
     getPortfolioPrices(symbols, obs = NULL, end = Sys.Date(), start = NULL, calendar = holidayNYSE, seeds = NULL, patterns = NULL, ..., typ ... [TRUNCATED]
    
    Rd file 'process.Rd':
     \usage lines wider than 90 characters:
     ou.process(theta, mu = 0, sigma = 1, initial=mu, end = Sys.Date(), start = NULL, obs = NULL)
    
    These lines will be truncated in the PDF manual.
Flavors: r-devel-linux-x86_64-fedora-clang, r-devel-linux-x86_64-fedora-gcc

Version: 1.1.0
Check: R code for possible problems
Result: NOTE
    getPortfolioPrices: no visible binding for global variable
     ‘sampleInitiators’
    getPortfolioPrices: no visible binding for global variable
     ‘sampleGenerators’
Flavors: r-devel-linux-x86_64-fedora-gcc, r-devel-windows-ix86+x86_64, r-patched-solaris-sparc, r-patched-solaris-x86, r-release-windows-ix86+x86_64, r-oldrel-windows-ix86+x86_64

Version: 1.1.0
Check: package dependencies
Result: ERROR
    Package required but not available: ‘quantmod’
    
    See the information on DESCRIPTION files in the chapter ‘Creating R
    packages’ of the ‘Writing R Extensions’ manual.
Flavor: r-devel-macosx-x86_64-gcc

Version: 1.1.0
Check: whether package can be installed
Result: ERROR
    Installation failed.
    See ‘/Volumes/XT3/Builds/R-dev-web/QA/Simon/packages/snowleopard-x86_64/results/3.1/fractalrock.Rcheck/00install.out’ for details.
Flavor: r-release-macosx-x86_64