CRAN Package Check Results for Package fractalrock

Last updated on 2014-07-31 03:48:32.

Flavor Version Tinstall Tcheck Ttotal Status Flags
r-devel-linux-x86_64-debian-clang 1.1.0 1.61 21.77 23.38 NOTE
r-devel-linux-x86_64-debian-gcc 1.1.0 1.49 22.06 23.55 NOTE
r-devel-linux-x86_64-fedora-clang 1.1.0 51.49 NOTE
r-devel-linux-x86_64-fedora-gcc 1.1.0 47.13 NOTE
r-devel-osx-x86_64-clang 1.1.0 46.77 NOTE
r-devel-windows-ix86+x86_64 1.1.0 7.00 40.00 47.00 NOTE
r-patched-linux-x86_64 1.1.0 1.54 21.77 23.31 NOTE
r-patched-solaris-sparc 1.1.0 299.10 NOTE
r-patched-solaris-x86 1.1.0 67.50 NOTE
r-release-linux-ix86 1.1.0 2.14 29.91 32.05 NOTE
r-release-linux-x86_64 1.1.0 1.63 22.25 23.88 NOTE
r-release-osx-x86_64-mavericks 1.1.0 NOTE
r-release-osx-x86_64-snowleopard 1.1.0 ERROR
r-release-windows-ix86+x86_64 1.1.0 11.00 53.00 64.00 NOTE
r-oldrel-windows-ix86+x86_64 1.1.0 8.00 56.00 64.00 NOTE

Check Details

Version: 1.1.0
Check: dependencies in R code
Result: NOTE
    Packages in Depends field not imported from:
     futile.any futile.logger quantmod timeDate
     These packages need to be imported from (in the NAMESPACE file)
     for when this namespace is loaded but not attached.
    See the information on DESCRIPTION files in the chapter Creating R
    packages of the Writing R Extensions manual.
Flavors: r-devel-linux-x86_64-debian-clang, r-devel-linux-x86_64-debian-gcc, r-devel-linux-x86_64-fedora-clang, r-devel-linux-x86_64-fedora-gcc, r-devel-osx-x86_64-clang, r-devel-windows-ix86+x86_64, r-patched-linux-x86_64, r-patched-solaris-sparc, r-patched-solaris-x86, r-release-linux-ix86, r-release-linux-x86_64, r-release-osx-x86_64-mavericks, r-release-windows-ix86+x86_64, r-oldrel-windows-ix86+x86_64

Version: 1.1.0
Check: R code for possible problems
Result: NOTE
    getPortfolioPrices: no visible binding for global variable
     sampleInitiators
    getPortfolioPrices: no visible binding for global variable
     sampleGenerators
    
    Found the following calls to data() loading into the global environment:
    File fractalrock/R/framework.R :
     data(generators)
     data(generators)
    See section Good practice in ?data .
Flavors: r-devel-linux-x86_64-debian-clang, r-devel-linux-x86_64-debian-gcc, r-devel-linux-x86_64-fedora-clang, r-devel-osx-x86_64-clang, r-patched-linux-x86_64, r-release-linux-ix86, r-release-linux-x86_64

Version: 1.1.0
Check: Rd line widths
Result: NOTE
    Rd file 'fractal.Rd':
     \usage lines wider than 90 characters:
     fractal.uniform(seed, patterns, count = NULL, epochs = NULL, origin = '1970-01-01', date.fun = as.Date, only = NULL)
     fractal.random(seed, patterns, count = NULL, epochs = NULL, origin = '1970-01-01', date.fun = as.Date, only = NULL)
    
    Rd file 'getPortfolioPrices.Rd':
     \usage lines wider than 90 characters:
     getPortfolioPrices(symbols, obs = NULL, end = Sys.Date(), start = NULL, calendar = holidayNYSE, seeds = NULL, patterns = NULL, ..., typ ... [TRUNCATED]
    
    Rd file 'process.Rd':
     \usage lines wider than 90 characters:
     ou.process(theta, mu = 0, sigma = 1, initial=mu, end = Sys.Date(), start = NULL, obs = NULL)
    
    These lines will be truncated in the PDF manual.
Flavors: r-devel-linux-x86_64-fedora-clang, r-devel-linux-x86_64-fedora-gcc

Version: 1.1.0
Check: R code for possible problems
Result: NOTE
    getPortfolioPrices: no visible binding for global variable
     sampleInitiators
    getPortfolioPrices: no visible binding for global variable
     sampleGenerators
Flavors: r-devel-linux-x86_64-fedora-gcc, r-devel-windows-ix86+x86_64, r-patched-solaris-sparc, r-patched-solaris-x86, r-release-osx-x86_64-mavericks, r-release-windows-ix86+x86_64, r-oldrel-windows-ix86+x86_64

Version: 1.1.0
Check: whether package can be installed
Result: ERROR
    Installation failed.
Flavor: r-release-osx-x86_64-snowleopard