CRAN Package Check Results for Package gbm

Last updated on 2015-04-21 06:47:25.

Flavor Version Tinstall Tcheck Ttotal Status Flags
r-devel-linux-x86_64-debian-clang 2.1.1 8.58 23.78 32.35 OK
r-devel-linux-x86_64-debian-gcc 2.1.1 8.90 22.66 31.56 OK
r-devel-linux-x86_64-fedora-clang 2.1.1 64.66 OK
r-devel-linux-x86_64-fedora-gcc 2.1.1 55.24 OK
r-devel-osx-x86_64-clang 2.1.1 55.99 OK
r-devel-windows-ix86+x86_64 2.1.1 69.00 53.00 122.00 OK
r-patched-linux-x86_64 2.1.1 8.88 23.60 32.48 OK
r-patched-solaris-sparc 2.1.1 364.50 OK
r-patched-solaris-x86 2.1.1 78.30 OK
r-release-linux-x86_64 2.1.1 9.03 22.91 31.94 OK
r-release-osx-x86_64-mavericks 2.1.1 OK
r-release-osx-x86_64-snowleopard 2.1.1 OK
r-release-windows-ix86+x86_64 2.1.1 39.00 48.00 87.00 WARN
r-oldrel-windows-ix86+x86_64 2.1.1 40.00 68.00 108.00 OK

Check Details

Version: 2.1.1
Check: whether package can be installed
Result: WARN
    Found the following significant warnings:
     Warning: package 'survival' was built under R version 3.3.0
Flavor: r-release-windows-ix86+x86_64