CRAN Package Check Results for Package gbm

Last updated on 2015-03-05 06:46:36.

Flavor Version Tinstall Tcheck Ttotal Status Flags
r-devel-linux-x86_64-debian-clang 2.1 8.34 22.57 30.92 NOTE
r-devel-linux-x86_64-debian-gcc 2.1 8.72 22.68 31.40 NOTE
r-devel-linux-x86_64-fedora-clang 2.1 64.39 NOTE
r-devel-linux-x86_64-fedora-gcc 2.1 53.66 NOTE
r-devel-osx-x86_64-clang 2.1 55.42 NOTE
r-devel-windows-ix86+x86_64 2.1 48.00 52.00 100.00 NOTE
r-patched-linux-x86_64 2.1 9.20 25.05 34.25 NOTE
r-patched-solaris-sparc 2.1 392.60 NOTE
r-patched-solaris-x86 2.1 84.90 NOTE
r-release-linux-ix86 2.1 12.69 42.05 54.74 NOTE
r-release-linux-x86_64 2.1 9.08 24.92 33.99 NOTE
r-release-osx-x86_64-mavericks 2.1 NOTE
r-release-windows-ix86+x86_64 2.1 47.00 61.00 108.00 NOTE
r-oldrel-windows-ix86+x86_64 2.1 50.00 59.00 109.00 OK

Check Details

Version: 2.1
Check: dependencies in R code
Result: NOTE
    'library' or 'require' call to ‘RUnit’ in package code.
     Please use :: or requireNamespace() instead.
     See section 'Suggested packages' in the 'Writing R Extensions' manual.
    Package in Depends field not imported from: ‘parallel’
     These packages need to be imported from (in the NAMESPACE file)
     for when this namespace is loaded but not attached.
Flavors: r-devel-linux-x86_64-debian-clang, r-devel-linux-x86_64-debian-gcc, r-devel-linux-x86_64-fedora-clang, r-devel-linux-x86_64-fedora-gcc, r-devel-osx-x86_64-clang, r-devel-windows-ix86+x86_64, r-patched-linux-x86_64, r-patched-solaris-sparc, r-patched-solaris-x86

Version: 2.1
Check: S3 generic/method consistency
Result: NOTE
    Found the following apparent S3 methods exported but not registered:
     plot.gbm predict.gbm print.gbm summary.gbm
    See section ‘Registering S3 methods’ in the ‘Writing R Extensions’
    manual.
Flavors: r-devel-linux-x86_64-debian-clang, r-devel-linux-x86_64-debian-gcc, r-devel-linux-x86_64-fedora-clang, r-devel-linux-x86_64-fedora-gcc, r-devel-osx-x86_64-clang

Version: 2.1
Check: R code for possible problems
Result: NOTE
    gbmCluster: no visible global function definition for ‘detectCores’
    gbmCluster: no visible global function definition for ‘makeCluster’
    gbmCrossValModelBuild: no visible global function definition for
     ‘stopCluster’
    gbmCrossValModelBuild: no visible global function definition for
     ‘parLapply’
    test.gbm: no visible global function definition for ‘checkTrue’
    test.relative.influence: no visible global function definition for
     ‘checkEqualsNumeric’
    validate.gbm: no visible global function definition for
     ‘defineTestSuite’
    validate.gbm: no visible global function definition for ‘runTestSuite’
Flavors: r-devel-linux-x86_64-debian-clang, r-devel-linux-x86_64-debian-gcc, r-devel-linux-x86_64-fedora-clang, r-devel-linux-x86_64-fedora-gcc, r-devel-osx-x86_64-clang, r-devel-windows-ix86+x86_64, r-patched-linux-x86_64, r-patched-solaris-sparc, r-patched-solaris-x86, r-release-linux-ix86, r-release-linux-x86_64, r-release-osx-x86_64-mavericks, r-release-windows-ix86+x86_64

Version: 2.1
Check: dependencies in R code
Result: NOTE
    Package in Depends field not imported from: ‘parallel’
     These packages need to be imported from (in the NAMESPACE file)
     for when this namespace is loaded but not attached.
    See the information on DESCRIPTION files in the chapter ‘Creating R
    packages’ of the ‘Writing R Extensions’ manual.
Flavors: r-release-linux-ix86, r-release-linux-x86_64, r-release-osx-x86_64-mavericks, r-release-windows-ix86+x86_64