CRAN Package Check Results for Package gbm

Last updated on 2014-11-24 05:47:31.

Flavor Version Tinstall Tcheck Ttotal Status Flags
r-devel-linux-x86_64-debian-clang 2.1 8.46 24.51 32.98 NOTE
r-devel-linux-x86_64-debian-gcc 2.1 8.97 24.87 33.84 NOTE
r-devel-linux-x86_64-fedora-clang 2.1 68.68 NOTE
r-devel-linux-x86_64-fedora-gcc 2.1 58.65 NOTE
r-devel-osx-x86_64-clang 2.1 60.01 NOTE
r-devel-windows-ix86+x86_64 2.1 47.00 54.00 101.00 NOTE
r-patched-linux-x86_64 2.1 8.93 24.86 33.79 NOTE
r-patched-solaris-sparc 2.1 355.90 NOTE
r-patched-solaris-x86 2.1 85.40 NOTE
r-release-linux-ix86 2.1 12.48 32.94 45.42 NOTE
r-release-linux-x86_64 2.1 9.14 24.92 34.06 NOTE
r-release-osx-x86_64-mavericks 2.1 OK
r-release-windows-ix86+x86_64 2.1 47.00 55.00 102.00 NOTE
r-oldrel-windows-ix86+x86_64 2.1 48.00 60.00 108.00 OK

Check Details

Version: 2.1
Check: dependencies in R code
Result: NOTE
    Package in Depends field not imported from: ‘parallel’
     These packages need to be imported from (in the NAMESPACE file)
     for when this namespace is loaded but not attached.
    See the information on DESCRIPTION files in the chapter ‘Creating R
    packages’ of the ‘Writing R Extensions’ manual.
Flavors: r-devel-linux-x86_64-debian-clang, r-devel-linux-x86_64-debian-gcc, r-devel-linux-x86_64-fedora-clang, r-devel-linux-x86_64-fedora-gcc, r-devel-osx-x86_64-clang, r-devel-windows-ix86+x86_64, r-patched-linux-x86_64, r-patched-solaris-sparc, r-patched-solaris-x86, r-release-linux-ix86, r-release-linux-x86_64, r-release-windows-ix86+x86_64

Version: 2.1
Check: R code for possible problems
Result: NOTE
    gbmCluster: no visible global function definition for ‘detectCores’
    gbmCluster: no visible global function definition for ‘makeCluster’
    gbmCrossValModelBuild: no visible global function definition for
     ‘stopCluster’
    gbmCrossValModelBuild: no visible global function definition for
     ‘parLapply’
    test.gbm: no visible global function definition for ‘checkTrue’
    test.relative.influence: no visible global function definition for
     ‘checkEqualsNumeric’
    validate.gbm: no visible global function definition for
     ‘defineTestSuite’
    validate.gbm: no visible global function definition for ‘runTestSuite’
Flavors: r-devel-linux-x86_64-debian-clang, r-devel-linux-x86_64-debian-gcc, r-devel-linux-x86_64-fedora-clang, r-devel-linux-x86_64-fedora-gcc, r-devel-osx-x86_64-clang, r-devel-windows-ix86+x86_64, r-patched-linux-x86_64, r-patched-solaris-sparc, r-patched-solaris-x86, r-release-linux-ix86, r-release-linux-x86_64, r-release-windows-ix86+x86_64