CRAN Package Check Results for Package gbm

Last updated on 2015-07-03 07:47:57.

Flavor Version Tinstall Tcheck Ttotal Status Flags
r-devel-linux-x86_64-debian-clang 2.1.1 8.26 23.42 31.68 NOTE
r-devel-linux-x86_64-debian-gcc 2.1.1 9.00 23.65 32.64 NOTE
r-devel-linux-x86_64-fedora-clang 2.1.1 64.54 NOTE
r-devel-linux-x86_64-fedora-gcc 2.1.1 55.31 NOTE
r-devel-osx-x86_64-clang 2.1.1 55.83 OK
r-devel-windows-ix86+x86_64 2.1.1 54.00 56.00 110.00 NOTE
r-patched-linux-x86_64 2.1.1 8.79 22.16 30.95 OK
r-patched-solaris-sparc 2.1.1 370.20 OK
r-patched-solaris-x86 2.1.1 80.80 OK
r-release-linux-x86_64 2.1.1 8.85 22.76 31.60 OK
r-release-osx-x86_64-mavericks 2.1.1 OK
r-release-windows-ix86+x86_64 2.1.1 45.00 56.00 101.00 OK
r-oldrel-windows-ix86+x86_64 2.1.1 53.00 61.00 114.00 OK

Check Details

Version: 2.1.1
Check: R code for possible problems
Result: NOTE
    basehaz.gbm: no visible global function definition for ‘supsmu’
    basehaz.gbm: no visible global function definition for ‘approx’
    calibrate.plot: no visible binding for global variable ‘binomial’
    calibrate.plot: no visible binding for global variable ‘poisson’
    calibrate.plot: no visible binding for global variable ‘gaussian’
    calibrate.plot: no visible global function definition for ‘glm’
    calibrate.plot: no visible global function definition for ‘predict’
    calibrate.plot: no visible global function definition for ‘plot’
    calibrate.plot: no visible global function definition for ‘polygon’
    calibrate.plot: no visible global function definition for ‘lines’
    calibrate.plot: no visible global function definition for ‘abline’
    gbm: no visible binding for global variable ‘na.pass’
    gbm: no visible global function definition for ‘model.response’
    gbm: no visible global function definition for ‘model.weights’
    gbm: no visible global function definition for ‘model.offset’
    gbm: no visible global function definition for ‘model.frame’
    gbm: no visible global function definition for ‘terms’
    gbm: no visible global function definition for ‘reformulate’
    gbm.fit: no visible global function definition for ‘quantile’
    gbm.loss: no visible global function definition for ‘weighted.mean’
    gbm.more: no visible global function definition for ‘model.extract’
    gbm.more: no visible global function definition for ‘model.frame’
    gbm.more: no visible global function definition for ‘delete.response’
    gbm.more: no visible binding for global variable ‘na.pass’
    gbm.perf: no visible global function definition for ‘loess’
    gbm.perf: no visible global function definition for ‘par’
    gbm.perf: no visible global function definition for ‘plot’
    gbm.perf: no visible global function definition for ‘lines’
    gbm.perf: no visible global function definition for ‘abline’
    gbm.perf: no visible global function definition for ‘axis’
    gbm.perf: no visible global function definition for ‘mtext’
    gbmCrossValModelBuild: no visible global function definition for
     ‘runif’
    gbmCrossValPredictions: no visible global function definition for
     ‘predict’
    interact.gbm : <anonymous>: no visible global function definition for
     ‘weighted.mean’
    interact.gbm: no visible binding for global variable ‘weighted.mean’
    perf.pairwise: no visible global function definition for ‘runif’
    perf.pairwise: no visible global function definition for
     ‘weighted.mean’
    plot.gbm: no visible global function definition for ‘plot’
    plot.gbm: no visible global function definition for ‘lines’
    plot.gbm: no visible global function definition for ‘axis’
    plot.gbm: no visible global function definition for ‘mtext’
    plot.gbm: no visible global function definition for ‘segments’
    plot.gbm: no visible global function definition for ‘title’
    predict.gbm: no visible global function definition for ‘model.frame’
    predict.gbm: no visible global function definition for ‘terms’
    predict.gbm: no visible global function definition for ‘reformulate’
    predict.gbm: no visible binding for global variable ‘na.pass’
    quantile.rug: no visible global function definition for ‘quantile’
    quantile.rug: no visible global function definition for ‘rug’
    shrink.gbm.pred: no visible global function definition for
     ‘model.frame’
    shrink.gbm.pred: no visible global function definition for
     ‘delete.response’
    shrink.gbm.pred: no visible binding for global variable ‘na.pass’
    summary.gbm: no visible global function definition for ‘barplot’
    summary.gbm: no visible global function definition for ‘rainbow’
    test.gbm: no visible global function definition for ‘runif’
    test.gbm: no visible global function definition for ‘var’
    test.gbm: no visible global function definition for ‘rnorm’
    test.gbm: no visible global function definition for ‘predict’
    test.gbm: no visible global function definition for ‘sd’
    test.gbm: no visible global function definition for ‘rexp’
    test.gbm: no visible global function definition for ‘rbinom’
    test.relative.influence : <anonymous>: no visible global function
     definition for ‘rnorm’
    Undefined global functions or variables:
     abline approx axis barplot binomial delete.response gaussian glm
     lines loess model.extract model.frame model.offset model.response
     model.weights mtext na.pass par plot poisson polygon predict quantile
     rainbow rbinom reformulate rexp rnorm rug runif sd segments supsmu
     terms title var weighted.mean
Flavors: r-devel-linux-x86_64-debian-clang, r-devel-linux-x86_64-debian-gcc, r-devel-linux-x86_64-fedora-clang, r-devel-linux-x86_64-fedora-gcc, r-devel-windows-ix86+x86_64