CRAN Package Check Results for Package gbm

Last updated on 2015-01-31 05:48:44.

Flavor Version Tinstall Tcheck Ttotal Status Flags
r-devel-linux-x86_64-debian-clang 2.1 8.34 22.68 31.02 NOTE
r-devel-linux-x86_64-debian-gcc 2.1 9.19 22.67 31.86 NOTE
r-devel-linux-x86_64-fedora-clang 2.1 68.90 NOTE
r-devel-linux-x86_64-fedora-gcc 2.1 59.28 NOTE
r-devel-osx-x86_64-clang 2.1 58.73 NOTE
r-devel-windows-ix86+x86_64 2.1 60.00 49.00 109.00 NOTE
r-patched-linux-x86_64 2.1 9.12 25.36 34.48 NOTE
r-patched-solaris-sparc 2.1 365.80 NOTE
r-patched-solaris-x86 2.1 85.10 NOTE
r-release-linux-ix86 2.1 11.93 33.10 45.02 NOTE
r-release-linux-x86_64 2.1 9.32 25.06 34.37 NOTE
r-release-osx-x86_64-mavericks 2.1 NOTE
r-release-windows-ix86+x86_64 2.1 47.00 60.00 107.00 NOTE
r-oldrel-windows-ix86+x86_64 2.1 48.00 97.00 145.00 OK

Check Details

Version: 2.1
Check: dependencies in R code
Result: NOTE
    'library' or 'require' call to ‘RUnit’ in package code.
     Please use :: or requireNamespace() instead.
     See section 'Suggested packages' in the 'Writing R Extensions' manual.
    Package in Depends field not imported from: ‘parallel’
     These packages need to be imported from (in the NAMESPACE file)
     for when this namespace is loaded but not attached.
Flavors: r-devel-linux-x86_64-debian-clang, r-devel-linux-x86_64-debian-gcc, r-devel-linux-x86_64-fedora-clang, r-devel-linux-x86_64-fedora-gcc, r-devel-osx-x86_64-clang, r-devel-windows-ix86+x86_64

Version: 2.1
Check: S3 generic/method consistency
Result: NOTE
    Found the following apparent S3 methods exported but not registered:
     print.gbm summary.gbm plot.gbm predict.gbm
    See section ‘Registering S3 methods’ in the ‘Writing R Extensions’
    manual.
Flavors: r-devel-linux-x86_64-debian-clang, r-devel-linux-x86_64-debian-gcc, r-devel-linux-x86_64-fedora-clang, r-devel-linux-x86_64-fedora-gcc, r-devel-osx-x86_64-clang

Version: 2.1
Check: R code for possible problems
Result: NOTE
    gbmCluster: no visible global function definition for ‘detectCores’
    gbmCluster: no visible global function definition for ‘makeCluster’
    gbmCrossValModelBuild: no visible global function definition for
     ‘stopCluster’
    gbmCrossValModelBuild: no visible global function definition for
     ‘parLapply’
    test.gbm: no visible global function definition for ‘checkTrue’
    test.relative.influence: no visible global function definition for
     ‘checkEqualsNumeric’
    validate.gbm: no visible global function definition for
     ‘defineTestSuite’
    validate.gbm: no visible global function definition for ‘runTestSuite’
Flavors: r-devel-linux-x86_64-debian-clang, r-devel-linux-x86_64-debian-gcc, r-devel-linux-x86_64-fedora-clang, r-devel-linux-x86_64-fedora-gcc, r-devel-osx-x86_64-clang, r-devel-windows-ix86+x86_64, r-patched-linux-x86_64, r-patched-solaris-sparc, r-patched-solaris-x86, r-release-linux-ix86, r-release-linux-x86_64, r-release-osx-x86_64-mavericks, r-release-windows-ix86+x86_64

Version: 2.1
Check: dependencies in R code
Result: NOTE
    Package in Depends field not imported from: ‘parallel’
     These packages need to be imported from (in the NAMESPACE file)
     for when this namespace is loaded but not attached.
    See the information on DESCRIPTION files in the chapter ‘Creating R
    packages’ of the ‘Writing R Extensions’ manual.
Flavors: r-patched-linux-x86_64, r-patched-solaris-sparc, r-patched-solaris-x86, r-release-linux-ix86, r-release-linux-x86_64, r-release-osx-x86_64-mavericks, r-release-windows-ix86+x86_64