CRAN Package Check Results for Package gbm

Last updated on 2014-08-30 06:47:44.

Flavor Version Tinstall Tcheck Ttotal Status Flags
r-devel-linux-x86_64-debian-clang 2.1 7.38 23.68 31.07 NOTE
r-devel-linux-x86_64-debian-gcc 2.1 8.93 22.73 31.66 NOTE
r-devel-linux-x86_64-fedora-clang 2.1 70.02 NOTE
r-devel-linux-x86_64-fedora-gcc 2.1 60.65 NOTE
r-devel-osx-x86_64-clang 2.1 56.84 NOTE
r-devel-windows-ix86+x86_64 2.1 64.00 50.00 114.00 NOTE
r-patched-linux-x86_64 2.1 8.91 23.90 32.81 NOTE
r-patched-solaris-sparc 2.1 372.20 NOTE
r-patched-solaris-x86 2.1 90.50 NOTE
r-release-linux-ix86 2.1 12.59 34.17 46.76 OK
r-release-linux-x86_64 2.1 9.17 24.09 33.26 OK
r-release-osx-x86_64-mavericks 2.1 OK
r-release-windows-ix86+x86_64 2.1 46.00 54.00 100.00 OK
r-oldrel-windows-ix86+x86_64 2.1 47.00 84.00 131.00 OK

Check Details

Version: 2.1
Check: dependencies in R code
Result: NOTE
    Package in Depends field not imported from: ‘parallel’
     These packages need to be imported from (in the NAMESPACE file)
     for when this namespace is loaded but not attached.
    See the information on DESCRIPTION files in the chapter ‘Creating R
    packages’ of the ‘Writing R Extensions’ manual.
Flavors: r-devel-linux-x86_64-debian-clang, r-devel-linux-x86_64-debian-gcc, r-devel-linux-x86_64-fedora-clang, r-devel-linux-x86_64-fedora-gcc, r-devel-osx-x86_64-clang, r-devel-windows-ix86+x86_64, r-patched-linux-x86_64, r-patched-solaris-sparc, r-patched-solaris-x86

Version: 2.1
Check: R code for possible problems
Result: NOTE
    gbmCluster: no visible global function definition for ‘detectCores’
    gbmCluster: no visible global function definition for ‘makeCluster’
    gbmCrossValModelBuild: no visible global function definition for
     ‘stopCluster’
    gbmCrossValModelBuild: no visible global function definition for
     ‘parLapply’
    test.gbm: no visible global function definition for ‘checkTrue’
    test.relative.influence: no visible global function definition for
     ‘checkEqualsNumeric’
    validate.gbm: no visible global function definition for
     ‘defineTestSuite’
    validate.gbm: no visible global function definition for ‘runTestSuite’
Flavors: r-devel-linux-x86_64-debian-clang, r-devel-linux-x86_64-debian-gcc, r-devel-linux-x86_64-fedora-clang, r-devel-linux-x86_64-fedora-gcc, r-devel-osx-x86_64-clang, r-devel-windows-ix86+x86_64