CRAN Package Check Results for Package ghyp

Last updated on 2015-05-29 07:47:25.

Flavor Version Tinstall Tcheck Ttotal Status Flags
r-devel-linux-x86_64-debian-clang 1.5.6 1.84 46.76 48.59 NOTE
r-devel-linux-x86_64-debian-gcc 1.5.6 1.78 44.10 45.87 NOTE
r-devel-linux-x86_64-fedora-clang 1.5.6 93.19 NOTE
r-devel-linux-x86_64-fedora-gcc 1.5.6 85.99 NOTE
r-devel-osx-x86_64-clang 1.5.6 81.85 NOTE
r-devel-windows-ix86+x86_64 1.5.6 9.00 91.00 100.00 NOTE
r-patched-linux-x86_64 1.5.6 1.88 46.12 48.01 NOTE
r-patched-solaris-sparc 1.5.6 553.70 NOTE
r-patched-solaris-x86 1.5.6 105.60 NOTE
r-release-linux-x86_64 1.5.6 2.26 45.82 48.07 NOTE
r-release-osx-x86_64-mavericks 1.5.6 NOTE
r-release-osx-x86_64-snowleopard 1.5.6 NOTE
r-release-windows-ix86+x86_64 1.5.6 9.00 99.00 108.00 NOTE
r-oldrel-windows-ix86+x86_64 1.5.6 11.00 146.00 157.00 NOTE

Check Details

Version: 1.5.6
Check: top-level files
Result: NOTE
    Non-standard file/directory found at top level:
     ‘Fixme’
Flavors: r-devel-linux-x86_64-debian-clang, r-devel-linux-x86_64-debian-gcc, r-devel-linux-x86_64-fedora-clang, r-devel-linux-x86_64-fedora-gcc, r-patched-linux-x86_64, r-release-linux-x86_64

Version: 1.5.6
Check: dependencies in R code
Result: NOTE
    Packages in Depends field not imported from:
     ‘gplots’ ‘numDeriv’
     These packages need to be imported from (in the NAMESPACE file)
     for when this namespace is loaded but not attached.
Flavors: r-devel-linux-x86_64-debian-clang, r-devel-linux-x86_64-debian-gcc, r-devel-linux-x86_64-fedora-clang, r-devel-linux-x86_64-fedora-gcc, r-devel-osx-x86_64-clang, r-devel-windows-ix86+x86_64, r-patched-linux-x86_64, r-patched-solaris-sparc, r-patched-solaris-x86, r-release-linux-x86_64, r-release-osx-x86_64-mavericks, r-release-osx-x86_64-snowleopard, r-release-windows-ix86+x86_64, r-oldrel-windows-ix86+x86_64

Version: 1.5.6
Check: R code for possible problems
Result: NOTE
    pairs.ghyp: no visible global function definition for ‘hist2d’
Flavors: r-devel-linux-x86_64-debian-clang, r-devel-linux-x86_64-debian-gcc, r-devel-linux-x86_64-fedora-clang, r-devel-linux-x86_64-fedora-gcc, r-devel-osx-x86_64-clang, r-devel-windows-ix86+x86_64, r-patched-linux-x86_64, r-patched-solaris-sparc, r-patched-solaris-x86, r-release-linux-x86_64, r-release-osx-x86_64-mavericks, r-release-osx-x86_64-snowleopard, r-release-windows-ix86+x86_64, r-oldrel-windows-ix86+x86_64