CRAN Package Check Results for Package ghyp

Last updated on 2015-01-28 05:48:45.

Flavor Version Tinstall Tcheck Ttotal Status Flags
r-devel-linux-x86_64-debian-clang 1.5.6 2.33 45.57 47.90 NOTE
r-devel-linux-x86_64-debian-gcc 1.5.6 2.04 45.04 47.07 NOTE
r-devel-linux-x86_64-fedora-clang 1.5.6 102.89 NOTE
r-devel-linux-x86_64-fedora-gcc 1.5.6 95.71 NOTE
r-devel-osx-x86_64-clang 1.5.6 89.56 NOTE
r-devel-windows-ix86+x86_64 1.5.6 9.00 90.00 99.00 NOTE
r-patched-linux-x86_64 1.5.6 2.05 50.62 52.67 NOTE
r-patched-solaris-sparc 1.5.6 581.30 NOTE
r-patched-solaris-x86 1.5.6 120.70 NOTE
r-release-linux-ix86 1.5.6 2.66 60.74 63.40 NOTE
r-release-linux-x86_64 1.5.6 2.02 49.38 51.40 NOTE
r-release-osx-x86_64-mavericks 1.5.6 NOTE
r-release-osx-x86_64-snowleopard 1.5.6 ERROR
r-release-windows-ix86+x86_64 1.5.6 9.00 112.00 121.00 NOTE
r-oldrel-windows-ix86+x86_64 1.5.6 10.00 159.00 169.00 NOTE

Check Details

Version: 1.5.6
Check: top-level files
Result: NOTE
    Non-standard file/directory found at top level:
     ‘Fixme’
Flavors: r-devel-linux-x86_64-debian-clang, r-devel-linux-x86_64-debian-gcc, r-devel-linux-x86_64-fedora-clang, r-devel-linux-x86_64-fedora-gcc, r-patched-linux-x86_64, r-release-linux-x86_64

Version: 1.5.6
Check: dependencies in R code
Result: NOTE
    Packages in Depends field not imported from:
     ‘gplots’ ‘numDeriv’
     These packages need to be imported from (in the NAMESPACE file)
     for when this namespace is loaded but not attached.
Flavors: r-devel-linux-x86_64-debian-clang, r-devel-linux-x86_64-debian-gcc, r-devel-linux-x86_64-fedora-clang, r-devel-linux-x86_64-fedora-gcc, r-devel-osx-x86_64-clang, r-devel-windows-ix86+x86_64

Version: 1.5.6
Check: R code for possible problems
Result: NOTE
    pairs.ghyp: no visible global function definition for ‘hist2d’
Flavors: r-devel-linux-x86_64-debian-clang, r-devel-linux-x86_64-debian-gcc, r-devel-linux-x86_64-fedora-clang, r-devel-linux-x86_64-fedora-gcc, r-devel-osx-x86_64-clang, r-devel-windows-ix86+x86_64, r-patched-linux-x86_64, r-patched-solaris-sparc, r-patched-solaris-x86, r-release-linux-ix86, r-release-linux-x86_64, r-release-osx-x86_64-mavericks, r-release-windows-ix86+x86_64

Version: 1.5.6
Check: dependencies in R code
Result: NOTE
    Packages in Depends field not imported from:
     ‘gplots’ ‘numDeriv’
     These packages need to be imported from (in the NAMESPACE file)
     for when this namespace is loaded but not attached.
    See the information on DESCRIPTION files in the chapter ‘Creating R
    packages’ of the ‘Writing R Extensions’ manual.
Flavors: r-patched-linux-x86_64, r-patched-solaris-sparc, r-patched-solaris-x86, r-release-linux-ix86, r-release-linux-x86_64, r-release-osx-x86_64-mavericks, r-release-windows-ix86+x86_64, r-oldrel-windows-ix86+x86_64

Version: 1.5.6
Check: whether package can be installed
Result: ERROR
    Installation failed.
Flavor: r-release-osx-x86_64-snowleopard