CRAN Package Check Results for Package ghyp

Last updated on 2014-04-16 06:47:54.

Flavor Version Tinstall Tcheck Ttotal Status Flags
r-devel-linux-x86_64-debian-clang 1.5.6 2.08 49.10 51.18 NOTE
r-devel-linux-x86_64-debian-gcc 1.5.6 2.20 50.32 52.53 NOTE
r-devel-linux-x86_64-fedora-clang 1.5.6 106.21 NOTE
r-devel-linux-x86_64-fedora-gcc 1.5.6 101.97 NOTE
r-devel-macosx-x86_64-clang 1.5.6 91.84 NOTE
r-devel-macosx-x86_64-gcc 1.5.6 NOTE
r-devel-windows-ix86+x86_64 1.5.6 7.00 95.00 102.00 NOTE
r-patched-linux-x86_64 1.5.6 2.04 50.44 52.48 NOTE
r-patched-solaris-sparc 1.5.6 574.00 NOTE
r-patched-solaris-x86 1.5.6 119.40 NOTE
r-release-linux-ix86 1.5.6 5.00 84.00 89.00 NOTE
r-release-linux-x86_64 1.5.6 2.05 51.55 53.60 NOTE
r-release-macosx-x86_64 1.5.6 ERROR
r-release-windows-ix86+x86_64 1.5.6 8.00 97.00 105.00 NOTE
r-oldrel-windows-ix86+x86_64 1.5.6 10.00 108.00 118.00 NOTE

Check Details

Version: 1.5.6
Check: dependencies in R code
Result: NOTE
    Packages in Depends field not imported from:
     ‘gplots’ ‘numDeriv’
     These packages need to be imported from (in the NAMESPACE file)
     for when this namespace is loaded but not attached.
    See the information on DESCRIPTION files in the chapter ‘Creating R
    packages’ of the ‘Writing R Extensions’ manual.
Flavors: r-devel-linux-x86_64-debian-clang, r-devel-linux-x86_64-debian-gcc, r-devel-linux-x86_64-fedora-clang, r-devel-linux-x86_64-fedora-gcc, r-devel-macosx-x86_64-clang, r-devel-macosx-x86_64-gcc, r-devel-windows-ix86+x86_64, r-patched-linux-x86_64, r-patched-solaris-sparc, r-patched-solaris-x86, r-release-linux-ix86, r-release-linux-x86_64, r-release-windows-ix86+x86_64, r-oldrel-windows-ix86+x86_64

Version: 1.5.6
Check: top-level files
Result: NOTE
    Non-standard file/directory found at top level:
     ‘Fixme’
Flavors: r-devel-linux-x86_64-fedora-clang, r-devel-linux-x86_64-fedora-gcc

Version: 1.5.6
Check: whether package can be installed
Result: ERROR
    Installation failed.
    See ‘/Volumes/XT3/Builds/R-dev-web/QA/Simon/packages/snowleopard-x86_64/results/3.1/ghyp.Rcheck/00install.out’ for details.
Flavor: r-release-macosx-x86_64