CRAN Package Check Results for Package glmpathcr

Last updated on 2014-04-24 05:47:23.

Flavor Version Tinstall Tcheck Ttotal Status Flags
r-devel-linux-x86_64-debian-clang 1.0.3 3.36 132.44 135.80 NOTE
r-devel-linux-x86_64-debian-gcc 1.0.3 3.56 121.91 125.46 NOTE
r-devel-linux-x86_64-fedora-clang 1.0.3 275.65 NOTE
r-devel-linux-x86_64-fedora-gcc 1.0.3 254.53 NOTE
r-devel-osx-x86_64-clang 1.0.3 238.33 NOTE
r-devel-osx-x86_64-gcc 1.0.3 NOTE
r-devel-windows-ix86+x86_64 1.0.3 8.00 182.00 190.00 NOTE
r-patched-linux-x86_64 1.0.3 3.60 121.96 125.55 NOTE
r-patched-solaris-sparc 1.0.3 1876.20 NOTE
r-patched-solaris-x86 1.0.3 485.60 NOTE
r-release-linux-ix86 1.0.3 6.00 239.00 245.00 NOTE
r-release-linux-x86_64 1.0.3 3.58 124.68 128.26 NOTE
r-release-osx-x86_64-mavericks 1.0.3 WARN
r-release-osx-x86_64-snowleopard 1.0.3 OK
r-release-windows-ix86+x86_64 1.0.3 11.00 177.00 188.00 NOTE
r-oldrel-windows-ix86+x86_64 1.0.3 10.00 184.00 194.00 NOTE

Check Details

Version: 1.0.3
Check: dependencies in R code
Result: NOTE
    Packages in Depends field not imported from:
     ‘glmpath’ ‘mvtnorm’
     These packages need to be imported from (in the NAMESPACE file)
     for when this namespace is loaded but not attached.
    See the information on DESCRIPTION files in the chapter ‘Creating R
    packages’ of the ‘Writing R Extensions’ manual.
Flavors: r-devel-linux-x86_64-debian-clang, r-devel-linux-x86_64-debian-gcc, r-devel-linux-x86_64-fedora-clang, r-devel-linux-x86_64-fedora-gcc, r-devel-osx-x86_64-clang, r-devel-osx-x86_64-gcc, r-devel-windows-ix86+x86_64, r-patched-linux-x86_64, r-patched-solaris-sparc, r-patched-solaris-x86, r-release-linux-ix86, r-release-linux-x86_64, r-release-osx-x86_64-mavericks, r-release-windows-ix86+x86_64, r-oldrel-windows-ix86+x86_64

Version: 1.0.3
Check: re-building of vignette outputs
Result: NOTE
    Error in re-building vignettes:
     ...
    Loading required package: glmpath
    Loading required package: survival
    Loading required package: splines
    Loading required package: mvtnorm
    Error in texi2dvi(file = file, pdf = TRUE, clean = clean, quiet = quiet, :
     Running 'texi2dvi' on 'glmpathcr.tex' failed.
    LaTeX errors:
    ! LaTeX Error: File `a4wide.sty' not found.
    
    Type X to quit or <RETURN> to proceed,
    or enter new name. (Default extension: sty)
    
    gn_test/glmpathcr/vignettes/glmpathcr.tex:30: ==> Fatal error occurred, no out
    put PDF file produced!
    Calls: buildVignettes -> texi2pdf -> texi2dvi
    Execution halted
Flavor: r-release-osx-x86_64-mavericks

Version: 1.0.3
Check: PDF version of manual
Result: WARNING
    LaTeX errors when creating PDF version.
    This typically indicates Rd problems.
    LaTeX errors found:
    ! LaTeX Error: File `upquote.sty' not found.
    
    Type X to quit or <RETURN> to proceed,
    or enter new name. (Default extension: sty)
    
    863a266/Rd2.tex:8: ==> Fatal error occurred, no output PDF file produced!
Flavor: r-release-osx-x86_64-mavericks