CRAN Package Check Results for Package glmpathcr

Last updated on 2015-04-25 06:46:19.

Flavor Version Tinstall Tcheck Ttotal Status Flags
r-devel-linux-x86_64-debian-clang 1.0.3 4.13 124.82 128.96 NOTE
r-devel-linux-x86_64-debian-gcc 1.0.3 3.36 116.86 120.22 NOTE
r-devel-linux-x86_64-fedora-clang 1.0.3 243.84 NOTE
r-devel-linux-x86_64-fedora-gcc 1.0.3 231.65 NOTE
r-devel-osx-x86_64-clang 1.0.3 239.11 NOTE
r-devel-windows-ix86+x86_64 1.0.3 8.00 230.00 238.00 NOTE
r-patched-linux-x86_64 1.0.3 3.24 113.56 116.81 NOTE
r-patched-solaris-sparc 1.0.3 1851.80 NOTE
r-patched-solaris-x86 1.0.3 469.30 NOTE
r-release-linux-x86_64 1.0.3 3.25 114.84 118.08 NOTE
r-release-osx-x86_64-mavericks 1.0.3 NOTE
r-release-osx-x86_64-snowleopard 1.0.3 NOTE
r-release-windows-ix86+x86_64 1.0.3 8.00 217.00 225.00 NOTE
r-oldrel-windows-ix86+x86_64 1.0.3 13.00 205.00 218.00 NOTE

Check Details

Version: 1.0.3
Check: DESCRIPTION meta-information
Result: NOTE
    Malformed Title field: should not end in a period.
Flavors: r-devel-windows-ix86+x86_64, r-patched-linux-x86_64, r-release-windows-ix86+x86_64

Version: 1.0.3
Check: dependencies in R code
Result: NOTE
    Packages in Depends field not imported from:
     'glmpath' 'mvtnorm'
     These packages need to be imported from (in the NAMESPACE file)
     for when this namespace is loaded but not attached.
Flavors: r-devel-windows-ix86+x86_64, r-patched-linux-x86_64, r-release-windows-ix86+x86_64, r-oldrel-windows-ix86+x86_64

Version: 1.0.3
Check: R code for possible problems
Result: NOTE
    glmpath.cr: no visible global function definition for 'glmpath'
Flavors: r-devel-windows-ix86+x86_64, r-patched-linux-x86_64, r-release-windows-ix86+x86_64, r-oldrel-windows-ix86+x86_64