CRAN Package Check Results for Package gmm

Last updated on 2014-04-24 05:47:23.

Flavor Version Tinstall Tcheck Ttotal Status Flags
r-devel-linux-x86_64-debian-clang 1.5-0 1.18 63.69 64.87 OK
r-devel-linux-x86_64-debian-gcc 1.5-0 1.17 63.37 64.54 OK
r-devel-linux-x86_64-fedora-clang 1.5-0 137.85 OK
r-devel-linux-x86_64-fedora-gcc 1.5-0 131.65 OK
r-devel-osx-x86_64-clang 1.5-0 106.61 OK
r-devel-osx-x86_64-gcc 1.5-0 ERROR
r-devel-windows-ix86+x86_64 1.5-0 3.00 99.00 102.00 OK
r-patched-linux-x86_64 1.5-0 1.25 66.40 67.65 OK
r-patched-solaris-sparc 1.5-0 796.10 OK
r-patched-solaris-x86 1.5-0 159.30 OK
r-release-linux-ix86 1.5-0 2.00 111.00 113.00 OK
r-release-linux-x86_64 1.5-0 1.19 63.78 64.98 OK
r-release-osx-x86_64-mavericks 1.5-0 WARN
r-release-osx-x86_64-snowleopard 1.5-0 NOTE
r-release-windows-ix86+x86_64 1.5-0 4.00 102.00 106.00 OK
r-oldrel-windows-ix86+x86_64 1.5-0 4.00 93.00 97.00 OK

Check Details

Version: 1.5-0
Check: package dependencies
Result: ERROR
    Package required but not available: ‘sandwich’
    
    Package suggested but not available for checking: ‘car’
    
    See the information on DESCRIPTION files in the chapter ‘Creating R
    packages’ of the ‘Writing R Extensions’ manual.
Flavor: r-devel-osx-x86_64-gcc

Version: 1.5-0
Check: re-building of vignette outputs
Result: NOTE
    Error in re-building vignettes:
     ...
    Loading required package: sandwich
    Warning in nlminb(P$t0, .obj1, x = P$x, w = w, gf = P$g, ...) :
     NA/NaN function evaluation
    Error in texi2dvi(file = file, pdf = TRUE, clean = clean, quiet = quiet, :
     Running 'texi2dvi' on 'gmm_with_R.tex' failed.
    LaTeX errors:
    ! LaTeX Error: File `srcltx.sty' not found.
    
    Type X to quit or <RETURN> to proceed,
    or enter new name. (Default extension: sty)
    
    t/gmm/vignettes/gmm_with_R.tex:9: ==> Fatal error occurred, no output PDF file
     produced!
    Calls: buildVignettes -> texi2pdf -> texi2dvi
    Execution halted
Flavor: r-release-osx-x86_64-mavericks

Version: 1.5-0
Check: PDF version of manual
Result: WARNING
    LaTeX errors when creating PDF version.
    This typically indicates Rd problems.
    LaTeX errors found:
    ! LaTeX Error: File `upquote.sty' not found.
    
    Type X to quit or <RETURN> to proceed,
    or enter new name. (Default extension: sty)
    
    50669206/Rd2.tex:8: ==> Fatal error occurred, no output PDF file produced!
Flavor: r-release-osx-x86_64-mavericks

Version: 1.5-0
Check: re-building of vignette outputs
Result: NOTE
    Error in re-building vignettes:
     ...
    Loading required package: sandwich
    Warning in nlminb(P$t0, .obj1, x = P$x, w = w, gf = P$g, ...) :
     NA/NaN function evaluation
    Error in texi2dvi(file = file, pdf = TRUE, clean = clean, quiet = quiet, :
     Running 'texi2dvi' on 'gmm_with_R.tex' failed.
    LaTeX errors:
    ! LaTeX Error: File `srcltx.sty' not found.
    
    Type X to quit or <RETURN> to proceed,
    or enter new name. (Default extension: sty)
    
    gmm.Rcheck/vign_test/gmm/vignettes/gmm_with_R.tex:9: ==> Fatal error occurred,
     no output PDF file produced!
    Calls: buildVignettes -> texi2pdf -> texi2dvi
    Execution halted
Flavor: r-release-osx-x86_64-snowleopard