CRAN Package Check Results for Package gsl

Last updated on 2015-08-01 06:47:55.

Flavor Version Tinstall Tcheck Ttotal Status Flags
r-devel-linux-x86_64-debian-clang 1.9-10 4.02 25.83 29.85 OK
r-devel-linux-x86_64-debian-gcc 1.9-10 4.03 25.67 29.70 OK
r-devel-linux-x86_64-fedora-clang 1.9-10 54.81 OK
r-devel-linux-x86_64-fedora-gcc 1.9-10 51.92 OK
r-devel-osx-x86_64-clang 1.9-10 55.32 OK
r-devel-windows-ix86+x86_64 1.9-10 35.00 77.00 112.00 OK
r-patched-linux-x86_64 1.9-10 4.04 26.03 30.07 OK
r-patched-solaris-sparc 1.9-10 303.50 ERROR
r-patched-solaris-x86 1.9-10 71.70 OK
r-release-linux-x86_64 1.9-10 4.09 26.56 30.65 OK
r-release-osx-x86_64-mavericks 1.9-10 OK
r-release-windows-ix86+x86_64 1.9-10 33.00 54.00 87.00 OK
r-oldrel-windows-ix86+x86_64 1.9-10 49.00 56.00 105.00 OK

Check Details

Version: 1.9-10
Check: examples
Result: ERROR
    Running examples in ‘gsl-Ex.R’ failed
    The error most likely occurred in:
    
    > ### Name: multimin
    > ### Title: Function minimization
    > ### Aliases: Multimin multimin multimin.init multimin.iterate
    > ### multimin.restart multimin.fminimizer.size
    > ### Keywords: array
    >
    > ### ** Examples
    >
    > # The Rosenbrock function:
    > x0 <- c(-1.2, 1)
    > f <- function(x) (1 - x[1])^2 + 100 * (x[2] - x[1]^2)^2
    > df <- function(x) c(-2*(1 - x[1]) + 100 * 2 * (x[2] - x[1]^2) * (-2*x[1]),
    + 100 * 2 * (x[2] - x[1]^2))
    >
    > # The simple way to call multimin.
    > state <- multimin(x0, f, df)
    > print(state$x)
    [1] 0.999997 0.999994
    >
    > # The fine-control way to call multimin.
    > state <- multimin.init(x0, f, df, method="conjugate-fr")
    > for (i in 1:200)
    + state <- multimin.iterate(state)
    
     *** caught segfault ***
    address 20, cause 'memory not mapped'
    aborting ...
Flavor: r-patched-solaris-sparc