CRAN Package Check Results for Package gsl

Last updated on 2014-12-18 05:48:16.

Flavor Version Tinstall Tcheck Ttotal Status Flags
r-devel-linux-x86_64-debian-clang 1.9-10 3.53 27.68 31.21 OK
r-devel-linux-x86_64-debian-gcc 1.9-10 5.03 27.08 32.11 OK
r-devel-linux-x86_64-fedora-clang 1.9-10 62.54 OK
r-devel-linux-x86_64-fedora-gcc 1.9-10 56.64 OK
r-devel-osx-x86_64-clang 1.9-10 63.84 OK
r-devel-windows-ix86+x86_64 1.9-10 72.00 96.00 168.00 OK
r-patched-linux-x86_64 1.9-10 4.46 27.87 32.33 OK
r-patched-solaris-sparc 1.9-10 354.00 OK
r-patched-solaris-x86 1.9-10 75.30 OK
r-release-linux-ix86 1.9-10 6.62 35.87 42.48 OK
r-release-linux-x86_64 1.9-10 4.22 27.79 32.01 OK
r-release-osx-x86_64-mavericks 1.9-10 ERROR
r-release-osx-x86_64-snowleopard 1.9-10 OK
r-release-windows-ix86+x86_64 1.9-10 39.00 75.00 114.00 OK
r-oldrel-windows-ix86+x86_64 1.9-10 35.00 53.00 88.00 OK

Check Details

Version: 1.9-10
Check: whether package can be installed
Result: ERROR
    Installation failed.
Flavor: r-release-osx-x86_64-mavericks