CRAN Package Check Results for Package gsl

Last updated on 2014-07-25 03:49:46.

Flavor Version Tinstall Tcheck Ttotal Status Flags
r-devel-linux-x86_64-debian-clang 1.9-10 3.53 29.42 32.95 OK
r-devel-linux-x86_64-debian-gcc 1.9-10 4.16 27.90 32.06 OK
r-devel-linux-x86_64-fedora-clang 1.9-10 62.58 OK
r-devel-linux-x86_64-fedora-gcc 1.9-10 63.02 OK
r-devel-osx-x86_64-clang 1.9-10 66.42 OK
r-devel-windows-ix86+x86_64 1.9-10 34.00 50.00 84.00 OK
r-patched-linux-x86_64 1.9-10 4.07 27.58 31.64 OK
r-patched-solaris-sparc 1.9-10 343.80 OK
r-patched-solaris-x86 1.9-10 78.70 OK
r-release-linux-ix86 1.9-10 6.36 37.46 43.83 OK
r-release-linux-x86_64 1.9-10 4.20 27.54 31.74 OK
r-release-osx-x86_64-mavericks 1.9-10 ERROR
r-release-osx-x86_64-snowleopard 1.9-10 OK
r-release-windows-ix86+x86_64 1.9-10 44.00 72.00 116.00 OK
r-oldrel-windows-ix86+x86_64 1.9-10 35.00 53.00 88.00 OK

Check Details

Version: 1.9-10
Check: whether package can be installed
Result: ERROR
    Installation failed.
    See ‘/Builds/CRAN-QA-Simon/packages/mavericks-x86_64/results/3.1/gsl.Rcheck/00install.out’ for details.
Flavor: r-release-osx-x86_64-mavericks