CRAN Package Check Results for Package gsl

Last updated on 2014-08-21 07:49:13.

Flavor Version Tinstall Tcheck Ttotal Status Flags
r-devel-linux-x86_64-debian-clang 1.9-10 3.39 26.79 30.18 OK
r-devel-linux-x86_64-debian-gcc 1.9-10 4.12 26.63 30.74 OK
r-devel-linux-x86_64-fedora-clang 1.9-10 64.46 OK
r-devel-linux-x86_64-fedora-gcc 1.9-10 59.92 OK
r-devel-osx-x86_64-clang 1.9-10 63.24 OK
r-devel-windows-ix86+x86_64 1.9-10 37.00 49.00 86.00 OK
r-patched-linux-x86_64 1.9-10 4.22 26.97 31.19 OK
r-patched-solaris-sparc 1.9-10 354.00 OK
r-patched-solaris-x86 1.9-10 77.10 OK
r-release-linux-ix86 1.9-10 6.50 37.18 43.68 OK
r-release-linux-x86_64 1.9-10 4.51 27.52 32.03 OK
r-release-osx-x86_64-mavericks 1.9-10 ERROR
r-release-osx-x86_64-snowleopard 1.9-10 OK
r-release-windows-ix86+x86_64 1.9-10 44.00 72.00 116.00 OK
r-oldrel-windows-ix86+x86_64 1.9-10 35.00 53.00 88.00 OK

Check Details

Version: 1.9-10
Check: whether package can be installed
Result: ERROR
    Installation failed.
Flavor: r-release-osx-x86_64-mavericks