CRAN Package Check Results for Package gsl

Last updated on 2014-04-25 05:47:16.

Flavor Version Tinstall Tcheck Ttotal Status Flags
r-devel-linux-x86_64-debian-clang 1.9-10 3.69 28.46 32.15 OK
r-devel-linux-x86_64-debian-gcc 1.9-10 4.16 28.34 32.50 OK
r-devel-linux-x86_64-fedora-clang 1.9-10 62.81 OK
r-devel-linux-x86_64-fedora-gcc 1.9-10 59.79 OK
r-devel-osx-x86_64-clang 1.9-10 57.38 OK
r-devel-osx-x86_64-gcc 1.9-10 OK
r-devel-windows-ix86+x86_64 1.9-10 34.00 50.00 84.00 OK
r-patched-linux-x86_64 1.9-10 4.15 28.17 32.32 OK
r-patched-solaris-sparc 1.9-10 343.80 OK
r-patched-solaris-x86 1.9-10 76.40 OK
r-release-linux-ix86 1.9-10 10.00 51.00 61.00 OK
r-release-linux-x86_64 1.9-10 4.22 28.66 32.87 OK
r-release-osx-x86_64-mavericks 1.9-10 ERROR
r-release-osx-x86_64-snowleopard 1.9-10 OK
r-release-windows-ix86+x86_64 1.9-10 57.00 68.00 125.00 OK
r-oldrel-windows-ix86+x86_64 1.9-10 35.00 53.00 88.00 OK

Check Details

Version: 1.9-10
Check: whether package can be installed
Result: ERROR
    Installation failed.
    See ‘/Builds/CRAN-QA-Simon/packages/mavericks-x86_64/results/3.1/gsl.Rcheck/00install.out’ for details.
Flavor: r-release-osx-x86_64-mavericks