CRAN Package Check Results for Package gsl

Last updated on 2014-09-02 06:46:34.

Flavor Version Tinstall Tcheck Ttotal Status Flags
r-devel-linux-x86_64-debian-clang 1.9-10 3.32 26.73 30.05 OK
r-devel-linux-x86_64-debian-gcc 1.9-10 4.15 26.70 30.85 OK
r-devel-linux-x86_64-fedora-clang 1.9-10 60.64 OK
r-devel-linux-x86_64-fedora-gcc 1.9-10 60.06 OK
r-devel-osx-x86_64-clang 1.9-10 61.75 OK
r-devel-windows-ix86+x86_64 1.9-10 36.00 48.00 84.00 OK
r-patched-linux-x86_64 1.9-10 4.09 27.84 31.93 OK
r-patched-solaris-sparc 1.9-10 354.00 OK
r-patched-solaris-x86 1.9-10 79.20 OK
r-release-linux-ix86 1.9-10 6.34 37.87 44.21 OK
r-release-linux-x86_64 1.9-10 4.29 27.77 32.06 OK
r-release-osx-x86_64-mavericks 1.9-10 ERROR
r-release-osx-x86_64-snowleopard 1.9-10 OK
r-release-windows-ix86+x86_64 1.9-10 44.00 72.00 116.00 OK
r-oldrel-windows-ix86+x86_64 1.9-10 35.00 53.00 88.00 OK

Check Details

Version: 1.9-10
Check: whether package can be installed
Result: ERROR
    Installation failed.
Flavor: r-release-osx-x86_64-mavericks