CRAN Package Check Results for Package hglm

Last updated on 2014-04-24 05:47:23.

Flavor Version Tinstall Tcheck Ttotal Status Flags
r-devel-linux-x86_64-debian-clang 2.0-4 4.01 46.67 50.68 OK
r-devel-linux-x86_64-debian-gcc 2.0-4 3.66 47.20 50.86 OK
r-devel-linux-x86_64-fedora-clang 2.0-4 131.44 OK
r-devel-linux-x86_64-fedora-gcc 2.0-4 125.13 OK
r-devel-osx-x86_64-clang 2.0-4 86.45 OK
r-devel-osx-x86_64-gcc 2.0-4 OK
r-devel-windows-ix86+x86_64 2.0-4 9.00 64.00 73.00 OK
r-patched-linux-x86_64 2.0-4 3.67 47.04 50.70 OK
r-patched-solaris-sparc 2.0-4 609.90 OK
r-patched-solaris-x86 2.0-4 150.50 OK
r-release-linux-ix86 2.0-4 6.00 80.00 86.00 OK
r-release-linux-x86_64 2.0-4 3.70 46.28 49.98 OK
r-release-osx-x86_64-mavericks 2.0-4 WARN
r-release-osx-x86_64-snowleopard 2.0-4 OK
r-release-windows-ix86+x86_64 2.0-4 9.00 65.00 74.00 OK
r-oldrel-windows-ix86+x86_64 2.0-4 9.00 64.00 73.00 OK

Check Details

Version: 2.0-4
Check: PDF version of manual
Result: WARNING
    LaTeX errors when creating PDF version.
    This typically indicates Rd problems.
    LaTeX errors found:
    ! LaTeX Error: File `upquote.sty' not found.
    
    Type X to quit or <RETURN> to proceed,
    or enter new name. (Default extension: sty)
    
    a096f43/Rd2.tex:8: ==> Fatal error occurred, no output PDF file produced!
Flavor: r-release-osx-x86_64-mavericks