CRAN Package Check Results for Package hglm

Last updated on 2015-06-30 07:47:57.

Flavor Version Tinstall Tcheck Ttotal Status Flags
r-devel-linux-x86_64-debian-clang 2.1-0 3.09 40.36 43.45 NOTE
r-devel-linux-x86_64-debian-gcc 2.1-0 2.71 40.09 42.80 NOTE
r-devel-linux-x86_64-fedora-clang 2.1-0 95.54 OK
r-devel-linux-x86_64-fedora-gcc 2.1-0 87.81 OK
r-devel-osx-x86_64-clang 2.1-0 77.32 OK
r-devel-windows-ix86+x86_64 2.1-0 8.00 60.00 68.00 NOTE
r-patched-linux-x86_64 2.1-0 2.86 40.98 43.83 OK
r-patched-solaris-sparc 2.1-0 527.00 OK
r-patched-solaris-x86 2.1-0 117.10 OK
r-release-linux-x86_64 2.1-0 2.66 41.04 43.69 OK
r-release-osx-x86_64-mavericks 2.1-0 OK
r-release-windows-ix86+x86_64 2.1-0 11.00 59.00 70.00 OK
r-oldrel-windows-ix86+x86_64 2.1-0 10.00 78.00 88.00 OK

Check Details

Version: 2.1-0
Check: R code for possible problems
Result: NOTE
    .onAttach: no visible global function definition for
     ‘packageDescription’
    Beta: no visible global function definition for ‘make.link’
    CAR: no visible global function definition for ‘make.link’
    GAMMA: no visible global function definition for ‘make.link’
    SAR: no visible global function definition for ‘make.link’
    bigRR: Error while checking: invalid ‘envir’ argument
    hglm: Error while checking: invalid ‘envir’ argument
    hglm.default: Error while checking: invalid ‘envir’ argument
    hglm.formula: Error while checking: invalid ‘envir’ argument
    hglm2: Error while checking: invalid ‘envir’ argument
    hglm2.formula: Error while checking: invalid ‘envir’ argument
    inverse.gamma: no visible global function definition for ‘make.link’
    likelihood: Error while checking: invalid ‘envir’ argument
    lrt: no visible global function definition for ‘logLik’
    lrt: no visible global function definition for ‘pchisq’
    plot.hglm: no visible global function definition for ‘dev.new’
    plot.hglm: no visible global function definition for ‘pdf’
    plot.hglm: no visible global function definition for ‘par’
    plot.hglm: no visible global function definition for ‘loess.smooth’
    plot.hglm: no visible global function definition for ‘plot’
    plot.hglm: no visible global function definition for ‘lines’
    plot.hglm: no visible global function definition for ‘qqnorm’
    plot.hglm: no visible global function definition for ‘qqline’
    plot.hglm: no visible global function definition for ‘hist’
    plot.hglm: no visible global function definition for ‘dev.off’
    plot.hglm: no visible global function definition for ‘var’
    plot.hglm: no visible global function definition for ‘rgamma’
    plot.hglm: no visible global function definition for ‘abline’
    print.summary.hglm: no visible global function definition for
     ‘printCoefmat’
    summary.hglm: no visible global function definition for ‘pt’
Flavors: r-devel-linux-x86_64-debian-clang, r-devel-linux-x86_64-debian-gcc, r-devel-windows-ix86+x86_64