CRAN Package Check Results for Package hof

Last updated on 2014-04-18 05:48:05.

Flavor Version Tinstall Tcheck Ttotal Status Flags
r-devel-linux-x86_64-debian-clang 0.1 0.60 8.13 8.73 NOTE
r-devel-linux-x86_64-debian-gcc NOTE
r-devel-linux-x86_64-fedora-clang 0.1 17.56 NOTE
r-devel-linux-x86_64-fedora-gcc 0.1 17.04 NOTE
r-devel-macosx-x86_64-clang 0.1 21.35 NOTE
r-devel-macosx-x86_64-gcc 0.1 NOTE
r-devel-windows-ix86+x86_64 0.1 2.00 14.00 16.00 NOTE
r-patched-linux-x86_64 0.1 0.58 8.32 8.90 NOTE
r-patched-solaris-sparc 0.1 100.30 NOTE
r-patched-solaris-x86 0.1 27.40 NOTE
r-release-linux-ix86 0.1 1.00 19.00 20.00 NOTE
r-release-linux-x86_64 0.1 0.57 8.33 8.90 NOTE
r-release-macosx-x86_64 0.1 NOTE
r-release-windows-ix86+x86_64 0.1 2.00 14.00 16.00 NOTE
r-oldrel-windows-ix86+x86_64 0.1 2.00 15.00 17.00 NOTE

Check Details

Version: 0.1
Check: for hidden files and directories
Result: NOTE
    Found the following hidden files and directories:
     .project
     .settings
    These were most likely included in error. See section ‘Package
    structure’ in the ‘Writing R Extensions’ manual.
Flavors: r-devel-linux-x86_64-debian-clang, r-devel-linux-x86_64-debian-gcc, r-devel-linux-x86_64-fedora-clang, r-devel-linux-x86_64-fedora-gcc, r-devel-macosx-x86_64-clang, r-devel-macosx-x86_64-gcc, r-devel-windows-ix86+x86_64, r-patched-linux-x86_64, r-patched-solaris-sparc, r-patched-solaris-x86, r-release-linux-ix86, r-release-linux-x86_64, r-release-macosx-x86_64, r-release-windows-ix86+x86_64, r-oldrel-windows-ix86+x86_64

Version: 0.1
Check: dependencies in R code
Result: NOTE
    Namespace in Imports field not imported from: ‘plyr’
     All declared Imports should be used.
    See the information on DESCRIPTION files in the chapter ‘Creating R
    packages’ of the ‘Writing R Extensions’ manual.
Flavors: r-devel-linux-x86_64-debian-clang, r-devel-linux-x86_64-debian-gcc, r-devel-linux-x86_64-fedora-clang, r-devel-linux-x86_64-fedora-gcc, r-devel-macosx-x86_64-clang, r-devel-macosx-x86_64-gcc, r-devel-windows-ix86+x86_64, r-patched-linux-x86_64, r-patched-solaris-sparc, r-patched-solaris-x86, r-release-linux-ix86, r-release-linux-x86_64, r-release-windows-ix86+x86_64, r-oldrel-windows-ix86+x86_64