CRAN Package Check Results for Package insideRODE

Last updated on 2015-04-26 03:47:32.

Flavor Version Tinstall Tcheck Ttotal Status Flags
r-devel-linux-x86_64-debian-clang 2.0 1.14 67.58 68.72 NOTE
r-devel-linux-x86_64-debian-gcc 2.0 1.13 69.09 70.22 NOTE
r-devel-linux-x86_64-fedora-clang 2.0 127.97 NOTE
r-devel-linux-x86_64-fedora-gcc 2.0 116.62 NOTE
r-devel-osx-x86_64-clang 2.0 105.49 NOTE
r-devel-windows-ix86+x86_64 2.0 4.00 88.00 92.00 NOTE
r-patched-linux-x86_64 2.0 1.16 64.03 65.20 NOTE
r-patched-solaris-sparc 2.0 724.30 NOTE
r-patched-solaris-x86 2.0 126.40 NOTE
r-release-linux-x86_64 2.0 1.14 64.52 65.66 NOTE
r-release-osx-x86_64-mavericks 2.0 NOTE
r-release-osx-x86_64-snowleopard 2.0 NOTE
r-release-windows-ix86+x86_64 2.0 4.00 80.00 84.00 NOTE
r-oldrel-windows-ix86+x86_64 2.0 4.00 84.00 88.00 NOTE

Check Details

Version: 2.0
Check: DESCRIPTION meta-information
Result: NOTE
    Malformed Title field: should not end in a period.
Flavors: r-devel-windows-ix86+x86_64, r-release-windows-ix86+x86_64

Version: 2.0
Check: dependencies in R code
Result: NOTE
    'library' or 'require' calls to packages already attached by Depends:
     'compiler' 'deSolve' 'lattice' 'nlme'
     Please remove these calls from your code.
Flavors: r-devel-windows-ix86+x86_64, r-release-windows-ix86+x86_64, r-oldrel-windows-ix86+x86_64

Version: 2.0
Check: R code for possible problems
Result: NOTE
    NB: .First.lib is obsolete and will not be used in R >= 3.0.0
    File 'insideRODE/R/zzz.r':
     .First.lib calls:
     require(nlme)
     require(lattice)
     require(deSolve)
     require(compiler)
    
    Package startup functions should not change the search path.
    See section 'Good practice' in '?.onAttach'.
Flavors: r-devel-windows-ix86+x86_64, r-release-windows-ix86+x86_64, r-oldrel-windows-ix86+x86_64

Version: 2.0
Check: Rd files
Result: NOTE
    prepare_Rd: cfLSODA.Rd:89-90: Dropping empty section \note
    prepare_Rd: cfLSODA.Rd:87-88: Dropping empty section \seealso
    prepare_Rd: cfLSODE.Rd:68-69: Dropping empty section \note
    prepare_Rd: cfLSODE.Rd:66-67: Dropping empty section \seealso
    prepare_Rd: cfODE.Rd:70-71: Dropping empty section \note
    prepare_Rd: cfODE.Rd:68-69: Dropping empty section \seealso
    prepare_Rd: cfVODE.Rd:69-70: Dropping empty section \note
    prepare_Rd: cfVODE.Rd:67-68: Dropping empty section \seealso
    prepare_Rd: cpLSODA.Rd:162-163: Dropping empty section \note
    prepare_Rd: cpLSODA.Rd:160-161: Dropping empty section \seealso
    prepare_Rd: cpLSODE.Rd:67-68: Dropping empty section \note
    prepare_Rd: cpLSODE.Rd:65-66: Dropping empty section \seealso
    prepare_Rd: cpODE.Rd:71-72: Dropping empty section \note
    prepare_Rd: cpODE.Rd:69-70: Dropping empty section \seealso
    prepare_Rd: cpVODE.Rd:68-69: Dropping empty section \note
    prepare_Rd: cpVODE.Rd:66-67: Dropping empty section \seealso
    prepare_Rd: insideRODE-package.Rd:40-42: Dropping empty section \references
    prepare_Rd: nlmLSODA.Rd:88-89: Dropping empty section \note
    prepare_Rd: nlmLSODA.Rd:86-87: Dropping empty section \seealso
    prepare_Rd: nlmLSODAcp.Rd:60-61: Dropping empty section \note
    prepare_Rd: nlmLSODAcp.Rd:58-59: Dropping empty section \seealso
    prepare_Rd: nlmLSODE.Rd:61-62: Dropping empty section \note
    prepare_Rd: nlmLSODE.Rd:59-60: Dropping empty section \seealso
    prepare_Rd: nlmLSODEcp.Rd:61-62: Dropping empty section \note
    prepare_Rd: nlmLSODEcp.Rd:59-60: Dropping empty section \seealso
    prepare_Rd: nlmODE.Rd:63-64: Dropping empty section \note
    prepare_Rd: nlmODE.Rd:61-62: Dropping empty section \seealso
    prepare_Rd: nlmODEcp.Rd:63-64: Dropping empty section \note
    prepare_Rd: nlmODEcp.Rd:61-62: Dropping empty section \seealso
    prepare_Rd: nlmVODE.Rd:61-62: Dropping empty section \note
    prepare_Rd: nlmVODE.Rd:59-60: Dropping empty section \seealso
    prepare_Rd: nlmVODEcp.Rd:61-62: Dropping empty section \note
    prepare_Rd: nlmVODEcp.Rd:59-60: Dropping empty section \seealso
Flavors: r-devel-windows-ix86+x86_64, r-release-windows-ix86+x86_64, r-oldrel-windows-ix86+x86_64