CRAN Package Check Results for Package joineR

Last updated on 2015-01-25 05:48:02.

Flavor Version Tinstall Tcheck Ttotal Status Flags
r-devel-linux-x86_64-debian-clang 1.0-3 1.74 60.47 62.20 NOTE
r-devel-linux-x86_64-debian-gcc 1.0-3 1.65 62.64 64.29 NOTE
r-devel-linux-x86_64-fedora-clang 1.0-3 122.54 NOTE
r-devel-linux-x86_64-fedora-gcc 1.0-3 125.61 NOTE
r-devel-osx-x86_64-clang 1.0-3 126.19 NOTE
r-devel-windows-ix86+x86_64 1.0-3 8.00 100.00 108.00 NOTE
r-patched-linux-x86_64 1.0-3 1.74 62.26 64.00 NOTE
r-patched-solaris-sparc 1.0-3 748.00 NOTE
r-patched-solaris-x86 1.0-3 175.40 NOTE
r-release-linux-ix86 1.0-3 2.16 86.56 88.72 NOTE
r-release-linux-x86_64 1.0-3 1.78 64.65 66.43 NOTE
r-release-osx-x86_64-mavericks 1.0-3 NOTE
r-release-osx-x86_64-snowleopard 1.0-3 NOTE
r-release-windows-ix86+x86_64 1.0-3 8.00 99.00 107.00 NOTE
r-oldrel-windows-ix86+x86_64 1.0-3 9.00 94.00 103.00 OK

Check Details

Version: 1.0-3
Check: package dependencies
Result: NOTE
    Depends: includes the non-default packages:
     ‘nlme’ ‘MASS’ ‘boot’ ‘survival’ ‘lattice’ ‘statmod’ ‘gdata’
    Adding so many packages to the search path is excessive and importing
    selectively is preferable.
Flavors: r-devel-linux-x86_64-debian-clang, r-devel-linux-x86_64-debian-gcc, r-devel-linux-x86_64-fedora-clang, r-devel-linux-x86_64-fedora-gcc, r-devel-osx-x86_64-clang, r-devel-windows-ix86+x86_64, r-patched-linux-x86_64, r-patched-solaris-sparc, r-patched-solaris-x86, r-release-linux-ix86, r-release-linux-x86_64, r-release-osx-x86_64-mavericks, r-release-osx-x86_64-snowleopard, r-release-windows-ix86+x86_64

Version: 1.0-3
Check: S3 generic/method consistency
Result: NOTE
    Found the following apparent S3 methods exported but not registered:
     subset.jointdata summary.joint summary.jointdata lines.jointdata
     plot.jointdata plot.vargm points.jointdata
    See section ‘Registering S3 methods’ in the ‘Writing R Extensions’
    manual.
Flavors: r-devel-linux-x86_64-fedora-clang, r-devel-linux-x86_64-fedora-gcc