CRAN Package Check Results for Package joineR

Last updated on 2014-11-22 05:48:24.

Flavor Version Tinstall Tcheck Ttotal Status Flags
r-devel-linux-x86_64-debian-clang 1.0-3 1.69 60.09 61.78 NOTE
r-devel-linux-x86_64-debian-gcc 1.0-3 1.65 60.56 62.21 NOTE
r-devel-linux-x86_64-fedora-clang 1.0-3 127.69 NOTE
r-devel-linux-x86_64-fedora-gcc 1.0-3 121.12 NOTE
r-devel-osx-x86_64-clang 1.0-3 120.75 NOTE
r-devel-windows-ix86+x86_64 1.0-3 7.00 134.00 141.00 NOTE
r-patched-linux-x86_64 1.0-3 1.84 62.42 64.26 NOTE
r-patched-solaris-sparc 1.0-3 749.90 NOTE
r-patched-solaris-x86 1.0-3 169.50 NOTE
r-release-linux-ix86 1.0-3 2.52 87.16 89.68 NOTE
r-release-linux-x86_64 1.0-3 1.85 63.42 65.27 NOTE
r-release-osx-x86_64-mavericks 1.0-3 NOTE
r-release-osx-x86_64-snowleopard 1.0-3 NOTE
r-release-windows-ix86+x86_64 1.0-3 10.00 95.00 105.00 NOTE
r-oldrel-windows-ix86+x86_64 1.0-3 8.00 87.00 95.00 OK

Check Details

Version: 1.0-3
Check: package dependencies
Result: NOTE
    Depends: includes the non-default packages:
     ‘nlme’ ‘MASS’ ‘boot’ ‘survival’ ‘lattice’ ‘statmod’ ‘gdata’
    Adding so many packages to the search path is excessive and importing
    selectively is preferable.
Flavors: r-devel-linux-x86_64-debian-clang, r-devel-linux-x86_64-debian-gcc, r-devel-linux-x86_64-fedora-clang, r-devel-linux-x86_64-fedora-gcc, r-devel-osx-x86_64-clang, r-devel-windows-ix86+x86_64, r-patched-linux-x86_64, r-patched-solaris-sparc, r-patched-solaris-x86, r-release-linux-ix86, r-release-linux-x86_64, r-release-osx-x86_64-mavericks, r-release-osx-x86_64-snowleopard, r-release-windows-ix86+x86_64