CRAN Package Check Results for Package joineR

Last updated on 2014-10-23 05:46:43.

Flavor Version Tinstall Tcheck Ttotal Status Flags
r-devel-linux-x86_64-debian-clang 1.0-3 1.67 61.84 63.51 NOTE
r-devel-linux-x86_64-debian-gcc 1.0-3 1.69 60.00 61.70 NOTE
r-devel-linux-x86_64-fedora-clang 1.0-3 130.60 NOTE
r-devel-linux-x86_64-fedora-gcc 1.0-3 124.86 NOTE
r-devel-osx-x86_64-clang 1.0-3 123.64 NOTE
r-devel-windows-ix86+x86_64 1.0-3 7.00 101.00 108.00 NOTE
r-patched-linux-x86_64 1.0-3 1.72 62.72 64.44 NOTE
r-patched-solaris-sparc 1.0-3 749.90 NOTE
r-patched-solaris-x86 1.0-3 177.40 NOTE
r-release-linux-ix86 1.0-3 2.64 92.97 95.61 NOTE
r-release-linux-x86_64 1.0-3 1.70 63.27 64.97 NOTE
r-release-osx-x86_64-mavericks 1.0-3 NOTE
r-release-osx-x86_64-snowleopard 1.0-3 NOTE
r-release-windows-ix86+x86_64 1.0-3 8.00 98.00 106.00 NOTE
r-oldrel-windows-ix86+x86_64 1.0-3 7.00 91.00 98.00 OK

Check Details

Version: 1.0-3
Check: package dependencies
Result: NOTE
    Depends: includes the non-default packages:
     ‘nlme’ ‘MASS’ ‘boot’ ‘survival’ ‘lattice’ ‘statmod’ ‘gdata’
    Adding so many packages to the search path is excessive and importing
    selectively is preferable.
Flavors: r-devel-linux-x86_64-debian-clang, r-devel-linux-x86_64-debian-gcc, r-devel-linux-x86_64-fedora-clang, r-devel-linux-x86_64-fedora-gcc, r-devel-osx-x86_64-clang, r-devel-windows-ix86+x86_64, r-patched-linux-x86_64, r-patched-solaris-sparc, r-patched-solaris-x86, r-release-linux-ix86, r-release-linux-x86_64, r-release-osx-x86_64-mavericks, r-release-osx-x86_64-snowleopard, r-release-windows-ix86+x86_64