CRAN Package Check Results for Package joineR

Last updated on 2014-12-22 06:48:39.

Flavor Version Tinstall Tcheck Ttotal Status Flags
r-devel-linux-x86_64-debian-clang 1.0-3 1.82 61.32 63.14 NOTE
r-devel-linux-x86_64-debian-gcc 1.0-3 1.67 62.12 63.79 NOTE
r-devel-linux-x86_64-fedora-clang 1.0-3 127.14 NOTE
r-devel-linux-x86_64-fedora-gcc 1.0-3 125.62 NOTE
r-devel-osx-x86_64-clang 1.0-3 122.04 NOTE
r-devel-windows-ix86+x86_64 1.0-3 9.00 96.00 105.00 NOTE
r-patched-linux-x86_64 1.0-3 1.76 62.33 64.09 NOTE
r-patched-solaris-sparc 1.0-3 748.50 NOTE
r-patched-solaris-x86 1.0-3 172.30 NOTE
r-release-linux-ix86 1.0-3 2.25 86.31 88.56 NOTE
r-release-linux-x86_64 1.0-3 1.80 62.47 64.27 NOTE
r-release-osx-x86_64-mavericks 1.0-3 NOTE
r-release-osx-x86_64-snowleopard 1.0-3 NOTE
r-release-windows-ix86+x86_64 1.0-3 8.00 100.00 108.00 NOTE
r-oldrel-windows-ix86+x86_64 1.0-3 8.00 94.00 102.00 OK

Check Details

Version: 1.0-3
Check: package dependencies
Result: NOTE
    Depends: includes the non-default packages:
     ‘nlme’ ‘MASS’ ‘boot’ ‘survival’ ‘lattice’ ‘statmod’ ‘gdata’
    Adding so many packages to the search path is excessive and importing
    selectively is preferable.
Flavors: r-devel-linux-x86_64-debian-clang, r-devel-linux-x86_64-debian-gcc, r-devel-linux-x86_64-fedora-clang, r-devel-linux-x86_64-fedora-gcc, r-devel-osx-x86_64-clang, r-devel-windows-ix86+x86_64, r-patched-linux-x86_64, r-patched-solaris-sparc, r-patched-solaris-x86, r-release-linux-ix86, r-release-linux-x86_64, r-release-osx-x86_64-mavericks, r-release-osx-x86_64-snowleopard, r-release-windows-ix86+x86_64