CRAN Package Check Results for Package kernlab

Last updated on 2014-04-24 05:47:24.

Flavor Version Tinstall Tcheck Ttotal Status Flags
r-devel-linux-x86_64-debian-clang 0.9-19 9.97 85.71 95.68 OK
r-devel-linux-x86_64-debian-gcc 0.9-19 11.58 84.98 96.57 OK
r-devel-linux-x86_64-fedora-clang 0.9-19 206.65 OK
r-devel-linux-x86_64-fedora-gcc 0.9-19 200.68 OK
r-devel-osx-x86_64-clang 0.9-19 147.26 OK
r-devel-osx-x86_64-gcc 0.9-19 OK
r-devel-windows-ix86+x86_64 0.9-19 47.00 154.00 201.00 OK
r-patched-linux-x86_64 0.9-19 12.03 84.84 96.87 OK
r-patched-solaris-sparc 0.9-19 1069.30 OK
r-patched-solaris-x86 0.9-19 234.90 OK
r-release-linux-ix86 0.9-19 20.00 131.00 151.00 OK
r-release-linux-x86_64 0.9-19 15.28 85.19 100.47 OK
r-release-osx-x86_64-mavericks 0.9-19 NOTE
r-release-osx-x86_64-snowleopard 0.9-19 NOTE
r-release-windows-ix86+x86_64 0.9-19 81.00 214.00 295.00 OK
r-oldrel-windows-ix86+x86_64 0.9-19 49.00 172.00 221.00 OK

Memtest notes: UBSAN valgrind

Check Details

Version: 0.9-19
Check: re-building of vignette outputs
Result: NOTE
    Error in re-building vignettes:
     ...
    Error in texi2dvi(file = file, pdf = TRUE, clean = clean, quiet = quiet, :
     Running 'texi2dvi' on 'kernlab.tex' failed.
    LaTeX errors:
    ! LaTeX Error: File `a4wide.sty' not found.
    
    Type X to quit or <RETURN> to proceed,
    or enter new name. (Default extension: sty)
    
    ./A.cls:18: ==> Fatal error occurred, no output PDF file produced!
    Calls: buildVignettes -> texi2pdf -> texi2dvi
    Execution halted
Flavor: r-release-osx-x86_64-mavericks

Version: 0.9-19
Check: re-building of vignette outputs
Result: NOTE
    Error in re-building vignettes:
     ...
    Error in texi2dvi(file = file, pdf = TRUE, clean = clean, quiet = quiet, :
     Running 'texi2dvi' on 'kernlab.tex' failed.
    Messages:
    sh: gs: command not found
    !!! Error: Closing Ghostscript (exit status: 127)!
    /usr/bin/texi2dvi: thumbpdf exited with bad status, quitting.
    Calls: buildVignettes -> texi2pdf -> texi2dvi
    Execution halted
Flavor: r-release-osx-x86_64-snowleopard