CRAN Package Check Results for Package kin.cohort

Last updated on 2014-04-23 07:55:01.

Flavor Version Tinstall Tcheck Ttotal Status Flags
r-devel-linux-x86_64-debian-clang 0.6 0.72 66.64 67.36 OK
r-devel-linux-x86_64-debian-gcc 0.6 0.75 66.90 67.64 OK
r-devel-linux-x86_64-fedora-clang 0.6 128.13 OK
r-devel-linux-x86_64-fedora-gcc 0.6 129.28 OK
r-devel-osx-x86_64-clang 0.6 94.37 OK
r-devel-osx-x86_64-gcc 0.6 OK
r-devel-windows-ix86+x86_64 0.6 3.00 94.00 97.00 OK
r-patched-linux-x86_64 0.6 0.70 66.65 67.35 OK
r-patched-solaris-sparc 0.6 782.50 OK
r-patched-solaris-x86 0.6 138.60 OK
r-release-linux-ix86 0.6 2.00 102.00 104.00 OK
r-release-linux-x86_64 0.6 0.75 69.33 70.08 OK
r-release-osx-x86_64-mavericks 0.6 WARN
r-release-osx-x86_64-snowleopard 0.6 OK
r-release-windows-ix86+x86_64 0.6 7.00 122.00 129.00 OK
r-oldrel-windows-ix86+x86_64 0.6 3.00 97.00 100.00 OK

Check Details

Version: 0.6
Check: PDF version of manual
Result: WARNING
    LaTeX errors when creating PDF version.
    This typically indicates Rd problems.
    LaTeX errors found:
    ! LaTeX Error: File `upquote.sty' not found.
    
    Type X to quit or <RETURN> to proceed,
    or enter new name. (Default extension: sty)
    
    0ad6265/Rd2.tex:8: ==> Fatal error occurred, no output PDF file produced!
Flavor: r-release-osx-x86_64-mavericks