CRAN Package Check Results for Package mcclust

Last updated on 2015-04-26 03:47:33.

Flavor Version Tinstall Tcheck Ttotal Status Flags
r-devel-linux-x86_64-debian-clang 1.0 0.93 19.04 19.96 NOTE
r-devel-linux-x86_64-debian-gcc 1.0 0.91 19.28 20.18 NOTE
r-devel-linux-x86_64-fedora-clang 1.0 34.82 NOTE
r-devel-linux-x86_64-fedora-gcc 1.0 33.23 NOTE
r-devel-osx-x86_64-clang 1.0 35.65 NOTE
r-devel-windows-ix86+x86_64 1.0 6.00 44.00 50.00 NOTE
r-patched-linux-x86_64 1.0 0.90 16.88 17.78 NOTE
r-patched-solaris-sparc 1.0 252.40 NOTE
r-patched-solaris-x86 1.0 51.40 NOTE
r-release-linux-x86_64 1.0 0.96 18.18 19.14 NOTE
r-release-osx-x86_64-mavericks 1.0 NOTE
r-release-osx-x86_64-snowleopard 1.0 NOTE
r-release-windows-ix86+x86_64 1.0 4.00 52.00 56.00 NOTE
r-oldrel-windows-ix86+x86_64 1.0 9.00 63.00 72.00 NOTE

Check Details

Version: 1.0
Check: dependencies in R code
Result: NOTE
    Package in Depends field not imported from: 'lpSolve'
     These packages need to be imported from (in the NAMESPACE file)
     for when this namespace is loaded but not attached.
Flavors: r-devel-windows-ix86+x86_64, r-release-windows-ix86+x86_64, r-oldrel-windows-ix86+x86_64

Version: 1.0
Check: R code for possible problems
Result: NOTE
    laugreen: no visible global function definition for 'lp'
    relabel : min.perm.labels: no visible global function definition for
     'lp.transport'
Flavors: r-devel-windows-ix86+x86_64, r-release-windows-ix86+x86_64, r-oldrel-windows-ix86+x86_64