CRAN Package Check Results for Package mcclust

Last updated on 2015-07-31 06:47:01.

Flavor Version Tinstall Tcheck Ttotal Status Flags
r-devel-linux-x86_64-debian-clang 1.0 1.04 16.45 17.48 NOTE
r-devel-linux-x86_64-debian-gcc 1.0 1.21 16.06 17.27 NOTE
r-devel-linux-x86_64-fedora-clang 1.0 34.73 NOTE
r-devel-linux-x86_64-fedora-gcc 1.0 31.48 NOTE
r-devel-osx-x86_64-clang 1.0 31.68 NOTE
r-devel-windows-ix86+x86_64 1.0 6.00 63.00 69.00 NOTE
r-patched-linux-x86_64 1.0 0.95 17.01 17.96 NOTE
r-patched-solaris-sparc 1.0 238.60 NOTE
r-patched-solaris-x86 1.0 51.10 NOTE
r-release-linux-x86_64 1.0 0.98 17.28 18.25 NOTE
r-release-osx-x86_64-mavericks 1.0 NOTE
r-release-windows-ix86+x86_64 1.0 6.00 49.00 55.00 NOTE
r-oldrel-windows-ix86+x86_64 1.0 9.00 63.00 72.00 NOTE

Check Details

Version: 1.0
Check: dependencies in R code
Result: NOTE
    Package in Depends field not imported from: ‘lpSolve’
     These packages need to be imported from (in the NAMESPACE file)
     for when this namespace is loaded but not attached.
Flavors: r-devel-linux-x86_64-debian-clang, r-devel-linux-x86_64-debian-gcc, r-devel-linux-x86_64-fedora-clang, r-devel-linux-x86_64-fedora-gcc, r-devel-osx-x86_64-clang, r-devel-windows-ix86+x86_64, r-patched-linux-x86_64, r-patched-solaris-sparc, r-patched-solaris-x86, r-release-linux-x86_64, r-release-osx-x86_64-mavericks, r-release-windows-ix86+x86_64, r-oldrel-windows-ix86+x86_64

Version: 1.0
Check: R code for possible problems
Result: NOTE
    laugreen: no visible global function definition for ‘combn’
    laugreen: no visible global function definition for ‘lp’
    maxpear: no visible global function definition for ‘hclust’
    maxpear: no visible global function definition for ‘as.dist’
    maxpear : <anonymous>: no visible global function definition for
     ‘cutree’
    medv: no visible global function definition for ‘cutree’
    medv: no visible global function definition for ‘hclust’
    medv: no visible global function definition for ‘as.dist’
    minbinder: no visible global function definition for ‘hclust’
    minbinder: no visible global function definition for ‘as.dist’
    minbinder : <anonymous>: no visible global function definition for
     ‘cutree’
    relabel : min.perm.labels: no visible global function definition for
     ‘lp.transport’
    Undefined global functions or variables:
     as.dist combn cutree hclust lp lp.transport
    Consider adding
     importFrom("stats", "as.dist", "cutree", "hclust")
     importFrom("utils", "combn")
    to your NAMESPACE.
Flavors: r-devel-linux-x86_64-debian-clang, r-devel-linux-x86_64-debian-gcc, r-devel-linux-x86_64-fedora-clang, r-devel-linux-x86_64-fedora-gcc, r-devel-windows-ix86+x86_64

Version: 1.0
Check: R code for possible problems
Result: NOTE
    laugreen: no visible global function definition for ‘lp’
    relabel : min.perm.labels: no visible global function definition for
     ‘lp.transport’
    Undefined global functions or variables:
     lp lp.transport
Flavor: r-devel-osx-x86_64-clang

Version: 1.0
Check: R code for possible problems
Result: NOTE
    laugreen: no visible global function definition for ‘lp’
    relabel : min.perm.labels: no visible global function definition for
     ‘lp.transport’
Flavors: r-patched-linux-x86_64, r-patched-solaris-sparc, r-patched-solaris-x86, r-release-linux-x86_64, r-release-osx-x86_64-mavericks, r-release-windows-ix86+x86_64, r-oldrel-windows-ix86+x86_64