CRAN Package Check Results for Package mcclust

Last updated on 2014-04-23 07:55:02.

Flavor Version Tinstall Tcheck Ttotal Status Flags
r-devel-linux-x86_64-debian-clang 1.0 1.04 19.87 20.90 NOTE
r-devel-linux-x86_64-debian-gcc 1.0 1.00 19.44 20.44 NOTE
r-devel-linux-x86_64-fedora-clang 1.0 39.22 NOTE
r-devel-linux-x86_64-fedora-gcc 1.0 37.23 NOTE
r-devel-osx-x86_64-clang 1.0 35.81 NOTE
r-devel-osx-x86_64-gcc 1.0 NOTE
r-devel-windows-ix86+x86_64 1.0 5.00 43.00 48.00 NOTE
r-patched-linux-x86_64 1.0 1.04 19.08 20.12 NOTE
r-patched-solaris-sparc 1.0 252.20 NOTE
r-patched-solaris-x86 1.0 54.50 NOTE
r-release-linux-ix86 1.0 2.00 40.00 42.00 NOTE
r-release-linux-x86_64 1.0 0.98 19.32 20.30 NOTE
r-release-osx-x86_64-mavericks 1.0 NOTE
r-release-osx-x86_64-snowleopard 1.0 OK
r-release-windows-ix86+x86_64 1.0 13.00 60.00 73.00 NOTE
r-oldrel-windows-ix86+x86_64 1.0 6.00 45.00 51.00 NOTE

Check Details

Version: 1.0
Check: dependencies in R code
Result: NOTE
    Package in Depends field not imported from: ‘lpSolve’
     These packages need to be imported from (in the NAMESPACE file)
     for when this namespace is loaded but not attached.
    See the information on DESCRIPTION files in the chapter ‘Creating R
    packages’ of the ‘Writing R Extensions’ manual.
Flavors: r-devel-linux-x86_64-debian-clang, r-devel-linux-x86_64-debian-gcc, r-devel-linux-x86_64-fedora-clang, r-devel-linux-x86_64-fedora-gcc, r-devel-osx-x86_64-clang, r-devel-osx-x86_64-gcc, r-devel-windows-ix86+x86_64, r-patched-linux-x86_64, r-patched-solaris-sparc, r-patched-solaris-x86, r-release-linux-ix86, r-release-linux-x86_64, r-release-osx-x86_64-mavericks, r-release-windows-ix86+x86_64, r-oldrel-windows-ix86+x86_64