CRAN Package Check Results for Package msap

Last updated on 2014-04-24 05:47:26.

Flavor Version Tinstall Tcheck Ttotal Status Flags
r-devel-linux-x86_64-debian-clang 1.1.5 3.01 141.21 144.22 OK
r-devel-linux-x86_64-debian-gcc 1.1.5 2.90 139.28 142.18 OK
r-devel-linux-x86_64-fedora-clang 1.1.5 295.82 NOTE
r-devel-linux-x86_64-fedora-gcc 1.1.5 286.14 NOTE
r-devel-osx-x86_64-clang 1.1.5 238.91 OK
r-devel-osx-x86_64-gcc 1.1.5 ERROR
r-devel-windows-ix86+x86_64 1.1.5 11.00 203.00 214.00 OK
r-patched-linux-x86_64 1.1.5 2.82 138.86 141.69 OK
r-patched-solaris-sparc 1.1.5 1473.30 OK
r-patched-solaris-x86 1.1.5 313.30 OK
r-release-linux-ix86 1.1.5 5.00 201.00 206.00 OK
r-release-linux-x86_64 1.1.5 3.24 147.78 151.03 OK
r-release-osx-x86_64-mavericks 1.1.5 WARN
r-release-osx-x86_64-snowleopard 1.1.5 OK
r-release-windows-ix86+x86_64 1.1.5 11.00 210.00 221.00 OK
r-oldrel-windows-ix86+x86_64 1.1.5 13.00 195.00 208.00 OK

Check Details

Version: 1.1.5
Check: Rd line widths
Result: NOTE
    Rd file 'msap.Rd':
     \usage lines wider than 90 characters:
     msap(datafile, name=datafile, no.bands = "u", nDec=4, meth=TRUE, rm.redundant=TRUE, rm.monomorphic=TRUE, do.pcoa=TRUE, do.shann ... [TRUNCATED]
     \examples lines wider than 100 characters:
     #Perform all default analysis for a dataset with 2 primer combinations (200 and 180 fragments each)
    
    These lines will be truncated in the PDF manual.
Flavors: r-devel-linux-x86_64-fedora-clang, r-devel-linux-x86_64-fedora-gcc

Version: 1.1.5
Check: package dependencies
Result: ERROR
    Packages required but not available: ‘pegas’ ‘cba’
    
    See the information on DESCRIPTION files in the chapter ‘Creating R
    packages’ of the ‘Writing R Extensions’ manual.
Flavor: r-devel-osx-x86_64-gcc

Version: 1.1.5
Check: PDF version of manual
Result: WARNING
    LaTeX errors when creating PDF version.
    This typically indicates Rd problems.
    LaTeX errors found:
    ! LaTeX Error: File `upquote.sty' not found.
    
    Type X to quit or <RETURN> to proceed,
    or enter new name. (Default extension: sty)
    
    7a689cf1/Rd2.tex:8: ==> Fatal error occurred, no output PDF file produced!
Flavor: r-release-osx-x86_64-mavericks