CRAN Package Check Results for Package msap

Last updated on 2015-07-02 07:48:45.

Flavor Version Tinstall Tcheck Ttotal Status Flags
r-devel-linux-x86_64-debian-clang 1.1.8 0.84 33.25 34.09 NOTE
r-devel-linux-x86_64-debian-gcc 1.1.8 1.10 33.36 34.46 NOTE
r-devel-linux-x86_64-fedora-clang 1.1.8 67.30 NOTE
r-devel-linux-x86_64-fedora-gcc 1.1.8 64.04 NOTE
r-devel-osx-x86_64-clang 1.1.8 68.50 OK
r-devel-windows-ix86+x86_64 1.1.8 4.00 49.00 53.00 NOTE
r-patched-linux-x86_64 1.1.8 0.92 33.83 34.75 OK
r-patched-solaris-sparc 1.1.8 419.60 OK
r-patched-solaris-x86 1.1.8 85.80 OK
r-release-linux-x86_64 1.1.8 1.06 33.04 34.10 OK
r-release-osx-x86_64-mavericks 1.1.8 OK
r-release-windows-ix86+x86_64 1.1.8 3.00 59.00 62.00 OK
r-oldrel-windows-ix86+x86_64 1.1.8 8.00 65.00 73.00 OK

Check Details

Version: 1.1.8
Check: R code for possible problems
Result: NOTE
    msap: no visible global function definition for ‘packageVersion’
    msap: no visible global function definition for ‘read.csv’
    msap: no visible global function definition for ‘write.csv’
    msap: no visible global function definition for ‘sd’
    msap: no visible global function definition for ‘wilcox.test’
    msap: no visible global function definition for ‘dist’
    msap: no visible global function definition for ‘rainbow’
    msap: no visible global function definition for ‘png’
    msap: no visible global function definition for ‘legend’
    msap: no visible global function definition for ‘dev.off’
    pcoa: no visible global function definition for ‘cmdscale’
    pcoa: no visible global function definition for ‘png’
    pcoa: no visible global function definition for ‘par’
    pcoa: no visible global function definition for ‘plot’
    pcoa: no visible global function definition for ‘rainbow’
    pcoa: no visible global function definition for ‘points’
    pcoa: no visible global function definition for ‘dev.off’
    pcoa: no visible global function definition for ‘write.csv’
Flavors: r-devel-linux-x86_64-debian-clang, r-devel-linux-x86_64-debian-gcc, r-devel-linux-x86_64-fedora-gcc, r-devel-windows-ix86+x86_64

Version: 1.1.8
Check: R code for possible problems
Result: NOTE
    msap: no visible global function definition for ‘packageVersion’
    msap: no visible global function definition for ‘read.csv’
    msap: no visible global function definition for ‘write.csv’
    msap: no visible global function definition for ‘sd’
    msap: no visible global function definition for ‘wilcox.test’
    msap: no visible global function definition for ‘dist’
    msap: no visible global function definition for ‘rainbow’
    msap: no visible global function definition for ‘png’
    msap: no visible global function definition for ‘legend’
    msap: no visible global function definition for ‘dev.off’
    pcoa: no visible global function definition for ‘cmdscale’
    pcoa: no visible global function definition for ‘png’
    pcoa: no visible global function definition for ‘par’
    pcoa: no visible global function definition for ‘plot’
    pcoa: no visible global function definition for ‘rainbow’
    pcoa: no visible global function definition for ‘points’
    pcoa: no visible global function definition for ‘dev.off’
    pcoa: no visible global function definition for ‘write.csv’
    Undefined global functions or variables:
     cmdscale dev.off dist legend packageVersion par plot png points
     rainbow read.csv sd wilcox.test write.csv
Flavor: r-devel-linux-x86_64-fedora-clang