CRAN Package Check Results for Package normalp

Last updated on 2014-04-25 05:47:20.

Flavor Version Tinstall Tcheck Ttotal Status Flags
r-devel-linux-x86_64-debian-clang 0.6.9 0.68 11.93 12.61 OK
r-devel-linux-x86_64-debian-gcc 0.6.9 0.68 11.78 12.46 OK
r-devel-linux-x86_64-fedora-clang 0.6.9 24.10 NOTE
r-devel-linux-x86_64-fedora-gcc 0.6.9 23.34 NOTE
r-devel-osx-x86_64-clang 0.6.9 26.72 OK
r-devel-osx-x86_64-gcc 0.6.9 OK
r-devel-windows-ix86+x86_64 0.6.9 2.00 20.00 22.00 OK
r-patched-linux-x86_64 0.6.9 0.67 11.69 12.36 OK
r-patched-solaris-sparc 0.6.9 139.30 OK
r-patched-solaris-x86 0.6.9 33.80 OK
r-release-linux-ix86 0.6.9 2.00 24.00 26.00 OK
r-release-linux-x86_64 0.6.9 0.73 11.99 12.72 OK
r-release-osx-x86_64-mavericks 0.6.9 OK
r-release-windows-ix86+x86_64 0.6.9 5.00 26.00 31.00 OK
r-oldrel-windows-ix86+x86_64 0.6.9 2.00 19.00 21.00 OK

Check Details

Version: 0.6.9
Check: top-level files
Result: NOTE
    Non-standard files/directories found at top level:
     ‘index’ ‘normalp-Ex.R’ ‘title’
Flavors: r-devel-linux-x86_64-fedora-clang, r-devel-linux-x86_64-fedora-gcc