CRAN Package Check Results for Package nparcomp

Last updated on 2014-04-25 05:47:20.

Flavor Version Tinstall Tcheck Ttotal Status Flags
r-devel-linux-x86_64-debian-clang 2.0 1.49 36.08 37.58 NOTE
r-devel-linux-x86_64-debian-gcc 2.0 1.24 36.28 37.52 NOTE
r-devel-linux-x86_64-fedora-clang 2.0 65.46 NOTE
r-devel-linux-x86_64-fedora-gcc 2.0 63.64 NOTE
r-devel-osx-x86_64-clang 2.0 60.49 NOTE
r-devel-osx-x86_64-gcc 2.0 ERROR
r-devel-windows-ix86+x86_64 2.0 5.00 55.00 60.00 NOTE
r-patched-linux-x86_64 2.0 1.23 36.00 37.23 NOTE
r-patched-solaris-sparc 2.0 386.20 NOTE
r-patched-solaris-x86 2.0 83.10 NOTE
r-release-linux-ix86 2.0 3.00 62.00 65.00 NOTE
r-release-linux-x86_64 2.0 1.21 35.88 37.09 NOTE
r-release-osx-x86_64-mavericks 2.0 NOTE
r-release-osx-x86_64-snowleopard 2.0 NOTE
r-release-windows-ix86+x86_64 2.0 4.00 52.00 56.00 NOTE
r-oldrel-windows-ix86+x86_64 2.0 5.00 53.00 58.00 NOTE

Check Details

Version: 2.0
Check: dependencies in R code
Result: NOTE
    'library' or 'require' calls to packages already attached by Depends:
     ‘multcomp’ ‘mvtnorm’
     Please remove these calls from your code.
    Packages in Depends field not imported from:
     ‘multcomp’ ‘mvtnorm’
     These packages need to be imported from (in the NAMESPACE file)
     for when this namespace is loaded but not attached.
    See the information on DESCRIPTION files in the chapter ‘Creating R
    packages’ of the ‘Writing R Extensions’ manual.
Flavors: r-devel-linux-x86_64-debian-clang, r-devel-linux-x86_64-debian-gcc, r-devel-linux-x86_64-fedora-clang, r-devel-linux-x86_64-fedora-gcc, r-devel-osx-x86_64-clang, r-devel-windows-ix86+x86_64, r-patched-linux-x86_64, r-patched-solaris-sparc, r-patched-solaris-x86, r-release-linux-ix86, r-release-linux-x86_64, r-release-osx-x86_64-mavericks, r-release-osx-x86_64-snowleopard, r-release-windows-ix86+x86_64, r-oldrel-windows-ix86+x86_64

Version: 2.0
Check: package dependencies
Result: ERROR
    Package required but not available: ‘multcomp’
    
    See the information on DESCRIPTION files in the chapter ‘Creating R
    packages’ of the ‘Writing R Extensions’ manual.
Flavor: r-devel-osx-x86_64-gcc