CRAN Package Check Results for Package nullabor

Last updated on 2015-07-05 06:46:41.

Flavor Version Tinstall Tcheck Ttotal Status Flags
r-devel-linux-x86_64-debian-clang 0.3.1 3.39 74.14 77.53 NOTE
r-devel-linux-x86_64-debian-gcc 0.3.1 3.24 72.54 75.77 NOTE
r-devel-linux-x86_64-fedora-clang 0.3.1 165.62 NOTE
r-devel-linux-x86_64-fedora-gcc 0.3.1 154.54 NOTE
r-devel-osx-x86_64-clang 0.3.1 133.51 OK
r-devel-windows-ix86+x86_64 0.3.1 13.00 170.00 183.00 NOTE
r-patched-linux-x86_64 0.3.1 3.56 72.40 75.96 OK
r-patched-solaris-sparc 0.3.1 956.30 OK
r-patched-solaris-x86 0.3.1 219.20 OK
r-release-linux-x86_64 0.3.1 3.38 73.64 77.02 OK
r-release-osx-x86_64-mavericks 0.3.1 OK
r-release-windows-ix86+x86_64 0.3.1 16.00 116.00 132.00 OK
r-oldrel-windows-ix86+x86_64 0.3.1 21.00 168.00 189.00 OK

Check Details

Version: 0.3.1
Check: R code for possible problems
Result: NOTE
    box_dist: no visible global function definition for ‘quantile’
    calc_mean_dist: no visible global function definition for ‘filter’
    n: no visible global function definition for ‘resid’
    null_dist : <anonymous>: no visible global function definition for
     ‘coef’
    null_lm : <anonymous>: no visible global function definition for
     ‘predict’
    reg_dist: no visible global function definition for ‘coef’
    reg_dist: no visible global function definition for ‘lm’
    resid_boot: no visible global function definition for ‘resid’
    resid_pboot: no visible global function definition for ‘rnorm’
    resid_rotate: no visible global function definition for ‘rnorm’
    resid_rotate: no visible global function definition for ‘update’
    resid_rotate: no visible global function definition for ‘resid’
    resid_sigma: no visible global function definition for ‘rnorm’
    rorschach: no visible global function definition for ‘rbinom’
    rss: no visible global function definition for ‘resid’
    sep_dist: no visible global function definition for ‘dist’
    sep_dist: no visible global function definition for ‘cutree’
    sep_dist: no visible global function definition for ‘hclust’
    uni_dist: no visible global function definition for ‘sd’
    Undefined global functions or variables:
     coef cutree dist filter hclust lm predict quantile rbinom resid rnorm
     sd update
Flavors: r-devel-linux-x86_64-debian-clang, r-devel-linux-x86_64-debian-gcc, r-devel-linux-x86_64-fedora-clang, r-devel-linux-x86_64-fedora-gcc, r-devel-windows-ix86+x86_64