CRAN Package Check Results for Package nullabor

Last updated on 2014-04-24 05:47:27.

Flavor Version Tinstall Tcheck Ttotal Status Flags
r-devel-linux-x86_64-debian-clang 0.2.1 2.04 22.79 24.82 OK
r-devel-linux-x86_64-debian-gcc 0.2.1 1.87 23.44 25.31 OK
r-devel-linux-x86_64-fedora-clang 0.2.1 47.37 OK
r-devel-linux-x86_64-fedora-gcc 0.2.1 44.83 OK
r-devel-osx-x86_64-clang 0.2.1 54.87 OK
r-devel-osx-x86_64-gcc 0.2.1 ERROR
r-devel-windows-ix86+x86_64 0.2.1 6.00 35.00 41.00 OK
r-patched-linux-x86_64 0.2.1 1.93 24.50 26.43 OK
r-patched-solaris-sparc 0.2.1 275.70 OK
r-patched-solaris-x86 0.2.1 66.80 OK
r-release-linux-ix86 0.2.1 4.00 48.00 52.00 OK
r-release-linux-x86_64 0.2.1 1.85 22.77 24.62 OK
r-release-osx-x86_64-mavericks 0.2.1 OK
r-release-osx-x86_64-snowleopard 0.2.1 OK
r-release-windows-ix86+x86_64 0.2.1 7.00 38.00 45.00 OK
r-oldrel-windows-ix86+x86_64 0.2.1 7.00 39.00 46.00 OK

Check Details

Version: 0.2.1
Check: package dependencies
Result: ERROR
    Package required but not available: ‘ggplot2’
    
    See the information on DESCRIPTION files in the chapter ‘Creating R
    packages’ of the ‘Writing R Extensions’ manual.
Flavor: r-devel-osx-x86_64-gcc