CRAN Package Check Results for Package nutshell

Last updated on 2014-07-24 05:48:29.

Flavor Version Tinstall Tcheck Ttotal Status Flags
r-devel-linux-x86_64-debian-clang 2.0 1.21 21.98 23.19 NOTE
r-devel-linux-x86_64-debian-gcc 2.0 1.74 21.79 23.53 NOTE
r-devel-linux-x86_64-fedora-clang 2.0 50.14 NOTE
r-devel-linux-x86_64-fedora-gcc 2.0 48.28 NOTE
r-devel-osx-x86_64-clang 2.0 44.44 NOTE
r-devel-windows-ix86+x86_64 2.0 3.00 34.00 37.00 NOTE
r-patched-linux-x86_64 2.0 1.17 21.46 22.63 NOTE
r-patched-solaris-sparc 2.0 264.40 NOTE
r-patched-solaris-x86 2.0 68.00 NOTE
r-release-linux-ix86 2.0 1.69 32.19 33.88 NOTE
r-release-linux-x86_64 2.0 1.22 22.14 23.36 NOTE
r-release-osx-x86_64-mavericks 2.0 NOTE
r-release-osx-x86_64-snowleopard 2.0 NOTE
r-release-windows-ix86+x86_64 2.0 4.00 34.00 38.00 NOTE
r-oldrel-windows-ix86+x86_64 2.0 4.00 39.00 43.00 NOTE

Check Details

Version: 2.0
Check: installed package size
Result: NOTE
     installed size is 8.8Mb
     sub-directories of 1Mb or more:
     data 8.7Mb
Flavors: r-devel-linux-x86_64-debian-clang, r-devel-linux-x86_64-debian-gcc, r-devel-linux-x86_64-fedora-clang, r-devel-linux-x86_64-fedora-gcc, r-devel-osx-x86_64-clang, r-devel-windows-ix86+x86_64, r-patched-linux-x86_64, r-patched-solaris-sparc, r-patched-solaris-x86, r-release-linux-ix86, r-release-linux-x86_64, r-release-osx-x86_64-mavericks, r-release-osx-x86_64-snowleopard, r-release-windows-ix86+x86_64, r-oldrel-windows-ix86+x86_64

Version: 2.0
Check: dependencies in R code
Result: NOTE
    Packages in Depends field not imported from:
     ‘nutshell.audioscrobbler’ ‘nutshell.bbdb’
     These packages need to be imported from (in the NAMESPACE file)
     for when this namespace is loaded but not attached.
    See the information on DESCRIPTION files in the chapter ‘Creating R
    packages’ of the ‘Writing R Extensions’ manual.
Flavors: r-devel-linux-x86_64-debian-clang, r-devel-linux-x86_64-debian-gcc, r-devel-linux-x86_64-fedora-clang, r-devel-linux-x86_64-fedora-gcc, r-devel-osx-x86_64-clang, r-devel-windows-ix86+x86_64, r-patched-linux-x86_64, r-patched-solaris-sparc, r-patched-solaris-x86, r-release-linux-ix86, r-release-linux-x86_64, r-release-osx-x86_64-mavericks, r-release-windows-ix86+x86_64, r-oldrel-windows-ix86+x86_64