CRAN Package Check Results for Package nutshell

Last updated on 2014-04-24 05:47:27.

Flavor Version Tinstall Tcheck Ttotal Status Flags
r-devel-linux-x86_64-debian-clang 2.0 1.40 22.48 23.88 NOTE
r-devel-linux-x86_64-debian-gcc 2.0 1.28 22.58 23.86 NOTE
r-devel-linux-x86_64-fedora-clang 2.0 48.30 NOTE
r-devel-linux-x86_64-fedora-gcc 2.0 47.33 NOTE
r-devel-osx-x86_64-clang 2.0 45.64 NOTE
r-devel-osx-x86_64-gcc 2.0 ERROR
r-devel-windows-ix86+x86_64 2.0 3.00 37.00 40.00 NOTE
r-patched-linux-x86_64 2.0 1.25 22.17 23.42 NOTE
r-patched-solaris-sparc 2.0 264.40 NOTE
r-patched-solaris-x86 2.0 67.60 NOTE
r-release-linux-ix86 2.0 3.00 45.00 48.00 NOTE
r-release-linux-x86_64 2.0 1.54 22.43 23.97 NOTE
r-release-osx-x86_64-mavericks 2.0 WARN
r-release-osx-x86_64-snowleopard 2.0 NOTE
r-release-windows-ix86+x86_64 2.0 4.00 35.00 39.00 NOTE
r-oldrel-windows-ix86+x86_64 2.0 4.00 40.00 44.00 NOTE

Check Details

Version: 2.0
Check: installed package size
Result: NOTE
     installed size is 8.8Mb
     sub-directories of 1Mb or more:
     data 8.7Mb
Flavors: r-devel-linux-x86_64-debian-clang, r-devel-linux-x86_64-debian-gcc, r-devel-linux-x86_64-fedora-clang, r-devel-linux-x86_64-fedora-gcc, r-devel-osx-x86_64-clang, r-devel-windows-ix86+x86_64, r-patched-linux-x86_64, r-patched-solaris-sparc, r-patched-solaris-x86, r-release-linux-ix86, r-release-linux-x86_64, r-release-osx-x86_64-mavericks, r-release-osx-x86_64-snowleopard, r-release-windows-ix86+x86_64, r-oldrel-windows-ix86+x86_64

Version: 2.0
Check: dependencies in R code
Result: NOTE
    Packages in Depends field not imported from:
     ‘nutshell.audioscrobbler’ ‘nutshell.bbdb’
     These packages need to be imported from (in the NAMESPACE file)
     for when this namespace is loaded but not attached.
    See the information on DESCRIPTION files in the chapter ‘Creating R
    packages’ of the ‘Writing R Extensions’ manual.
Flavors: r-devel-linux-x86_64-debian-clang, r-devel-linux-x86_64-debian-gcc, r-devel-linux-x86_64-fedora-clang, r-devel-linux-x86_64-fedora-gcc, r-devel-osx-x86_64-clang, r-devel-windows-ix86+x86_64, r-patched-linux-x86_64, r-patched-solaris-sparc, r-patched-solaris-x86, r-release-linux-ix86, r-release-linux-x86_64, r-release-osx-x86_64-mavericks, r-release-windows-ix86+x86_64, r-oldrel-windows-ix86+x86_64

Version: 2.0
Check: package dependencies
Result: ERROR
    Package required but not available: ‘nutshell.audioscrobbler’
    
    Package suggested but not available for checking: ‘arules’
    
    See the information on DESCRIPTION files in the chapter ‘Creating R
    packages’ of the ‘Writing R Extensions’ manual.
Flavor: r-devel-osx-x86_64-gcc

Version: 2.0
Check: PDF version of manual
Result: WARNING
    LaTeX errors when creating PDF version.
    This typically indicates Rd problems.
    LaTeX errors found:
    ! LaTeX Error: File `upquote.sty' not found.
    
    Type X to quit or <RETURN> to proceed,
    or enter new name. (Default extension: sty)
    
    26824520/Rd2.tex:8: ==> Fatal error occurred, no output PDF file produced!
Flavor: r-release-osx-x86_64-mavericks