CRAN Package Check Results for Package nutshell

Last updated on 2015-05-22 03:48:04.

Flavor Version Tinstall Tcheck Ttotal Status Flags
r-devel-linux-x86_64-debian-clang 2.0 1.12 18.91 20.03 NOTE
r-devel-linux-x86_64-debian-gcc 2.0 1.10 18.95 20.05 NOTE
r-devel-linux-x86_64-fedora-clang 2.0 37.76 NOTE
r-devel-linux-x86_64-fedora-gcc 2.0 36.65 NOTE
r-devel-osx-x86_64-clang 2.0 39.40 NOTE
r-devel-windows-ix86+x86_64 2.0 6.00 33.00 39.00 NOTE
r-patched-linux-x86_64 2.0 1.14 19.12 20.26 NOTE
r-patched-solaris-sparc 2.0 257.60 NOTE
r-patched-solaris-x86 2.0 58.60 NOTE
r-release-linux-x86_64 2.0 1.07 18.56 19.64 NOTE
r-release-osx-x86_64-mavericks 2.0 NOTE
r-release-osx-x86_64-snowleopard 2.0 ERROR
r-release-windows-ix86+x86_64 2.0 4.00 35.00 39.00 NOTE
r-oldrel-windows-ix86+x86_64 2.0 5.00 38.00 43.00 NOTE

Check Details

Version: 2.0
Check: installed package size
Result: NOTE
     installed size is 8.8Mb
     sub-directories of 1Mb or more:
     data 8.7Mb
Flavors: r-devel-linux-x86_64-debian-clang, r-devel-linux-x86_64-debian-gcc, r-devel-linux-x86_64-fedora-clang, r-devel-linux-x86_64-fedora-gcc, r-devel-osx-x86_64-clang, r-devel-windows-ix86+x86_64, r-patched-linux-x86_64, r-patched-solaris-sparc, r-patched-solaris-x86, r-release-linux-x86_64, r-release-osx-x86_64-mavericks, r-release-windows-ix86+x86_64, r-oldrel-windows-ix86+x86_64

Version: 2.0
Check: DESCRIPTION meta-information
Result: NOTE
    Malformed Description field: should contain one or more complete sentences.
    Deprecated license: CC BY-NC-ND 3.0 US
Flavors: r-devel-linux-x86_64-debian-clang, r-devel-linux-x86_64-debian-gcc, r-devel-linux-x86_64-fedora-clang, r-devel-linux-x86_64-fedora-gcc, r-devel-osx-x86_64-clang, r-patched-linux-x86_64, r-patched-solaris-sparc, r-patched-solaris-x86, r-release-linux-x86_64, r-release-osx-x86_64-mavericks

Version: 2.0
Check: dependencies in R code
Result: NOTE
    Packages in Depends field not imported from:
     ‘nutshell.audioscrobbler’ ‘nutshell.bbdb’
     These packages need to be imported from (in the NAMESPACE file)
     for when this namespace is loaded but not attached.
Flavors: r-devel-linux-x86_64-debian-clang, r-devel-linux-x86_64-debian-gcc, r-devel-linux-x86_64-fedora-clang, r-devel-linux-x86_64-fedora-gcc, r-devel-osx-x86_64-clang, r-devel-windows-ix86+x86_64, r-patched-linux-x86_64, r-patched-solaris-sparc, r-patched-solaris-x86, r-release-linux-x86_64, r-release-osx-x86_64-mavericks, r-release-windows-ix86+x86_64, r-oldrel-windows-ix86+x86_64

Version: 2.0
Check: DESCRIPTION meta-information
Result: NOTE
    Malformed Description field: should contain one or more complete sentences.
Flavors: r-devel-windows-ix86+x86_64, r-release-windows-ix86+x86_64

Version: 2.0
Check: package dependencies
Result: ERROR
    Package required but not available: ‘nutshell.audioscrobbler’
    
    Package suggested but not available for checking: ‘arules’
    
    See section ‘The DESCRIPTION file’ in the ‘Writing R Extensions’
    manual.
Flavor: r-release-osx-x86_64-snowleopard