CRAN Package Check Results for Package nutshell

Last updated on 2014-09-19 06:46:45.

Flavor Version Tinstall Tcheck Ttotal Status Flags
r-devel-linux-x86_64-debian-clang 2.0 1.30 19.77 21.07 NOTE
r-devel-linux-x86_64-debian-gcc 2.0 1.11 19.34 20.45 NOTE
r-devel-linux-x86_64-fedora-clang 2.0 41.08 NOTE
r-devel-linux-x86_64-fedora-gcc 2.0 40.32 NOTE
r-devel-osx-x86_64-clang 2.0 41.43 NOTE
r-devel-windows-ix86+x86_64 2.0 4.00 32.00 36.00 NOTE
r-patched-linux-x86_64 2.0 1.56 22.41 23.97 NOTE
r-patched-solaris-sparc 2.0 277.00 NOTE
r-patched-solaris-x86 2.0 66.40 NOTE
r-release-linux-ix86 2.0 1.69 32.46 34.16 NOTE
r-release-linux-x86_64 2.0 1.20 22.64 23.84 NOTE
r-release-osx-x86_64-mavericks 2.0 NOTE
r-release-osx-x86_64-snowleopard 2.0 NOTE
r-release-windows-ix86+x86_64 2.0 4.00 40.00 44.00 NOTE
r-oldrel-windows-ix86+x86_64 2.0 4.00 38.00 42.00 NOTE

Check Details

Version: 2.0
Check: installed package size
Result: NOTE
     installed size is 8.8Mb
     sub-directories of 1Mb or more:
     data 8.7Mb
Flavors: r-devel-linux-x86_64-debian-clang, r-devel-linux-x86_64-debian-gcc, r-devel-linux-x86_64-fedora-clang, r-devel-linux-x86_64-fedora-gcc, r-devel-osx-x86_64-clang, r-devel-windows-ix86+x86_64, r-patched-linux-x86_64, r-patched-solaris-sparc, r-patched-solaris-x86, r-release-linux-ix86, r-release-linux-x86_64, r-release-osx-x86_64-mavericks, r-release-osx-x86_64-snowleopard, r-release-windows-ix86+x86_64, r-oldrel-windows-ix86+x86_64

Version: 2.0
Check: DESCRIPTION meta-information
Result: NOTE
    Deprecated license: CC BY-NC-ND 3.0 US
Flavors: r-devel-linux-x86_64-debian-clang, r-devel-linux-x86_64-debian-gcc, r-devel-linux-x86_64-fedora-clang, r-devel-linux-x86_64-fedora-gcc, r-devel-osx-x86_64-clang, r-patched-linux-x86_64, r-patched-solaris-sparc, r-patched-solaris-x86

Version: 2.0
Check: dependencies in R code
Result: NOTE
    Packages in Depends field not imported from:
     ‘nutshell.audioscrobbler’ ‘nutshell.bbdb’
     These packages need to be imported from (in the NAMESPACE file)
     for when this namespace is loaded but not attached.
    See the information on DESCRIPTION files in the chapter ‘Creating R
    packages’ of the ‘Writing R Extensions’ manual.
Flavors: r-devel-linux-x86_64-debian-clang, r-devel-linux-x86_64-debian-gcc, r-devel-linux-x86_64-fedora-clang, r-devel-linux-x86_64-fedora-gcc, r-devel-osx-x86_64-clang, r-devel-windows-ix86+x86_64, r-patched-linux-x86_64, r-patched-solaris-sparc, r-patched-solaris-x86, r-release-linux-ix86, r-release-linux-x86_64, r-release-osx-x86_64-mavericks, r-release-windows-ix86+x86_64, r-oldrel-windows-ix86+x86_64