CRAN Package Check Results for Package paran

Last updated on 2015-08-02 06:48:05.

Flavor Version Tinstall Tcheck Ttotal Status Flags
r-devel-linux-x86_64-debian-clang 1.5.1 0.51 11.86 12.37 NOTE
r-devel-linux-x86_64-debian-gcc 1.5.1 0.52 11.29 11.81 NOTE
r-devel-linux-x86_64-fedora-clang 1.5.1 23.66 NOTE
r-devel-linux-x86_64-fedora-gcc 1.5.1 22.34 NOTE
r-devel-osx-x86_64-clang 1.5.1 22.95 NOTE
r-devel-windows-ix86+x86_64 1.5.1 3.00 23.00 26.00 NOTE
r-patched-linux-x86_64 1.5.1 0.52 11.70 12.23 NOTE
r-patched-solaris-sparc 1.5.1 154.20 NOTE
r-patched-solaris-x86 1.5.1 34.40 NOTE
r-release-linux-x86_64 1.5.1 0.53 12.03 12.56 NOTE
r-release-osx-x86_64-mavericks 1.5.1 NOTE
r-release-windows-ix86+x86_64 1.5.1 3.00 29.00 32.00 NOTE
r-oldrel-windows-ix86+x86_64 1.5.1 4.00 24.00 28.00 NOTE

Check Details

Version: 1.5.1
Check: top-level files
Result: NOTE
    Non-standard file/directory found at top level:
     ‘paran-Ex.R’
Flavors: r-devel-linux-x86_64-debian-clang, r-devel-linux-x86_64-debian-gcc, r-devel-linux-x86_64-fedora-clang, r-devel-linux-x86_64-fedora-gcc, r-patched-linux-x86_64, r-release-linux-x86_64

Version: 1.5.1
Check: dependencies in R code
Result: NOTE
    'library' or 'require' call to ‘MASS’ which was already attached by Depends.
     Please remove these calls from your code.
Flavors: r-devel-linux-x86_64-debian-clang, r-devel-linux-x86_64-debian-gcc, r-devel-linux-x86_64-fedora-clang, r-devel-linux-x86_64-fedora-gcc, r-devel-osx-x86_64-clang, r-devel-windows-ix86+x86_64, r-patched-linux-x86_64, r-patched-solaris-sparc, r-patched-solaris-x86, r-release-linux-x86_64, r-release-osx-x86_64-mavericks, r-release-windows-ix86+x86_64, r-oldrel-windows-ix86+x86_64

Version: 1.5.1
Check: R code for possible problems
Result: NOTE
    paran: no visible global function definition for ‘cor’
    paran: no visible global function definition for ‘rnorm’
    paran: no visible global function definition for ‘quantile’
    paran: no visible global function definition for ‘par’
    paran: no visible global function definition for ‘plot.default’
    paran: no visible global function definition for ‘abline’
    paran: no visible global function definition for ‘points’
    paran: no visible global function definition for ‘dev.copy’
    paran: no visible global function definition for ‘dev.off’
    Undefined global functions or variables:
     abline cor dev.copy dev.off par plot.default points quantile rnorm
    Consider adding
     importFrom("grDevices", "dev.copy", "dev.off")
     importFrom("graphics", "abline", "par", "plot.default", "points")
     importFrom("stats", "cor", "quantile", "rnorm")
    to your NAMESPACE.
Flavors: r-devel-linux-x86_64-debian-clang, r-devel-linux-x86_64-debian-gcc, r-devel-linux-x86_64-fedora-clang, r-devel-linux-x86_64-fedora-gcc, r-devel-windows-ix86+x86_64