CRAN Package Check Results for Package paran

Last updated on 2015-04-21 06:47:33.

Flavor Version Tinstall Tcheck Ttotal Status Flags
r-devel-linux-x86_64-debian-clang 1.5.1 0.54 12.01 12.55 NOTE
r-devel-linux-x86_64-debian-gcc 1.5.1 0.59 11.69 12.28 NOTE
r-devel-linux-x86_64-fedora-clang 1.5.1 24.33 NOTE
r-devel-linux-x86_64-fedora-gcc 1.5.1 22.87 NOTE
r-devel-osx-x86_64-clang 1.5.1 26.34 NOTE
r-devel-windows-ix86+x86_64 1.5.1 3.00 20.00 23.00 NOTE
r-patched-linux-x86_64 1.5.1 0.60 12.28 12.87 NOTE
r-patched-solaris-sparc 1.5.1 161.80 NOTE
r-patched-solaris-x86 1.5.1 31.80 NOTE
r-release-linux-x86_64 1.5.1 0.53 11.71 12.24 NOTE
r-release-osx-x86_64-mavericks 1.5.1 NOTE
r-release-osx-x86_64-snowleopard 1.5.1 NOTE
r-release-windows-ix86+x86_64 1.5.1 1.00 17.00 18.00 NOTE
r-oldrel-windows-ix86+x86_64 1.5.1 2.00 19.00 21.00 NOTE

Check Details

Version: 1.5.1
Check: top-level files
Result: NOTE
    Non-standard file/directory found at top level:
     ‘paran-Ex.R’
Flavors: r-devel-linux-x86_64-debian-clang, r-devel-linux-x86_64-debian-gcc, r-devel-linux-x86_64-fedora-clang, r-devel-linux-x86_64-fedora-gcc, r-patched-linux-x86_64, r-release-linux-x86_64

Version: 1.5.1
Check: dependencies in R code
Result: NOTE
    'library' or 'require' call to ‘MASS’ which was already attached by Depends.
     Please remove these calls from your code.
Flavors: r-devel-linux-x86_64-debian-clang, r-devel-linux-x86_64-debian-gcc, r-devel-linux-x86_64-fedora-clang, r-devel-linux-x86_64-fedora-gcc, r-devel-osx-x86_64-clang, r-devel-windows-ix86+x86_64, r-patched-linux-x86_64, r-patched-solaris-sparc, r-patched-solaris-x86, r-release-linux-x86_64, r-release-osx-x86_64-mavericks, r-release-osx-x86_64-snowleopard, r-release-windows-ix86+x86_64, r-oldrel-windows-ix86+x86_64