CRAN Package Check Results for Package paran

Last updated on 2014-12-21 03:48:21.

Flavor Version Tinstall Tcheck Ttotal Status Flags
r-devel-linux-x86_64-debian-clang 1.5.1 0.58 12.92 13.50 NOTE
r-devel-linux-x86_64-debian-gcc 1.5.1 0.58 13.06 13.64 NOTE
r-devel-linux-x86_64-fedora-clang 1.5.1 27.66 NOTE
r-devel-linux-x86_64-fedora-gcc 1.5.1 24.95 NOTE
r-devel-osx-x86_64-clang 1.5.1 28.15 NOTE
r-devel-windows-ix86+x86_64 1.5.1 3.00 21.00 24.00 NOTE
r-patched-linux-x86_64 1.5.1 0.60 12.89 13.49 NOTE
r-patched-solaris-sparc 1.5.1 154.50 NOTE
r-patched-solaris-x86 1.5.1 37.00 NOTE
r-release-linux-ix86 1.5.1 0.86 18.39 19.25 NOTE
r-release-linux-x86_64 1.5.1 0.60 13.11 13.70 NOTE
r-release-osx-x86_64-mavericks 1.5.1 NOTE
r-release-osx-x86_64-snowleopard 1.5.1 WARN
r-release-windows-ix86+x86_64 1.5.1 3.00 22.00 25.00 NOTE
r-oldrel-windows-ix86+x86_64 1.5.1 3.00 26.00 29.00 NOTE

Check Details

Version: 1.5.1
Check: top-level files
Result: NOTE
    Non-standard file/directory found at top level:
     ‘paran-Ex.R’
Flavors: r-devel-linux-x86_64-debian-clang, r-devel-linux-x86_64-debian-gcc, r-devel-linux-x86_64-fedora-clang, r-devel-linux-x86_64-fedora-gcc, r-patched-linux-x86_64, r-release-linux-x86_64

Version: 1.5.1
Check: dependencies in R code
Result: NOTE
    'library' or 'require' call to ‘MASS’ which was already attached by Depends.
     Please remove these calls from your code.
    See the information on DESCRIPTION files in the chapter ‘Creating R
    packages’ of the ‘Writing R Extensions’ manual.
Flavors: r-devel-linux-x86_64-debian-clang, r-devel-linux-x86_64-debian-gcc, r-devel-linux-x86_64-fedora-clang, r-devel-linux-x86_64-fedora-gcc, r-devel-osx-x86_64-clang, r-devel-windows-ix86+x86_64, r-patched-linux-x86_64, r-patched-solaris-sparc, r-patched-solaris-x86, r-release-linux-ix86, r-release-linux-x86_64, r-release-osx-x86_64-mavericks, r-release-osx-x86_64-snowleopard, r-release-windows-ix86+x86_64, r-oldrel-windows-ix86+x86_64

Version: 1.5.1
Check: examples
Result: WARN
    checking a package with encoding 'latin1' in an ASCII locale
    
     OK
Flavor: r-release-osx-x86_64-snowleopard