CRAN Package Check Results for Package paran

Last updated on 2014-04-20 03:47:32.

Flavor Version Tinstall Tcheck Ttotal Status Flags
r-devel-linux-x86_64-debian-clang 1.5.1 0.56 12.93 13.49 NOTE
r-devel-linux-x86_64-debian-gcc 1.5.1 0.57 12.94 13.52 NOTE
r-devel-linux-x86_64-fedora-clang 1.5.1 26.51 NOTE
r-devel-linux-x86_64-fedora-gcc 1.5.1 25.23 NOTE
r-devel-macosx-x86_64-clang 1.5.1 28.28 NOTE
r-devel-macosx-x86_64-gcc 1.5.1 NOTE
r-devel-windows-ix86+x86_64 1.5.1 2.00 21.00 23.00 NOTE
r-patched-linux-x86_64 1.5.1 0.56 12.96 13.52 NOTE
r-patched-solaris-sparc 1.5.1 149.40 NOTE
r-patched-solaris-x86 1.5.1 36.10 NOTE
r-release-linux-ix86 NOTE
r-release-linux-x86_64 1.5.1 0.58 12.62 13.20 NOTE
r-release-macosx-x86_64 1.5.1 WARN
r-release-windows-ix86+x86_64 1.5.1 3.00 21.00 24.00 NOTE
r-oldrel-windows-ix86+x86_64 1.5.1 3.00 21.00 24.00 NOTE

Check Details

Version: 1.5.1
Check: dependencies in R code
Result: NOTE
    'library' or 'require' call to ‘MASS’ which was already attached by Depends.
     Please remove these calls from your code.
    See the information on DESCRIPTION files in the chapter ‘Creating R
    packages’ of the ‘Writing R Extensions’ manual.
Flavors: r-devel-linux-x86_64-debian-clang, r-devel-linux-x86_64-debian-gcc, r-devel-linux-x86_64-fedora-clang, r-devel-linux-x86_64-fedora-gcc, r-devel-macosx-x86_64-clang, r-devel-macosx-x86_64-gcc, r-devel-windows-ix86+x86_64, r-patched-linux-x86_64, r-patched-solaris-sparc, r-patched-solaris-x86, r-release-linux-ix86, r-release-linux-x86_64, r-release-macosx-x86_64, r-release-windows-ix86+x86_64, r-oldrel-windows-ix86+x86_64

Version: 1.5.1
Check: top-level files
Result: NOTE
    Non-standard file/directory found at top level:
     ‘paran-Ex.R’
Flavors: r-devel-linux-x86_64-fedora-clang, r-devel-linux-x86_64-fedora-gcc

Version: 1.5.1
Check: examples
Result: WARNING
    checking a package with encoding 'latin1' in an ASCII locale
    
     OK
Flavor: r-release-macosx-x86_64