CRAN Package Check Results for Package polspline

Last updated on 2015-01-31 05:48:52.

Flavor Version Tinstall Tcheck Ttotal Status Flags
r-devel-linux-x86_64-debian-clang 1.1.9 11.26 75.68 86.94 NOTE
r-devel-linux-x86_64-debian-gcc 1.1.9 19.08 76.22 95.31 NOTE
r-devel-linux-x86_64-fedora-clang 1.1.9 138.21 NOTE
r-devel-linux-x86_64-fedora-gcc 1.1.9 115.09 NOTE
r-devel-osx-x86_64-clang 1.1.9 102.69 NOTE
r-devel-windows-ix86+x86_64 1.1.9 53.00 101.00 154.00 OK
r-patched-linux-x86_64 1.1.9 19.49 74.54 94.04 OK
r-patched-solaris-sparc 1.1.9 802.60 OK
r-patched-solaris-x86 1.1.9 171.30 OK
r-release-linux-ix86 1.1.9 18.96 76.73 95.68 OK
r-release-linux-x86_64 1.1.9 18.93 74.47 93.40 OK
r-release-osx-x86_64-mavericks 1.1.9 OK
r-release-osx-x86_64-snowleopard 1.1.9 OK
r-release-windows-ix86+x86_64 1.1.9 40.00 101.00 141.00 OK
r-oldrel-windows-ix86+x86_64 1.1.9 39.00 134.00 173.00 OK

Memtest notes: valgrind

Check Details

Version: 1.1.9
Check: S3 generic/method consistency
Result: NOTE
    Found the following apparent S3 methods exported but not registered:
     print.hare print.heft print.logspline print.lspec print.oldlogspline
     print.polyclass print.polymars summary.hare summary.heft
     summary.logspline summary.lspec summary.oldlogspline
     summary.polyclass summary.polymars persp.polymars plot.hare plot.heft
     plot.logspline plot.lspec plot.oldlogspline plot.polyclass
     plot.polymars predict.polymars
    See section ‘Registering S3 methods’ in the ‘Writing R Extensions’
    manual.
Flavors: r-devel-linux-x86_64-debian-clang, r-devel-linux-x86_64-debian-gcc, r-devel-linux-x86_64-fedora-clang, r-devel-linux-x86_64-fedora-gcc, r-devel-osx-x86_64-clang