CRAN Package Check Results for Package qtlDesign

Last updated on 2014-07-22 05:48:22.

Flavor Version Tinstall Tcheck Ttotal Status Flags
r-devel-linux-x86_64-debian-clang 0.941 0.64 11.09 11.74 NOTE
r-devel-linux-x86_64-debian-gcc 0.941 0.63 10.38 11.01 NOTE
r-devel-linux-x86_64-fedora-clang 0.941 22.71 NOTE
r-devel-linux-x86_64-fedora-gcc 0.941 21.16 NOTE
r-devel-osx-x86_64-clang 0.941 24.69 NOTE
r-devel-windows-ix86+x86_64 0.941 3.00 16.00 19.00 NOTE
r-patched-linux-x86_64 0.941 0.64 10.60 11.25 NOTE
r-patched-solaris-sparc 0.941 133.70 NOTE
r-patched-solaris-x86 0.941 30.60 NOTE
r-release-linux-ix86 0.941 0.94 16.54 17.48 NOTE
r-release-linux-x86_64 0.941 0.64 11.04 11.68 NOTE
r-release-osx-x86_64-mavericks 0.941 NOTE
r-release-windows-ix86+x86_64 0.941 3.00 23.00 26.00 NOTE
r-oldrel-windows-ix86+x86_64 0.941 3.00 27.00 30.00 NOTE

Check Details

Version: 0.941
Check: R code for possible problems
Result: NOTE
    tailprob: warning in pchisq(t, df, low = FALSE): partial argument match
     of 'low' to 'lower.tail'
Flavors: r-devel-linux-x86_64-debian-clang, r-devel-linux-x86_64-debian-gcc, r-devel-linux-x86_64-fedora-clang, r-devel-linux-x86_64-fedora-gcc, r-devel-osx-x86_64-clang, r-devel-windows-ix86+x86_64, r-patched-linux-x86_64, r-patched-solaris-sparc, r-patched-solaris-x86, r-release-linux-ix86, r-release-linux-x86_64, r-release-osx-x86_64-mavericks, r-release-windows-ix86+x86_64, r-oldrel-windows-ix86+x86_64