CRAN Package Check Results for Package qtlDesign

Last updated on 2014-04-24 05:47:29.

Flavor Version Tinstall Tcheck Ttotal Status Flags
r-devel-linux-x86_64-debian-clang 0.941 0.70 11.53 12.23 NOTE
r-devel-linux-x86_64-debian-gcc 0.941 0.68 10.72 11.40 NOTE
r-devel-linux-x86_64-fedora-clang 0.941 22.04 NOTE
r-devel-linux-x86_64-fedora-gcc 0.941 21.57 NOTE
r-devel-osx-x86_64-clang 0.941 25.12 NOTE
r-devel-osx-x86_64-gcc 0.941 NOTE
r-devel-windows-ix86+x86_64 0.941 2.00 16.00 18.00 NOTE
r-patched-linux-x86_64 0.941 0.67 10.85 11.52 NOTE
r-patched-solaris-sparc 0.941 133.70 NOTE
r-patched-solaris-x86 0.941 31.50 NOTE
r-release-linux-ix86 0.941 2.00 23.00 25.00 NOTE
r-release-linux-x86_64 0.941 0.68 11.02 11.70 NOTE
r-release-osx-x86_64-mavericks 0.941 NOTE
r-release-windows-ix86+x86_64 0.941 4.00 23.00 27.00 NOTE
r-oldrel-windows-ix86+x86_64 0.941 3.00 27.00 30.00 NOTE

Check Details

Version: 0.941
Check: R code for possible problems
Result: NOTE
    tailprob: warning in pchisq(t, df, low = FALSE): partial argument match
     of 'low' to 'lower.tail'
Flavors: r-devel-linux-x86_64-debian-clang, r-devel-linux-x86_64-debian-gcc, r-devel-linux-x86_64-fedora-clang, r-devel-linux-x86_64-fedora-gcc, r-devel-osx-x86_64-clang, r-devel-osx-x86_64-gcc, r-devel-windows-ix86+x86_64, r-patched-linux-x86_64, r-patched-solaris-sparc, r-patched-solaris-x86, r-release-linux-ix86, r-release-linux-x86_64, r-release-osx-x86_64-mavericks, r-release-windows-ix86+x86_64, r-oldrel-windows-ix86+x86_64