CRAN Package Check Results for Package qtlDesign

Last updated on 2015-03-02 05:47:49.

Flavor Version Tinstall Tcheck Ttotal Status Flags
r-devel-linux-x86_64-debian-clang 0.941 0.62 10.96 11.58 NOTE
r-devel-linux-x86_64-debian-gcc 0.941 0.61 10.12 10.73 NOTE
r-devel-linux-x86_64-fedora-clang 0.941 21.11 NOTE
r-devel-linux-x86_64-fedora-gcc 0.941 19.06 NOTE
r-devel-osx-x86_64-clang 0.941 24.15 NOTE
r-devel-windows-ix86+x86_64 0.941 3.00 17.00 20.00 NOTE
r-patched-linux-x86_64 0.941 0.66 11.76 12.42 NOTE
r-patched-solaris-sparc 0.941 157.90 NOTE
r-patched-solaris-x86 0.941 33.20 NOTE
r-release-linux-ix86 0.941 0.95 17.15 18.10 NOTE
r-release-linux-x86_64 0.941 0.65 11.13 11.78 NOTE
r-release-osx-x86_64-mavericks 0.941 NOTE
r-release-windows-ix86+x86_64 0.941 2.00 19.00 21.00 NOTE
r-oldrel-windows-ix86+x86_64 0.941 3.00 27.00 30.00 NOTE

Check Details

Version: 0.941
Check: DESCRIPTION meta-information
Result: NOTE
    Malformed Description field: should contain one or more complete sentences.
Flavors: r-devel-linux-x86_64-debian-clang, r-devel-linux-x86_64-debian-gcc, r-devel-linux-x86_64-fedora-clang, r-devel-linux-x86_64-fedora-gcc, r-devel-osx-x86_64-clang, r-devel-windows-ix86+x86_64

Version: 0.941
Check: R code for possible problems
Result: NOTE
    tailprob: warning in pchisq(t, df, low = FALSE): partial argument match
     of ‘low’ to ‘lower.tail’
Flavors: r-devel-linux-x86_64-debian-clang, r-devel-linux-x86_64-debian-gcc, r-devel-linux-x86_64-fedora-clang, r-devel-linux-x86_64-fedora-gcc, r-devel-osx-x86_64-clang, r-devel-windows-ix86+x86_64, r-patched-linux-x86_64, r-patched-solaris-sparc, r-patched-solaris-x86, r-release-linux-ix86, r-release-linux-x86_64, r-release-osx-x86_64-mavericks, r-release-windows-ix86+x86_64, r-oldrel-windows-ix86+x86_64