CRAN Package Check Results for Package qtlDesign

Last updated on 2015-06-30 07:48:09.

Flavor Version Tinstall Tcheck Ttotal Status Flags
r-devel-linux-x86_64-debian-clang 0.941 0.74 10.18 10.92 NOTE
r-devel-linux-x86_64-debian-gcc 0.941 0.76 10.17 10.93 NOTE
r-devel-linux-x86_64-fedora-clang 0.941 20.69 NOTE
r-devel-linux-x86_64-fedora-gcc 0.941 18.66 NOTE
r-devel-osx-x86_64-clang 0.941 21.28 NOTE
r-devel-windows-ix86+x86_64 0.941 3.00 20.00 23.00 NOTE
r-patched-linux-x86_64 0.941 0.65 10.41 11.06 NOTE
r-patched-solaris-sparc 0.941 128.30 NOTE
r-patched-solaris-x86 0.941 29.20 NOTE
r-release-linux-x86_64 0.941 0.71 10.92 11.62 NOTE
r-release-osx-x86_64-mavericks 0.941 NOTE
r-release-windows-ix86+x86_64 0.941 2.00 20.00 22.00 NOTE
r-oldrel-windows-ix86+x86_64 0.941 4.00 18.00 22.00 NOTE

Check Details

Version: 0.941
Check: DESCRIPTION meta-information
Result: NOTE
    Malformed Description field: should contain one or more complete sentences.
Flavors: r-devel-linux-x86_64-debian-clang, r-devel-linux-x86_64-debian-gcc, r-devel-linux-x86_64-fedora-clang, r-devel-linux-x86_64-fedora-gcc, r-devel-osx-x86_64-clang, r-devel-windows-ix86+x86_64, r-patched-linux-x86_64, r-patched-solaris-sparc, r-patched-solaris-x86, r-release-linux-x86_64, r-release-osx-x86_64-mavericks, r-release-windows-ix86+x86_64

Version: 0.941
Check: R code for possible problems
Result: NOTE
    ci.length: no visible global function definition for ‘qexp’
    detectable.bc: no visible global function definition for ‘uniroot’
    detectable.f2: no visible global function definition for ‘uniroot’
    detectable.ri: no visible global function definition for ‘uniroot’
    nu: no visible global function definition for ‘pnorm’
    nullinfo: no visible global function definition for ‘qnorm’
    nullinfo: no visible global function definition for ‘dnorm’
    optselection.bc: no visible global function definition for ‘optimize’
    optselection.f2: no visible global function definition for ‘optimize’
    optspacing.bc: no visible global function definition for ‘optim’
    optspacing.bc: no visible global function definition for ‘optimize’
    optspacing.f2: no visible global function definition for ‘optim’
    optspacing.f2: no visible global function definition for ‘optimize’
    powercalc.bc: no visible global function definition for ‘pchisq’
    powercalc.f2: no visible global function definition for ‘pchisq’
    samplesize.bc: no visible global function definition for ‘uniroot’
    samplesize.f2: no visible global function definition for ‘uniroot’
    samplesize.ri: no visible global function definition for ‘uniroot’
    tailprob: no visible global function definition for ‘pchisq’
    thresh: no visible global function definition for ‘uniroot’
Flavors: r-devel-linux-x86_64-debian-clang, r-devel-linux-x86_64-debian-gcc

Version: 0.941
Check: R code for possible problems
Result: NOTE
    tailprob: warning in pchisq(t, df, low = FALSE): partial argument match
     of 'low' to 'lower.tail'
Flavors: r-devel-linux-x86_64-fedora-clang, r-devel-linux-x86_64-fedora-gcc, r-devel-osx-x86_64-clang, r-devel-windows-ix86+x86_64, r-patched-linux-x86_64, r-patched-solaris-sparc, r-patched-solaris-x86, r-release-linux-x86_64, r-release-osx-x86_64-mavericks, r-release-windows-ix86+x86_64, r-oldrel-windows-ix86+x86_64