CRAN Package Check Results for Package rsm

Last updated on 2014-04-23 07:55:08.

Flavor Version Tinstall Tcheck Ttotal Status Flags
r-devel-linux-x86_64-debian-clang 2.06 0.94 23.50 24.44 OK
r-devel-linux-x86_64-debian-gcc 2.06 0.94 23.88 24.82 OK
r-devel-linux-x86_64-fedora-clang 2.06 57.96 OK
r-devel-linux-x86_64-fedora-gcc 2.06 55.88 OK
r-devel-osx-x86_64-clang 2.06 44.27 OK
r-devel-osx-x86_64-gcc 2.05 NOTE
r-devel-windows-ix86+x86_64 2.06 3.00 41.00 44.00 OK
r-patched-linux-x86_64 2.06 0.85 23.16 24.01 OK
r-patched-solaris-sparc 2.06 271.60 OK
r-patched-solaris-x86 2.06 67.40 OK
r-release-linux-ix86 2.06 1.00 46.00 47.00 OK
r-release-linux-x86_64 2.06 0.85 23.48 24.32 OK
r-release-osx-x86_64-mavericks 2.05 OK
r-release-osx-x86_64-snowleopard 2.05 OK
r-release-windows-ix86+x86_64 2.06 3.00 43.00 46.00 OK
r-oldrel-windows-ix86+x86_64 2.06 3.00 52.00 55.00 OK

Check Details

Version: 2.05
Check: package dependencies
Result: NOTE
    Package suggested but not available for checking: ‘FrF2’
Flavor: r-devel-osx-x86_64-gcc