CRAN Package Check Results for Package rsm

Last updated on 2015-07-05 06:46:49.

Flavor Version Tinstall Tcheck Ttotal Status Flags
r-devel-linux-x86_64-debian-clang 2.7-2 0.76 24.31 25.06 NOTE
r-devel-linux-x86_64-debian-gcc 2.7-2 0.74 23.97 24.71 NOTE
r-devel-linux-x86_64-fedora-clang 2.7-2 48.68 NOTE
r-devel-linux-x86_64-fedora-gcc 2.7-2 47.10 NOTE
r-devel-osx-x86_64-clang 2.7-2 43.25 OK
r-devel-windows-ix86+x86_64 2.7-2 4.00 45.00 49.00 NOTE
r-patched-linux-x86_64 2.7-2 1.06 24.42 25.49 OK
r-patched-solaris-sparc 2.7-2 284.60 OK
r-patched-solaris-x86 2.7-2 60.90 OK
r-release-linux-x86_64 2.7-2 0.81 25.15 25.96 OK
r-release-osx-x86_64-mavericks 2.7-2 OK
r-release-windows-ix86+x86_64 2.7-2 4.00 46.00 50.00 OK
r-oldrel-windows-ix86+x86_64 2.7-2 5.00 71.00 76.00 OK

Check Details

Version: 2.7-2
Check: R code for possible problems
Result: NOTE
    .ccd.1.41: no visible global function definition for ‘rnorm’
    .ccd.1.41: no visible global function definition for ‘lm’
    .ccd.1.41: no visible global function definition for ‘formula’
    .ccd.1.41: no visible global function definition for ‘coef’
    .ccd.1.41: no visible global function definition for ‘runif’
    .ccd.1.41 : <anonymous>: no visible global function definition for
     ‘as.formula’
    .gen.des.old.way: no visible global function definition for ‘runif’
    .rot.moments: no visible global function definition for ‘sd’
    TWI: no visible global function definition for ‘as.formula’
    TWI: no visible global function definition for ‘terms’
    TWI: no visible global function definition for ‘model.matrix’
    as.coded.data : <anonymous>: no visible global function definition for
     ‘as.formula’
    bbd : <anonymous>: no visible global function definition for
     ‘as.formula’
    canonical.path: no visible global function definition for ‘predict’
    coded.data: no visible global function definition for ‘as.formula’
    contour.lm: no visible global function definition for ‘terrain.colors’
    contour.lm: no visible global function definition for ‘formula’
    contour.lm: no visible global function definition for ‘predict’
    cube : <anonymous>: no visible global function definition for
     ‘as.formula’
    loftest: no visible binding for global variable ‘lm’
    loftest: no visible global function definition for ‘formula’
    loftest: no visible global function definition for ‘anova’
    model.data: no visible global function definition for ‘formula’
    model.data: no visible global function definition for ‘as.formula’
    model.data: no visible global function definition for ‘model.frame’
    persp.lm : draw.cont.line: no visible global function definition for
     ‘trans3d’
    persp.lm: no visible global function definition for ‘rainbow’
    persp.lm: no visible global function definition for ‘contourLines’
    print.summary.rsm: no visible global function definition for
     ‘printCoefmat’
    print.summary.rsm: no visible global function definition for ‘pf’
    steepest : find.pt: no visible global function definition for ‘uniroot’
    steepest: no visible global function definition for ‘predict’
    summary.rsm: no visible global function definition for ‘anova’
    truenames<-.coded.data: no visible global function definition for
     ‘as.formula’
    varfcn: no visible global function definition for ‘delete.response’
    varfcn: no visible global function definition for ‘terms’
    varfcn: no visible global function definition for ‘model.frame’
    varfcn: no visible global function definition for ‘model.matrix’
    varfcn: no visible global function definition for ‘as.formula’
    Undefined global functions or variables:
     anova as.formula coef contourLines delete.response formula lm
     model.frame model.matrix pf predict printCoefmat rainbow rnorm runif
     sd terms terrain.colors trans3d uniroot
Flavors: r-devel-linux-x86_64-debian-clang, r-devel-linux-x86_64-debian-gcc, r-devel-linux-x86_64-fedora-clang, r-devel-linux-x86_64-fedora-gcc, r-devel-windows-ix86+x86_64