CRAN Package Check Results for Package scrapeR

Last updated on 2015-07-05 06:46:50.

Flavor Version Tinstall Tcheck Ttotal Status Flags
r-devel-linux-x86_64-debian-clang 0.1.6 1.10 14.13 15.23 NOTE
r-devel-linux-x86_64-debian-gcc 0.1.6 1.09 13.81 14.90 NOTE
r-devel-linux-x86_64-fedora-clang 0.1.6 30.48 NOTE
r-devel-linux-x86_64-fedora-gcc 0.1.6 28.03 NOTE
r-devel-osx-x86_64-clang 0.1.6 25.61 NOTE
r-devel-windows-ix86+x86_64 0.1.6 4.00 24.00 28.00 NOTE
r-patched-linux-x86_64 0.1.6 1.08 14.21 15.28 NOTE
r-patched-solaris-sparc 0.1.6 203.50 NOTE
r-patched-solaris-x86 0.1.6 44.00 NOTE
r-release-linux-x86_64 0.1.6 1.10 14.08 15.18 NOTE
r-release-osx-x86_64-mavericks 0.1.6 NOTE
r-release-windows-ix86+x86_64 0.1.6 4.00 27.00 31.00 NOTE
r-oldrel-windows-ix86+x86_64 0.1.6 6.00 29.00 35.00 NOTE

Check Details

Version: 0.1.6
Check: DESCRIPTION meta-information
Result: NOTE
    Malformed Description field: should contain one or more complete sentences.
Flavors: r-devel-linux-x86_64-debian-clang, r-devel-linux-x86_64-debian-gcc, r-devel-linux-x86_64-fedora-clang, r-devel-linux-x86_64-fedora-gcc, r-devel-osx-x86_64-clang, r-devel-windows-ix86+x86_64, r-patched-linux-x86_64, r-patched-solaris-sparc, r-patched-solaris-x86, r-release-linux-x86_64, r-release-osx-x86_64-mavericks, r-release-windows-ix86+x86_64

Version: 0.1.6
Check: dependencies in R code
Result: NOTE
    'library' or 'require' calls to packages already attached by Depends:
     ‘RCurl’ ‘XML’
     Please remove these calls from your code.
    Packages in Depends field not imported from:
     ‘RCurl’ ‘XML’
     These packages need to be imported from (in the NAMESPACE file)
     for when this namespace is loaded but not attached.
Flavors: r-devel-linux-x86_64-debian-clang, r-devel-linux-x86_64-debian-gcc, r-devel-linux-x86_64-fedora-clang, r-devel-linux-x86_64-fedora-gcc, r-devel-osx-x86_64-clang, r-devel-windows-ix86+x86_64, r-patched-linux-x86_64, r-patched-solaris-sparc, r-patched-solaris-x86, r-release-linux-x86_64, r-release-osx-x86_64-mavericks, r-release-windows-ix86+x86_64, r-oldrel-windows-ix86+x86_64

Version: 0.1.6
Check: R code for possible problems
Result: NOTE
    scrape: no visible global function definition for ‘getURLAsynchronous’
    scrape: no visible global function definition for ‘runif’
    scrape: no visible global function definition for ‘capture.output’
    scrape: no visible binding for global variable ‘xmlParse’
    scrape: no visible binding for global variable ‘htmlParse’
    Undefined global functions or variables:
     capture.output getURLAsynchronous htmlParse runif xmlParse
Flavors: r-devel-linux-x86_64-debian-clang, r-devel-linux-x86_64-debian-gcc, r-devel-linux-x86_64-fedora-clang, r-devel-linux-x86_64-fedora-gcc, r-devel-windows-ix86+x86_64

Version: 0.1.6
Check: R code for possible problems
Result: NOTE
    scrape: no visible global function definition for ‘getURLAsynchronous’
    scrape: no visible binding for global variable ‘xmlParse’
    scrape: no visible binding for global variable ‘htmlParse’
    Undefined global functions or variables:
     getURLAsynchronous htmlParse xmlParse
Flavor: r-devel-osx-x86_64-clang

Version: 0.1.6
Check: R code for possible problems
Result: NOTE
    scrape: no visible global function definition for ‘getURLAsynchronous’
    scrape: no visible binding for global variable ‘xmlParse’
    scrape: no visible binding for global variable ‘htmlParse’
Flavors: r-patched-linux-x86_64, r-patched-solaris-sparc, r-patched-solaris-x86, r-release-linux-x86_64, r-release-osx-x86_64-mavericks, r-release-windows-ix86+x86_64, r-oldrel-windows-ix86+x86_64