CRAN Package Check Results for Package scrapeR

Last updated on 2014-04-24 05:47:32.

Flavor Version Tinstall Tcheck Ttotal Status Flags
r-devel-linux-x86_64-debian-clang 0.1.6 1.45 18.95 20.40 NOTE
r-devel-linux-x86_64-debian-gcc 0.1.6 1.45 18.58 20.03 NOTE
r-devel-linux-x86_64-fedora-clang 0.1.6 41.54 NOTE
r-devel-linux-x86_64-fedora-gcc 0.1.6 39.37 NOTE
r-devel-osx-x86_64-clang 0.1.6 40.77 NOTE
r-devel-osx-x86_64-gcc 0.1.6 ERROR
r-devel-windows-ix86+x86_64 0.1.6 4.00 30.00 34.00 NOTE
r-patched-linux-x86_64 0.1.6 1.41 18.62 20.03 NOTE
r-patched-solaris-sparc 0.1.6 230.60 NOTE
r-patched-solaris-x86 0.1.6 56.20 NOTE
r-release-linux-ix86 0.1.6 2.00 34.00 36.00 NOTE
r-release-linux-x86_64 0.1.6 1.54 18.80 20.34 NOTE
r-release-osx-x86_64-mavericks 0.1.6 WARN
r-release-osx-x86_64-snowleopard 0.1.6 NOTE
r-release-windows-ix86+x86_64 0.1.6 8.00 41.00 49.00 NOTE
r-oldrel-windows-ix86+x86_64 0.1.6 5.00 31.00 36.00 NOTE

Check Details

Version: 0.1.6
Check: dependencies in R code
Result: NOTE
    'library' or 'require' calls to packages already attached by Depends:
     ‘RCurl’ ‘XML’
     Please remove these calls from your code.
    Packages in Depends field not imported from:
     ‘RCurl’ ‘XML’
     These packages need to be imported from (in the NAMESPACE file)
     for when this namespace is loaded but not attached.
    See the information on DESCRIPTION files in the chapter ‘Creating R
    packages’ of the ‘Writing R Extensions’ manual.
Flavors: r-devel-linux-x86_64-debian-clang, r-devel-linux-x86_64-debian-gcc, r-devel-linux-x86_64-fedora-clang, r-devel-linux-x86_64-fedora-gcc, r-devel-osx-x86_64-clang, r-devel-windows-ix86+x86_64, r-patched-linux-x86_64, r-patched-solaris-sparc, r-patched-solaris-x86, r-release-linux-ix86, r-release-linux-x86_64, r-release-osx-x86_64-mavericks, r-release-windows-ix86+x86_64, r-oldrel-windows-ix86+x86_64

Version: 0.1.6
Check: package dependencies
Result: ERROR
    Package required but not available: ‘XML’
    
    See the information on DESCRIPTION files in the chapter ‘Creating R
    packages’ of the ‘Writing R Extensions’ manual.
Flavor: r-devel-osx-x86_64-gcc

Version: 0.1.6
Check: PDF version of manual
Result: WARNING
    LaTeX errors when creating PDF version.
    This typically indicates Rd problems.
    LaTeX errors found:
    ! LaTeX Error: File `upquote.sty' not found.
    
    Type X to quit or <RETURN> to proceed,
    or enter new name. (Default extension: sty)
    
    4c49f17/Rd2.tex:8: ==> Fatal error occurred, no output PDF file produced!
Flavor: r-release-osx-x86_64-mavericks

Version: 0.1.6
Check: dependencies in R code
Result: NOTE
    'library' or 'require' calls to packages already attached by Depends:
     'RCurl' 'XML'
     Please remove these calls from your code.
    See the information on DESCRIPTION files in the chapter 'Creating R
    packages' of the 'Writing R Extensions' manual.
Flavor: r-release-osx-x86_64-snowleopard