CRAN Package Check Results for Package scrapeR

Last updated on 2014-07-23 05:49:12.

Flavor Version Tinstall Tcheck Ttotal Status Flags
r-devel-linux-x86_64-debian-clang 0.1.6 1.42 17.68 19.10 NOTE
r-devel-linux-x86_64-debian-gcc 0.1.6 1.37 17.39 18.76 NOTE
r-devel-linux-x86_64-fedora-clang 0.1.6 41.62 NOTE
r-devel-linux-x86_64-fedora-gcc 0.1.6 40.38 NOTE
r-devel-osx-x86_64-clang 0.1.6 39.53 NOTE
r-devel-windows-ix86+x86_64 0.1.6 4.00 31.00 35.00 NOTE
r-patched-linux-x86_64 0.1.6 1.32 17.95 19.28 NOTE
r-patched-solaris-sparc 0.1.6 230.60 NOTE
r-patched-solaris-x86 0.1.6 53.60 NOTE
r-release-linux-ix86 0.1.6 1.77 24.46 26.24 NOTE
r-release-linux-x86_64 0.1.6 1.38 18.07 19.45 NOTE
r-release-osx-x86_64-mavericks 0.1.6 NOTE
r-release-osx-x86_64-snowleopard 0.1.6 NOTE
r-release-windows-ix86+x86_64 0.1.6 7.00 38.00 45.00 NOTE
r-oldrel-windows-ix86+x86_64 0.1.6 5.00 31.00 36.00 NOTE

Check Details

Version: 0.1.6
Check: dependencies in R code
Result: NOTE
    'library' or 'require' calls to packages already attached by Depends:
     ‘RCurl’ ‘XML’
     Please remove these calls from your code.
    Packages in Depends field not imported from:
     ‘RCurl’ ‘XML’
     These packages need to be imported from (in the NAMESPACE file)
     for when this namespace is loaded but not attached.
    See the information on DESCRIPTION files in the chapter ‘Creating R
    packages’ of the ‘Writing R Extensions’ manual.
Flavors: r-devel-linux-x86_64-debian-clang, r-devel-linux-x86_64-debian-gcc, r-devel-linux-x86_64-fedora-clang, r-devel-linux-x86_64-fedora-gcc, r-devel-osx-x86_64-clang, r-devel-windows-ix86+x86_64, r-patched-linux-x86_64, r-patched-solaris-sparc, r-patched-solaris-x86, r-release-linux-ix86, r-release-linux-x86_64, r-release-osx-x86_64-mavericks, r-release-windows-ix86+x86_64, r-oldrel-windows-ix86+x86_64

Version: 0.1.6
Check: dependencies in R code
Result: NOTE
    'library' or 'require' calls to packages already attached by Depends:
     'RCurl' 'XML'
     Please remove these calls from your code.
    See the information on DESCRIPTION files in the chapter 'Creating R
    packages' of the 'Writing R Extensions' manual.
Flavor: r-release-osx-x86_64-snowleopard