CRAN Package Check Results for Package scrime

Last updated on 2014-04-23 07:55:08.

Flavor Version Tinstall Tcheck Ttotal Status Flags
r-devel-linux-x86_64-debian-clang 1.3.3 1.10 24.82 25.92 OK
r-devel-linux-x86_64-debian-gcc 1.3.3 1.11 24.50 25.61 OK
r-devel-linux-x86_64-fedora-clang 1.3.3 51.75 OK
r-devel-linux-x86_64-fedora-gcc 1.3.3 48.48 OK
r-devel-osx-x86_64-clang 1.3.3 45.31 OK
r-devel-osx-x86_64-gcc 1.3.3 NOTE
r-devel-windows-ix86+x86_64 1.3.3 3.00 35.00 38.00 OK
r-patched-linux-x86_64 1.3.3 1.10 24.04 25.14 OK
r-patched-solaris-sparc 1.3.3 278.20 OK
r-patched-solaris-x86 1.3.3 61.80 OK
r-release-linux-ix86 1.3.3 2.00 36.00 38.00 NOTE
r-release-linux-x86_64 1.3.3 1.11 25.43 26.54 OK
r-release-osx-x86_64-mavericks 1.3.3 WARN
r-release-windows-ix86+x86_64 1.3.3 4.00 36.00 40.00 OK
r-oldrel-windows-ix86+x86_64 1.3.3 4.00 34.00 38.00 OK

Check Details

Version: 1.3.3
Check: package dependencies
Result: NOTE
    Package suggested but not available for checking: ‘oligoClasses’
Flavors: r-devel-osx-x86_64-gcc, r-release-linux-ix86, r-release-osx-x86_64-mavericks

Version: 1.3.3
Check: R code for possible problems
Result: NOTE
    buildSNPannotation: no visible global function definition for ‘db’
Flavors: r-devel-osx-x86_64-gcc, r-release-linux-ix86, r-release-osx-x86_64-mavericks

Version: 1.3.3
Check: PDF version of manual
Result: WARNING
    LaTeX errors when creating PDF version.
    This typically indicates Rd problems.
    LaTeX errors found:
    ! LaTeX Error: File `upquote.sty' not found.
    
    Type X to quit or <RETURN> to proceed,
    or enter new name. (Default extension: sty)
    
    7d98818/Rd2.tex:8: ==> Fatal error occurred, no output PDF file produced!
Flavor: r-release-osx-x86_64-mavericks