CRAN Package Check Results for Package slam

Last updated on 2015-05-24 03:48:14.

Flavor Version Tinstall Tcheck Ttotal Status Flags
r-devel-linux-x86_64-debian-clang 0.1-32 1.62 18.97 20.59 OK
r-devel-linux-x86_64-debian-gcc 0.1-32 1.66 18.67 20.33 OK
r-devel-linux-x86_64-fedora-clang 0.1-32 39.02 OK
r-devel-linux-x86_64-fedora-gcc 0.1-32 39.24 OK
r-devel-osx-x86_64-clang 0.1-32 41.05 OK
r-devel-windows-ix86+x86_64 0.1-32 10.00 45.00 55.00 OK
r-patched-linux-x86_64 0.1-32 2.24 18.48 20.72 OK
r-patched-solaris-sparc 0.1-32 246.00 OK
r-patched-solaris-x86 0.1-32 55.80 OK
r-release-linux-x86_64 0.1-32 2.67 18.96 21.62 OK
r-release-osx-x86_64-mavericks 0.1-32 OK
r-release-osx-x86_64-snowleopard 0.1-32 NOTE
r-release-windows-ix86+x86_64 0.1-32 7.00 47.00 54.00 OK
r-oldrel-windows-ix86+x86_64 0.1-32 15.00 46.00 61.00 OK

Check Details

Version: 0.1-32
Check: package dependencies
Result: NOTE
    Package which this enhances but not available for checking: ‘spam’
Flavor: r-release-osx-x86_64-snowleopard