CRAN Package Check Results for Package sp

Last updated on 2014-04-23 07:55:09.

Flavor Version Tinstall Tcheck Ttotal Status Flags
r-devel-linux-x86_64-debian-clang 1.0-15 4.15 75.12 79.27 OK
r-devel-linux-x86_64-debian-gcc 1.0-15 3.97 74.75 78.72 OK
r-devel-linux-x86_64-fedora-clang 1.0-15 173.30 OK
r-devel-linux-x86_64-fedora-gcc 1.0-15 168.18 OK
r-devel-osx-x86_64-clang 1.0-15 133.01 OK
r-devel-osx-x86_64-gcc 1.0-15 WARN
r-devel-windows-ix86+x86_64 1.0-15 17.00 128.00 145.00 OK
r-patched-linux-x86_64 1.0-15 3.99 75.18 79.17 OK
r-patched-solaris-sparc 1.0-15 871.60 OK
r-patched-solaris-x86 1.0-15 210.40 OK
r-release-linux-ix86 1.0-15 6.00 124.00 130.00 OK
r-release-linux-x86_64 1.0-15 5.90 74.92 80.82 OK
r-release-osx-x86_64-mavericks 1.0-15 WARN
r-release-osx-x86_64-snowleopard 1.0-15 OK
r-release-windows-ix86+x86_64 1.0-15 16.00 136.00 152.00 OK
r-oldrel-windows-ix86+x86_64 1.0-15 16.00 140.00 156.00 OK

Check Details

Version: 1.0-15
Check: package dependencies
Result: NOTE
    Packages suggested but not available for checking: ‘rgeos’ ‘gstat’
Flavor: r-devel-osx-x86_64-gcc

Version: 1.0-15
Check: R code for possible problems
Result: NOTE
    explodePolygons: no visible global function definition for
     ‘createPolygonsComment’
Flavor: r-devel-osx-x86_64-gcc

Version: 1.0-15
Check: Rd cross-references
Result: NOTE
    Packages unavailable to check Rd xrefs: ‘rgeos’, ‘fields’, ‘maptools’
Flavor: r-devel-osx-x86_64-gcc

Version: 1.0-15
Check: running R code from vignettes
Result: WARNING
    Errors in running code in vignettes:
    when running code in ‘csdacm.Rnw’
     ...
    
    > .iheight <- 6
    
    > .ipointsize <- 12
    
    > library(gstat)
    
     When sourcing ‘csdacm.R’:
    Error: there is no package called ‘gstat’
    Execution halted
    when running code in ‘over.Rnw’
     ...
    
    > lines(L, col = "green")
    
    > text(c(0.52, 1.52), c(1.5, 1.5), c("L1", "L2"))
    
    > library(rgeos)
    
     When sourcing ‘over.R’:
    Error: there is no package called ‘rgeos’
    Execution halted
Flavors: r-devel-osx-x86_64-gcc, r-release-osx-x86_64-mavericks

Version: 1.0-15
Check: re-building of vignette outputs
Result: NOTE
    Error in re-building vignettes:
     ...
    
    Error: processing vignette 'csdacm.Rnw' failed with diagnostics:
     chunk 70
    Error in library(gstat) : there is no package called ‘gstat’
    Execution halted
Flavors: r-devel-osx-x86_64-gcc, r-release-osx-x86_64-mavericks

Version: 1.0-15
Check: package dependencies
Result: NOTE
    Packages suggested but not available for checking: ‘rgdal’ ‘rgeos’ ‘gstat’
Flavor: r-release-osx-x86_64-mavericks

Version: 1.0-15
Check: R code for possible problems
Result: NOTE
    CRS: no visible global function definition for ‘checkCRSArgs’
    explodePolygons: no visible global function definition for
     ‘createPolygonsComment’
Flavor: r-release-osx-x86_64-mavericks

Version: 1.0-15
Check: Rd cross-references
Result: NOTE
    Packages unavailable to check Rd xrefs: ‘rgeos’, ‘rgdal’, ‘maptools’
Flavor: r-release-osx-x86_64-mavericks